{"id":6,"date":"2021-03-23T11:01:41","date_gmt":"2021-03-23T14:01:41","guid":{"rendered":"https:\/\/uenf.br\/graduacao\/medicina-veterinaria\/?page_id=6"},"modified":"2025-08-26T09:32:25","modified_gmt":"2025-08-26T12:32:25","slug":"apresentacao","status":"publish","type":"page","link":"https:\/\/uenf.br\/graduacao\/medicina-veterinaria\/","title":{"rendered":"Apresenta\u00e7\u00e3o"},"content":{"rendered":"<p><img loading=\"lazy\" decoding=\"async\" class=\"wp-image-162 aligncenter\" src=\"https:\/\/uenf.br\/graduacao\/medicina-veterinaria\/wp-content\/uploads\/sites\/15\/2025\/01\/POST-SITE-COORDENACAO--212x300.jpg\" alt=\"\" width=\"358\" height=\"507\" srcset=\"https:\/\/uenf.br\/graduacao\/medicina-veterinaria\/wp-content\/uploads\/sites\/15\/2025\/01\/POST-SITE-COORDENACAO--212x300.jpg 212w, https:\/\/uenf.br\/graduacao\/medicina-veterinaria\/wp-content\/uploads\/sites\/15\/2025\/01\/POST-SITE-COORDENACAO--724x1024.jpg 724w, https:\/\/uenf.br\/graduacao\/medicina-veterinaria\/wp-content\/uploads\/sites\/15\/2025\/01\/POST-SITE-COORDENACAO--768x1086.jpg 768w, https:\/\/uenf.br\/graduacao\/medicina-veterinaria\/wp-content\/uploads\/sites\/15\/2025\/01\/POST-SITE-COORDENACAO--1086x1536.jpg 1086w, https:\/\/uenf.br\/graduacao\/medicina-veterinaria\/wp-content\/uploads\/sites\/15\/2025\/01\/POST-SITE-COORDENACAO-.jpg 1414w\" sizes=\"auto, (max-width: 358px) 100vw, 358px\" \/><\/p>\n<p>&nbsp;<\/p>\n<h1>Apresenta\u00e7\u00e3o<\/h1>\n<p style=\"text-align: justify\">Curso de Medicina Veterin\u00e1ria da UENF tem por objetivo formar um profissional generalista, humanista, cr\u00edtico e reflexivo, apto a compreender e traduzir as necessidades de indiv\u00edduos, grupos sociais e comunidades, com rela\u00e7\u00e3o \u00e0s atividades inerentes ao exerc\u00edcio profissional, no \u00e2mbito de seus campos espec\u00edficos de atua\u00e7\u00e3o em sa\u00fade animal e cl\u00ednica veterin\u00e1ria; saneamento ambiental e medicina veterin\u00e1ria preventiva, sa\u00fade p\u00fablica e inspe\u00e7\u00e3o e tecnologia de produtos de origem animal; zootecnia, produ\u00e7\u00e3o e reprodu\u00e7\u00e3o animal e ecologia e prote\u00e7\u00e3o ao meio ambiente. A proposta do nosso curso de Medicina Veterin\u00e1ria \u00e9 estabelecer a\u00e7\u00f5es pedag\u00f3gicas com base no desenvolvimento de condutas e de atitudes com responsabilidade t\u00e9cnica e social, tendo como princ\u00edpios: <i>o respeito ao bem-estar animal; a sustentabilidade ambiental; a observ\u00e2ncia da \u00e9tica; e o atendimento \u00e0s expectativas humanas e sociais no exerc\u00edcio das atividades profissionais.<\/i><\/p>\n<ul>\n<li style=\"font-weight: 400\"><strong>Dura\u00e7\u00e3o:<\/strong> 5 anos<\/li>\n<li style=\"font-weight: 400\"><strong>Per\u00edodo:<\/strong> diurno, tempo Integral<\/li>\n<li style=\"font-weight: 400\"><strong>C\u00f3digo do curso:<\/strong> 17725.<\/li>\n<li style=\"font-weight: 400\"><strong>N\u00famero de vagas:<\/strong> 40<\/li>\n<li style=\"font-weight: 400\"><strong>Modalidade do curso:<\/strong> Presencial<\/li>\n<li style=\"font-weight: 400\"><strong>Carga Hor\u00e1ria total:<\/strong> 4.607 (matriz 2013\/1)\u00a0 4619 (matriz 2023\/1)<\/li>\n<li style=\"font-weight: 400\"><strong>Resultados no ENADE 2022:<\/strong> 4<\/li>\n<li style=\"font-weight: 400\"><strong>Sistema de ingresso:<\/strong> Atrav\u00e9s do Sistema de Sele\u00e7\u00e3o Unificada (SiSU) gerenciado pelo MEC, ofertando 40 vagas para candidatos participantes do Exame Nacional de Ensino M\u00e9dio (Enem). A Universidade tamb\u00e9m\u00a0 oferece edital espec\u00edfico para o preenchimento de vagas por meio do sistema de reingresso, isen\u00e7\u00e3o de vestibular para portadores de diploma de n\u00edvel superior e de transfer\u00eancias internas e externas.<\/li>\n<li style=\"font-weight: 400\"><strong>Pol\u00edticas sociais da Universidade \u2013 A\u00e7\u00f5es afirmativas:<\/strong> Desde 2003 \u00e9 adotada a pol\u00edtica de reserva de vagas segundo aspectos \u00e9tnicos e sociais. Do total das 40 vagas anuais ofertadas pelo curso, 40% destinam-se ao atendimento de alunos oriundos da rede p\u00fablica de ensino, afrodescendentes e ind\u00edgenas.<\/li>\n<li style=\"font-weight: 400\"><strong>Localiza\u00e7\u00e3o:<\/strong> Universidade Estadual do Norte Fluminense Darcy Ribeiro, \u00a0Campus Leonel de Moura Brizola, Av Alberto Lamego, 2000, Parque California, Campos dos Goytacazes-RJ, CEP: 28013602<\/li>\n<\/ul>\n","protected":false},"excerpt":{"rendered":"<p>&nbsp; Apresenta\u00e7\u00e3o Curso de Medicina Veterin\u00e1ria da UENF tem por objetivo formar um profissional generalista, humanista, cr\u00edtico e reflexivo, apto&#8230;<\/p>\n","protected":false},"author":1,"featured_media":0,"parent":0,"menu_order":0,"comment_status":"closed","ping_status":"closed","template":"","meta":{"footnotes":""},"class_list":["post-6","page","type-page","status-publish","hentry"],"_links":{"self":[{"href":"https:\/\/uenf.br\/graduacao\/medicina-veterinaria\/wp-json\/wp\/v2\/pages\/6","targetHints":{"allow":["GET"]}}],"collection":[{"href":"https:\/\/uenf.br\/graduacao\/medicina-veterinaria\/wp-json\/wp\/v2\/pages"}],"about":[{"href":"https:\/\/uenf.br\/graduacao\/medicina-veterinaria\/wp-json\/wp\/v2\/types\/page"}],"author":[{"embeddable":true,"href":"https:\/\/uenf.br\/graduacao\/medicina-veterinaria\/wp-json\/wp\/v2\/users\/1"}],"replies":[{"embeddable":true,"href":"https:\/\/uenf.br\/graduacao\/medicina-veterinaria\/wp-json\/wp\/v2\/comments?post=6"}],"version-history":[{"count":0,"href":"https:\/\/uenf.br\/graduacao\/medicina-veterinaria\/wp-json\/wp\/v2\/pages\/6\/revisions"}],"wp:attachment":[{"href":"https:\/\/uenf.br\/graduacao\/medicina-veterinaria\/wp-json\/wp\/v2\/media?parent=6"}],"curies":[{"name":"wp","href":"https:\/\/api.w.org\/{rel}","templated":true}]}}