{"id":98,"date":"2021-06-28T09:36:32","date_gmt":"2021-06-28T12:36:32","guid":{"rendered":"https:\/\/uenf.br\/graduacao\/medicina-veterinaria\/?page_id=98"},"modified":"2021-06-28T09:36:32","modified_gmt":"2021-06-28T12:36:32","slug":"trabalho-de-conclusao-de-curso-tcc-e-estagio-curricular-obrigatorio","status":"publish","type":"page","link":"https:\/\/uenf.br\/graduacao\/medicina-veterinaria\/trabalho-de-conclusao-de-curso-tcc-e-estagio-curricular-obrigatorio\/","title":{"rendered":"Trabalho de Conclus\u00e3o de Curso (TCC) e Est\u00e1gio Curricular Obrigat\u00f3rio"},"content":{"rendered":"<p>Fa\u00e7a o download das normas para elabora\u00e7\u00e3o de projetos e tese <a href=\"https:\/\/uenf.br\/graduacao\/medicina-veterinaria\/wp-content\/uploads\/sites\/15\/2021\/06\/Normas-para-elaborac\u0327a\u0303o-de-projeto-e-tese.pdf\">aqui<\/a>.<\/p>\n<p>Fa\u00e7a o download do formul\u00e1rio de inscri\u00e7\u00e3o (monografia) <a href=\"https:\/\/uenf.br\/graduacao\/medicina-veterinaria\/wp-content\/uploads\/sites\/15\/2021\/06\/Formula\u0301rioInscric\u0327a\u0303oMono-I-1.doc\">aqui<\/a>.<\/p>\n","protected":false},"excerpt":{"rendered":"<p>Fa\u00e7a o download das normas para elabora\u00e7\u00e3o de projetos e tese aqui. Fa\u00e7a o download do formul\u00e1rio de inscri\u00e7\u00e3o (monografia)&#8230;<\/p>\n","protected":false},"author":24,"featured_media":0,"parent":0,"menu_order":0,"comment_status":"closed","ping_status":"closed","template":"","meta":{"footnotes":""},"class_list":["post-98","page","type-page","status-publish","hentry"],"_links":{"self":[{"href":"https:\/\/uenf.br\/graduacao\/medicina-veterinaria\/wp-json\/wp\/v2\/pages\/98","targetHints":{"allow":["GET"]}}],"collection":[{"href":"https:\/\/uenf.br\/graduacao\/medicina-veterinaria\/wp-json\/wp\/v2\/pages"}],"about":[{"href":"https:\/\/uenf.br\/graduacao\/medicina-veterinaria\/wp-json\/wp\/v2\/types\/page"}],"author":[{"embeddable":true,"href":"https:\/\/uenf.br\/graduacao\/medicina-veterinaria\/wp-json\/wp\/v2\/users\/24"}],"replies":[{"embeddable":true,"href":"https:\/\/uenf.br\/graduacao\/medicina-veterinaria\/wp-json\/wp\/v2\/comments?post=98"}],"version-history":[{"count":0,"href":"https:\/\/uenf.br\/graduacao\/medicina-veterinaria\/wp-json\/wp\/v2\/pages\/98\/revisions"}],"wp:attachment":[{"href":"https:\/\/uenf.br\/graduacao\/medicina-veterinaria\/wp-json\/wp\/v2\/media?parent=98"}],"curies":[{"name":"wp","href":"https:\/\/api.w.org\/{rel}","templated":true}]}}