{"id":2,"date":"2012-08-28T17:41:08","date_gmt":"2012-08-28T20:41:08","guid":{"rendered":"https:\/\/uenf.br\/graduacao\/pedagogia\/?page_id=2"},"modified":"2025-05-16T17:01:03","modified_gmt":"2025-05-16T20:01:03","slug":"informes","status":"publish","type":"page","link":"https:\/\/uenf.br\/graduacao\/pedagogia\/","title":{"rendered":"Informes"},"content":{"rendered":"<h2><img loading=\"lazy\" decoding=\"async\" class=\"alignnone size-medium wp-image-79\" src=\"https:\/\/uenf.br\/graduacao\/pedagogia\/wp-content\/uploads\/sites\/3\/2019\/10\/bg-header-sites-300x31.jpg\" alt=\"\" width=\"300\" height=\"31\" srcset=\"https:\/\/uenf.br\/graduacao\/pedagogia\/wp-content\/uploads\/sites\/3\/2019\/10\/bg-header-sites-300x31.jpg 300w, https:\/\/uenf.br\/graduacao\/pedagogia\/wp-content\/uploads\/sites\/3\/2019\/10\/bg-header-sites-768x80.jpg 768w, https:\/\/uenf.br\/graduacao\/pedagogia\/wp-content\/uploads\/sites\/3\/2019\/10\/bg-header-sites.jpg 1024w\" sizes=\"auto, (max-width: 300px) 100vw, 300px\" \/><\/h2>\n<h2 class=\"title_article\">Licenciatura em Pedagogia<\/h2>\n<p>O novo campo de atua\u00e7\u00e3o dos licenciados em Pedagogia lhes permitir\u00e1 atuar n\u00e3o somente na doc\u00eancia da educa\u00e7\u00e3o b\u00e1sica (ministrando aulas na Educa\u00e7\u00e3o Infantil, Anos Iniciais do Ensino Fundamental, Ensino M\u00e9dio Normal e Educa\u00e7\u00e3o Profissional), como tamb\u00e9m na Gest\u00e3o, Supervis\u00e3o e Orienta\u00e7\u00e3o da Educa\u00e7\u00e3o. O Pedagogo poder\u00e1 atuar ainda em experi\u00eancias educativas realizadas em empresas ou outros contextos n\u00e3o-escolares.<\/p>\n<p>Curso vespertino\/noturno- dura\u00e7\u00e3o 4 anos &#8211; 30 vagas anuais<\/p>\n<p>CPC &#8211; Conceito Preliminar de Curso: 4<\/p>\n<p>Coordenador: Prof\u00aa. Maria Eug\u00eania Ferreira Totti<\/p>\n<p>C\u00f3digo do curso: 101986<\/p>\n<p>pedagogia@uenf.br<\/p>\n<p>(22) 2748-6055<\/p>\n<p>&nbsp;<\/p>\n<p><a href=\"https:\/\/uenf.br\/graduacao\/pedagogia\/wp-content\/uploads\/sites\/3\/2024\/12\/PPC-Pedagogia-2023.pdf\">PPC Pedagogia 2023<\/a><\/p>\n<p><a href=\"https:\/\/uenf.br\/graduacao\/pedagogia\/wp-content\/uploads\/sites\/3\/2024\/12\/ANEXO-A.pdf\">ANEXO A<\/a><\/p>\n","protected":false},"excerpt":{"rendered":"<p>Licenciatura em Pedagogia O novo campo de atua\u00e7\u00e3o dos licenciados em Pedagogia lhes permitir\u00e1 atuar n\u00e3o somente na doc\u00eancia da&#8230;<\/p>\n","protected":false},"author":8,"featured_media":0,"parent":0,"menu_order":0,"comment_status":"closed","ping_status":"closed","template":"","meta":{"footnotes":""},"class_list":["post-2","page","type-page","status-publish","hentry"],"_links":{"self":[{"href":"https:\/\/uenf.br\/graduacao\/pedagogia\/wp-json\/wp\/v2\/pages\/2","targetHints":{"allow":["GET"]}}],"collection":[{"href":"https:\/\/uenf.br\/graduacao\/pedagogia\/wp-json\/wp\/v2\/pages"}],"about":[{"href":"https:\/\/uenf.br\/graduacao\/pedagogia\/wp-json\/wp\/v2\/types\/page"}],"author":[{"embeddable":true,"href":"https:\/\/uenf.br\/graduacao\/pedagogia\/wp-json\/wp\/v2\/users\/8"}],"replies":[{"embeddable":true,"href":"https:\/\/uenf.br\/graduacao\/pedagogia\/wp-json\/wp\/v2\/comments?post=2"}],"version-history":[{"count":0,"href":"https:\/\/uenf.br\/graduacao\/pedagogia\/wp-json\/wp\/v2\/pages\/2\/revisions"}],"wp:attachment":[{"href":"https:\/\/uenf.br\/graduacao\/pedagogia\/wp-json\/wp\/v2\/media?parent=2"}],"curies":[{"name":"wp","href":"https:\/\/api.w.org\/{rel}","templated":true}]}}