{"id":583,"date":"2017-10-20T23:50:04","date_gmt":"2017-10-21T01:50:04","guid":{"rendered":"https:\/\/uenf.br\/graduacao\/pibid\/?page_id=583"},"modified":"2019-08-28T10:08:21","modified_gmt":"2019-08-28T13:08:21","slug":"informes","status":"publish","type":"page","link":"https:\/\/uenf.br\/graduacao\/pibid\/apresentacao\/informes\/","title":{"rendered":"Informes"},"content":{"rendered":"<h1 style=\"text-align: center\"><span style=\"color: #ff0000\">ATEN\u00c7\u00c3O<\/span><\/h1>\n<p><strong>Normas para formata\u00e7\u00e3o do artigo do livro: <a href=\"https:\/\/uenf.br\/graduacao\/pibid\/livro-pibid\/\" target=\"_blank\" rel=\"noopener noreferrer\">aqui<\/a><\/strong><\/p>\n<p>&nbsp;<\/p>\n<hr \/>\n<p><a href=\"https:\/\/uenf.br\/graduacao\/pibid\/eventos\/agenda-de-eventos\/\" target=\"_blank\" rel=\"noopener noreferrer\"><strong>Pr\u00f3ximos eventos:<\/strong>\u00a0<\/a><\/p>\n<ul>\n<li><strong>II ENCONTRO DO PIBID &#8211;\u00a0<del>23 DE OUTUBRO DE 2017<\/del>\u00a0(<span style=\"color: #ff0000\">O evento foi adiado<\/span>)<\/strong><\/li>\n<li><strong>II Semin\u00e1rio Regional do PIBID \u2013 Regi\u00e3o Sudeste\/I Semin\u00e1rio Estadual do PIBID \u2013 Rio de Janeiro &#8211;\u00a0<\/strong><strong>16 a 18 de novembro de 2017<\/strong><\/li>\n<\/ul>\n","protected":false},"excerpt":{"rendered":"<p>ATEN\u00c7\u00c3O Normas para formata\u00e7\u00e3o do artigo do livro: aqui &nbsp; Pr\u00f3ximos eventos:\u00a0 II ENCONTRO DO PIBID &#8211;\u00a023 DE OUTUBRO DE&#8230;<\/p>\n","protected":false},"author":5,"featured_media":0,"parent":2,"menu_order":0,"comment_status":"closed","ping_status":"closed","template":"","meta":{"footnotes":""},"class_list":["post-583","page","type-page","status-publish","hentry"],"_links":{"self":[{"href":"https:\/\/uenf.br\/graduacao\/pibid\/wp-json\/wp\/v2\/pages\/583","targetHints":{"allow":["GET"]}}],"collection":[{"href":"https:\/\/uenf.br\/graduacao\/pibid\/wp-json\/wp\/v2\/pages"}],"about":[{"href":"https:\/\/uenf.br\/graduacao\/pibid\/wp-json\/wp\/v2\/types\/page"}],"author":[{"embeddable":true,"href":"https:\/\/uenf.br\/graduacao\/pibid\/wp-json\/wp\/v2\/users\/5"}],"replies":[{"embeddable":true,"href":"https:\/\/uenf.br\/graduacao\/pibid\/wp-json\/wp\/v2\/comments?post=583"}],"version-history":[{"count":0,"href":"https:\/\/uenf.br\/graduacao\/pibid\/wp-json\/wp\/v2\/pages\/583\/revisions"}],"up":[{"embeddable":true,"href":"https:\/\/uenf.br\/graduacao\/pibid\/wp-json\/wp\/v2\/pages\/2"}],"wp:attachment":[{"href":"https:\/\/uenf.br\/graduacao\/pibid\/wp-json\/wp\/v2\/media?parent=583"}],"curies":[{"name":"wp","href":"https:\/\/api.w.org\/{rel}","templated":true}]}}