{"id":192,"date":"2025-02-18T09:59:58","date_gmt":"2025-02-18T12:59:58","guid":{"rendered":"https:\/\/uenf.br\/posgraduacao\/agroecologia-e-desenvolvimentorural\/?page_id=192"},"modified":"2025-09-29T10:04:52","modified_gmt":"2025-09-29T13:04:52","slug":"livros","status":"publish","type":"page","link":"https:\/\/uenf.br\/posgraduacao\/agroecologia-e-desenvolvimentorural\/livros\/","title":{"rendered":"LIVROS"},"content":{"rendered":"<h2><strong><span style=\"color: #008000\">LIVROS com autores do programa de MPADRS<\/span><\/strong><\/h2>\n<p>T\u00edtulo: <a href=\"https:\/\/antigo.ufrr.br\/editora\/index.php\/editais?download=668\">NATUREZA, SOCIEDADE E OUTRAS ECONOMIAS: Reflex\u00f5es sobre gest\u00e3o territorial e sustentabilidade<\/a>.\u00a0 Autor: RODRIGO DA COSTA CAETANO &#8230;<\/p>\n<p>T\u00edtulo: <a href=\"https:\/\/drive.google.com\/file\/d\/1GpPzecXVgZEvXd8yCkNUzpNM809pXpZg\/view\">Comida local : benef\u00edcios e falhas<\/a>. Autor: FABIO CUNHA COELHO &#8230;<\/p>\n<p>T\u00edtulo:\u00a0 <a href=\"http:\/\/www.protecaodeplantas.ufv.br\/wp-content\/uploads\/2022\/02\/T%C3%B3picos-de-Manejo-Integrado-de-Pragas-I.pdf\">T\u00f3picos do Manejo Integrado de Pragas I.<\/a> Autor: GERSON ADRIANO SILVA &#8230;<\/p>\n<p>T\u00edtulo: Molecular characterization of humic substances and regulatory processes<br \/>\nactivated in plants. Autor: LUCIANO PASQUALOTO CANELLAS &#8230;<\/p>\n<p>T\u00edtulo: <a href=\"https:\/\/drive.google.com\/file\/d\/12pvcROIez2I4khg46Lgy0fOcLOg7cZ4Z\/view\">Forragem hidrop\u00f4nica &#8211; alternativa ecol\u00f3gica para suplementa\u00e7\u00e3o alimentar na produ\u00e7\u00e3o animal<\/a>. Autor: F\u00e1bio Cunha Coelho &#8230;<\/p>\n<p>T\u00edtulo: <a href=\"https:\/\/drive.google.com\/file\/d\/1jFLGA6mMCcs0QVC45l0PGoJMWaoEbS-L\/view?usp=sharing\">Sa\u00fade dos trabalhadores rurais relacionada ao uso de agrot\u00f3xicos<\/a>. Autor: F\u00e1bio Cunha Coelho &#8230;<\/p>\n<p>T\u00edtulo: <a href=\"https:\/\/drive.google.com\/file\/d\/1IUsNfy0eqf4Gl6LA85iQpjnZcIMvTDy9\/view\">Doen\u00e7a de Alzheimer &#8211; resultado de uma forte afinidade entre cobre e molibd\u00eanio?<\/a> Autor: F\u00e1bio Cunha Coelho &#8230;<\/p>\n<p>T\u00edtulo: <a href=\"https:\/\/drive.google.com\/file\/d\/13S2tGxdUIqJ4x_oS4Jud7chPJ1CTSPGk\/view\">Aduba\u00e7\u00e3o verde para a produ\u00e7\u00e3o agr\u00edcola com base ecol\u00f3gica em climas tropicais<\/a>. Autor: F\u00e1bio Cunha Coelho &#8230;<\/p>\n<h1><\/h1>\n<p>&nbsp;<\/p>\n","protected":false},"excerpt":{"rendered":"<p>LIVROS com autores do programa de MPADRS T\u00edtulo: NATUREZA, SOCIEDADE E OUTRAS ECONOMIAS: Reflex\u00f5es sobre gest\u00e3o territorial e sustentabilidade.\u00a0 Autor:&#8230;<\/p>\n","protected":false},"author":43,"featured_media":0,"parent":0,"menu_order":12,"comment_status":"closed","ping_status":"closed","template":"","meta":{"footnotes":""},"class_list":["post-192","page","type-page","status-publish","hentry"],"_links":{"self":[{"href":"https:\/\/uenf.br\/posgraduacao\/agroecologia-e-desenvolvimentorural\/wp-json\/wp\/v2\/pages\/192","targetHints":{"allow":["GET"]}}],"collection":[{"href":"https:\/\/uenf.br\/posgraduacao\/agroecologia-e-desenvolvimentorural\/wp-json\/wp\/v2\/pages"}],"about":[{"href":"https:\/\/uenf.br\/posgraduacao\/agroecologia-e-desenvolvimentorural\/wp-json\/wp\/v2\/types\/page"}],"author":[{"embeddable":true,"href":"https:\/\/uenf.br\/posgraduacao\/agroecologia-e-desenvolvimentorural\/wp-json\/wp\/v2\/users\/43"}],"replies":[{"embeddable":true,"href":"https:\/\/uenf.br\/posgraduacao\/agroecologia-e-desenvolvimentorural\/wp-json\/wp\/v2\/comments?post=192"}],"version-history":[{"count":0,"href":"https:\/\/uenf.br\/posgraduacao\/agroecologia-e-desenvolvimentorural\/wp-json\/wp\/v2\/pages\/192\/revisions"}],"wp:attachment":[{"href":"https:\/\/uenf.br\/posgraduacao\/agroecologia-e-desenvolvimentorural\/wp-json\/wp\/v2\/media?parent=192"}],"curies":[{"name":"wp","href":"https:\/\/api.w.org\/{rel}","templated":true}]}}