{"id":203,"date":"2025-02-19T17:34:01","date_gmt":"2025-02-19T20:34:01","guid":{"rendered":"https:\/\/uenf.br\/posgraduacao\/agroecologia-e-desenvolvimentorural\/?page_id=203"},"modified":"2025-02-19T17:34:01","modified_gmt":"2025-02-19T20:34:01","slug":"artigos-cientificos","status":"publish","type":"page","link":"https:\/\/uenf.br\/posgraduacao\/agroecologia-e-desenvolvimentorural\/artigos-cientificos\/","title":{"rendered":"Artigos cient\u00edficos"},"content":{"rendered":"<h2><span style=\"color: #008000\">ARTIGOS CIENT\u00cdFICOS<\/span><\/h2>\n<p><a href=\"https:\/\/www.interscienceplace.org\/index.php\/isp\/article\/view\/555\">INDICADORES DAS RENDAS PETROL\u00cdFERAS DA BACIA DE CAMPOS: TESTAGEM \u00c0 LUZ DA QUALIDADE E DA VIABILIDADE NAS MUNICIPALIDADES<\/a>; 01\/01\/2023; INTERSCIENCE PLACE; 18; 2; 105-127; 2023<\/p>\n<p><a href=\"https:\/\/seer.ufu.br\/index.php\/campoterritorio\/article\/view\/65124\">ULTRAJANTE QUEST\u00c3O AGR\u00c1RIA: a perman\u00eancia do latif\u00fandio no Brasil<\/a>; \u00a0CAMPO &#8211; TERRIT\u00d3RIO; 17; 1; 437-454; 2022<\/p>\n<p><a href=\"https:\/\/publicacoes.agb.org.br\/terralivre\/article\/view\/2272\">PANORAMA DA ORGANIZA\u00c7\u00c3O DO MST POR MEIO DE MATERIAIS FORMATIVOS: REFLEX\u00d5ES \u00c0 PR\u00c1XIS DA EDUCA\u00c7\u00c3O AMBIENTAL CR\u00cdTICA<\/a>; TERRA LIVRE (ONLINE); 1; 58; 442-469; 2022<\/p>\n<p><a href=\"https:\/\/pmc.ncbi.nlm.nih.gov\/articles\/PMC7356523\/#:~:text=Recent%20studies%20revealed%20that%20the,a%20susceptibility%20to%20copper%20exposure.\">Agricultural Use of Copper and Its Link to Alzheimer&#8217;s Disease<\/a>; BIOMOLECULES; 10; 6; 2020; [http:\/\/https:\/\/doi.org\/10.3390\/biom10060897][doi:10.3390\/biom10060897];<\/p>\n","protected":false},"excerpt":{"rendered":"<p>ARTIGOS CIENT\u00cdFICOS INDICADORES DAS RENDAS PETROL\u00cdFERAS DA BACIA DE CAMPOS: TESTAGEM \u00c0 LUZ DA QUALIDADE E DA VIABILIDADE NAS MUNICIPALIDADES;&#8230;<\/p>\n","protected":false},"author":43,"featured_media":0,"parent":0,"menu_order":11,"comment_status":"closed","ping_status":"closed","template":"","meta":{"footnotes":""},"class_list":["post-203","page","type-page","status-publish","hentry"],"_links":{"self":[{"href":"https:\/\/uenf.br\/posgraduacao\/agroecologia-e-desenvolvimentorural\/wp-json\/wp\/v2\/pages\/203","targetHints":{"allow":["GET"]}}],"collection":[{"href":"https:\/\/uenf.br\/posgraduacao\/agroecologia-e-desenvolvimentorural\/wp-json\/wp\/v2\/pages"}],"about":[{"href":"https:\/\/uenf.br\/posgraduacao\/agroecologia-e-desenvolvimentorural\/wp-json\/wp\/v2\/types\/page"}],"author":[{"embeddable":true,"href":"https:\/\/uenf.br\/posgraduacao\/agroecologia-e-desenvolvimentorural\/wp-json\/wp\/v2\/users\/43"}],"replies":[{"embeddable":true,"href":"https:\/\/uenf.br\/posgraduacao\/agroecologia-e-desenvolvimentorural\/wp-json\/wp\/v2\/comments?post=203"}],"version-history":[{"count":0,"href":"https:\/\/uenf.br\/posgraduacao\/agroecologia-e-desenvolvimentorural\/wp-json\/wp\/v2\/pages\/203\/revisions"}],"wp:attachment":[{"href":"https:\/\/uenf.br\/posgraduacao\/agroecologia-e-desenvolvimentorural\/wp-json\/wp\/v2\/media?parent=203"}],"curies":[{"name":"wp","href":"https:\/\/api.w.org\/{rel}","templated":true}]}}