{"id":1265,"date":"2020-07-31T19:22:47","date_gmt":"2020-07-31T22:22:47","guid":{"rendered":"http:\/\/uenf.br\/posgraduacao\/biociencias-biotecnologia\/?page_id=1265"},"modified":"2023-10-18T00:12:45","modified_gmt":"2023-10-18T03:12:45","slug":"ano-2016","status":"publish","type":"page","link":"https:\/\/uenf.br\/posgraduacao\/biociencias-biotecnologia\/teses-defendidas\/ano-2016\/","title":{"rendered":"Ano 2016"},"content":{"rendered":"<p>&nbsp;<\/p>\n<p><strong>TESE DE DOUTORADO<\/strong><\/p>\n<ul>\n<li>Clique no autor para acessar a tese completa<\/li>\n<\/ul>\n<p><strong>1- <a href=\"https:\/\/uenf.br\/posgraduacao\/biociencias-biotecnologia\/wp-content\/uploads\/sites\/12\/2020\/08\/Tese-DS_Antonio-Francisco-Alves-da-Silva_Matr-11112004-33_Vers\u00e3o-Final.pdf\">Antonio Francisco Alves da Silva<\/a><\/strong><\/p>\n<p><strong>Data:<\/strong> 28\/01\/2016<\/p>\n<p><strong>T\u00edtulo:<\/strong>\u201cPerfis de express\u00e3o monoal\u00e9lica em genes candidatos ao <em>imprinting<\/em>gen\u00f4mico no cromossomo 21 e altera\u00e7\u00f5es epigen\u00e9ticas na S\u00edndrome de Down\u201d<\/p>\n<p><strong>Orientador: <\/strong>Dr. Enrique Medina-Acosta \u2013 LBT-NUDIM\/CBB<\/p>\n<p><strong>Banca:<\/strong><\/p>\n<p>Dr. Filipe Brum Machado \u2013 LBT-NUDIM\/CBB (co-orientador)<\/p>\n<p>Dr<sup>a<\/sup>. Regina C\u00e9lia de Souza Campos \u2013 FMC<\/p>\n<p>Dr<sup>a<\/sup>. Cl\u00e1udia Caixeta Franco Andrade \u2013 USP-FMRP<\/p>\n<p>Dr<sup>a<\/sup>. Cl\u00edciaGrativol Gaspar \u2013 LQFPP\/CBB<\/p>\n<p>____________________________________________________________________________________<\/p>\n<p><strong>2<\/strong>&#8211; <a href=\"https:\/\/uenf.br\/posgraduacao\/biociencias-biotecnologia\/wp-content\/uploads\/sites\/12\/2020\/08\/AN\u00c1LISE-ELEMENTAR-DE-MATERIAL-PARTICULADO-Martha-L.-Oliveira-2016.pdf\">\u00a0<\/a><strong><a href=\"https:\/\/uenf.br\/posgraduacao\/biociencias-biotecnologia\/wp-content\/uploads\/sites\/12\/2020\/08\/AN\u00c1LISE-ELEMENTAR-DE-MATERIAL-PARTICULADO-Martha-L.-Oliveira-2016.pdf\">MARTHA<\/a><a href=\"https:\/\/uenf.br\/posgraduacao\/biociencias-biotecnologia\/wp-content\/uploads\/sites\/12\/2020\/08\/AN\u00c1LISE-ELEMENTAR-DE-MATERIAL-PARTICULADO-Martha-L.-Oliveira-2016.pdf\"> LIMA DE OLIVEIRA<\/a><\/strong><\/p>\n<p><strong>Data<\/strong>: 28\/01\/2016<\/p>\n<p><strong>T\u00edtulo:<\/strong>\u201cAn\u00e1lise elementar de material particulado atmosf\u00e9rico em Campos dos Goytacazes e hidrosf\u00e9rico no estu\u00e1rio do Rio Para\u00edba do Sul\u201d<\/p>\n<p><strong>Orientador:<\/strong> Dr. Ed\u00e9sio Jos\u00e9 Ten\u00f3rio de Melo \u2013 LBCT\/CBB<\/p>\n<p><strong>Banca:<\/strong><\/p>\n<p>Dr<sup>a<\/sup>. Cl\u00e1udia Franca Barros \u2013 Jardim Bot\u00e2nico do Rio de Janeiro<\/p>\n<p>Dr. Edm\u00edlson Jos\u00e9 Maria \u2013 LCQUI \/ CCT<\/p>\n<p>Dr. \u00c1lvaro Ramon Coelho Orvalle \u2013 LCA\/CBB<\/p>\n<p>______________________________________________________________________________________<\/p>\n<p><strong>3<\/strong>&#8211; <strong><a href=\"https:\/\/uenf.br\/posgraduacao\/biociencias-biotecnologia\/wp-content\/uploads\/sites\/12\/2020\/08\/Tese-Ana-Paula-de-Souza-Rios.pdf\">Ana Paula de Souza Rios<\/a><\/strong><\/p>\n<p><strong>Data:<\/strong>25\/02\/2016<\/p>\n<p><strong>T\u00edtulo: <\/strong>\u201cMorfog\u00eanese <em>in vitro<\/em> e germina\u00e7\u00e3o em arb\u00f3reas nativas da Mata Atl\u00e2ntica amea\u00e7adas de extin\u00e7\u00e3o\u201d<\/p>\n<p><strong>Orientador:<\/strong>Dr<sup>a<\/sup>. Claudete Santa Catarina \u2013 LBCT\/CBB<\/p>\n<p><strong>Banca:<\/strong><\/p>\n<p>Dr. Vanildo Silveira \u2013 LBT\/CBB(Co-orientador)<\/p>\n<p>Dr<sup>a<\/sup>. Beatriz dos Santos Ferreira &#8211; CEDERJ<\/p>\n<p>Dr<sup>a<\/sup>. Olga Lima Machado Tavares \u2013 LQFPP\/CBB<\/p>\n<p>Dr<sup>a<\/sup>. Maura da Cunha \u2013 LBCT\/CBB<\/p>\n<p>_____________________________________________________________________________________<\/p>\n<p><strong>4<\/strong>&#8211;<strong><a href=\"https:\/\/uenf.br\/posgraduacao\/biociencias-biotecnologia\/wp-content\/uploads\/sites\/12\/2020\/08\/keila-dutra.pdf\">KEILLA DOS REIS DUTRA FERREIRA<\/a>\u00a0 \u00a0 \u00a0 \u00a0 \u00a0 \u00a0 \u00a0 \u00a0 \u00a0 \u00a0 \u00a0 \u00a0 \u00a0 \u00a0 \u00a0 \u00a0 \u00a0 \u00a0<\/strong><\/p>\n<p><strong>Data:<\/strong>13\/04\/2016<\/p>\n<p><strong>T\u00edtulo:<\/strong>\u201cMODULA\u00c7\u00c3O DA TRANSI\u00c7\u00c3O DIM\u00d3RFICA DE <em>Yarrowialipolytica<\/em>.\u201d<\/p>\n<p><strong>Orientador:<\/strong>Dr<sup>a<\/sup> Anna LvovnaOkorokova Fa\u00e7anha\u2013 LFBM\/CBB<\/p>\n<p><strong>Banca:<\/strong><\/p>\n<p>Dr<sup>a<\/sup> Valdirene Moreira Gomes \u2013 LFBM\/CBB<\/p>\n<p>Dr. Cl\u00f3vis de Paula Santos \u2013 LBCT\/CBB<\/p>\n<p>Dr. Marco Ant\u00f4nio Lopes Cruz \u2013 NUPEM\/UFRJ<\/p>\n<p>_______________________________________________________________________________________<\/p>\n<p><strong>5<\/strong>&#8211;<a href=\"https:\/\/uenf.br\/posgraduacao\/biociencias-biotecnologia\/wp-content\/uploads\/sites\/12\/2020\/08\/Tese-Renato-Martins.pdf\"><strong>RENATO MARTINS DA SILVA<\/strong> <\/a><strong>\u00a0 \u00a0 \u00a0 \u00a0 \u00a0 \u00a0 \u00a0 \u00a0 \u00a0 \u00a0 \u00a0 \u00a0 \u00a0 \u00a0 \u00a0 \u00a0 \u00a0 \u00a0\u00a0<\/strong><\/p>\n<p><strong>Data:<\/strong>15\/04\/2016<\/p>\n<p><strong>T\u00edtulo: <\/strong>\u201cA gliconeog\u00eanese como uma via metab\u00f3lica estrat\u00e9gica para manuten\u00e7\u00e3o energ\u00e9tica em artr\u00f3podes.<strong>\u201d<\/strong><\/p>\n<p><strong>Orientador:<\/strong>Dr. Carlos Jorge Logullo de Oliveira \u2013 LQFPP\/CBB<strong>\u00a0<\/strong><\/p>\n<p><strong>Banca:<\/strong><\/p>\n<p>Dr. Jos\u00e9 Roberto da Silva \u2013 UFRJ\/MACA\u00c9<\/p>\n<p>Dr. Arnoldo R. Fa\u00e7anha \u2013 LBCT\/CBB<\/p>\n<p>Dr. Nelder de Figueiredo Gontijo &#8211; UFMG<\/p>\n<p>________________________________________________________________________________________<\/p>\n<p><strong>6<\/strong>&#8211;<strong><a href=\"https:\/\/uenf.br\/posgraduacao\/biociencias-biotecnologia\/wp-content\/uploads\/sites\/12\/2020\/08\/TESE-BIANCA.pdf\">BIANCA MAGNELLI MANGIAVACCHI<\/a><\/strong><\/p>\n<p><strong>Data:<\/strong> 19\/04\/2016<\/p>\n<p><strong>T\u00edtulo: <\/strong>\u201cImunoglobulinas ant\u00edgeno-espec\u00edficos em amostras de fluidos corporais de bin\u00f4mio m\u00e3e-filho relacionados com a ingest\u00e3o de cistos teciduais <em>versus<\/em> oocistos na infec\u00e7\u00e3o toxopl\u00e1smica.\u201d<\/p>\n<p><strong>Orientador:<\/strong>Dr\u00aa L\u00edlian Maria Garcia Bahia de Oliveira \u2013 LBR\/CBB<\/p>\n<p><strong>Banca:<\/strong><\/p>\n<p>Dr. Renato Augusto DaMatta \u2013 LBCT\/CBB<\/p>\n<p>Dr<sup>a<\/sup> Alba Luc\u00ednia Peixoto Rangel \u2013 LBR\/CBB<\/p>\n<p>Dr\u00aa Annelise Maria de Oliveira Wilken de Abreu \u2013 FMC<\/p>\n<p>______________________________________________________________________________________<\/p>\n<p><strong>7- LAYLA JANAINA HISSA BORGES<\/strong><\/p>\n<p><strong>Data:<\/strong> 19\/04\/2016<\/p>\n<p><strong>T\u00edtulo:<\/strong>\u201cESTUDOS <em>IN VITRO<\/em> E <em>IN VIVO<\/em> DA ATIVIDADE ANTINEOPL\u00c1SICA DO COMPLEXO CuHBPA CONTRA AS LINHAGENS CELULARES DE LEUCEMIA HUMANA THP-1 E MELANOMA MURINO B16-F10.\u201d<\/p>\n<p><strong>Orientador:<\/strong>Dr. Milton Masahiko Kanashiro \u2013 LBR\/CBB<\/p>\n<p><strong>Banca:<\/strong><\/p>\n<p>Dra. Maria Raquel Garcia Vega\u00a0\u2013 UENF\/CCT\/LCQUI<\/p>\n<p>Dr<sup>a<\/sup> Alba Luc\u00ednia Peixoto Rangel \u2013 LBR\/CBB<\/p>\n<p>Dr. Maur\u00edcio Afonso Ver\u00edcimo &#8211; UFF<\/p>\n<p>______________________________________________________________________________________<\/p>\n<p><strong>8<\/strong>&#8211;<strong><a href=\"https:\/\/uenf.br\/posgraduacao\/biociencias-biotecnologia\/wp-content\/uploads\/sites\/12\/2020\/08\/Tese-2016-Revisada-David.pdf\">DAVID GITIRANA DA ROCHA<\/a><\/strong><\/p>\n<p><strong>Data:<\/strong> 20\/04\/2016<\/p>\n<p><strong>T\u00edtulo:<\/strong>\u201cAnticorpos IgY de Galinhas Poedeiras: Evolu\u00e7\u00e3o Durante o Processo de Imuniza\u00e7\u00e3o Na Produ\u00e7\u00e3o de Soros Antiof\u00eddicos.\u201d<\/p>\n<p><strong>Orientador:<\/strong>Dr. Wilmar Dias da Silva \u2013 BUTANTAN \/SP<\/p>\n<p><strong>Banca:<\/strong><\/p>\n<p>Dra. Elena Lassounskaia \u2013 LBR\/CBB<\/p>\n<p>Dr. Milton Masahiko Kanashiro \u2013 LBR\/CBB<\/p>\n<p>Dr. Osvaldo Augusto Brazil Esteves Sant&#8217;Anna \u2013 BUTANTAN<\/p>\n<p>Dra. Mariana Novo Nunes Campos \/ Hospital Geral de Guarus<\/p>\n<p>____________________________________________________________________________<\/p>\n<p><strong>9<\/strong>&#8211;<strong><a href=\"https:\/\/uenf.br\/posgraduacao\/biociencias-biotecnologia\/wp-content\/uploads\/sites\/12\/2020\/08\/Tese-de-Doutorado-Gabriel-Taveira-Vers\u00e3o-Final-01-08-16.pdf\">GABRIEL BONAN TAVEIRA<\/a>\u00a0<\/strong><\/p>\n<p><strong>Data:<\/strong> 28\/04\/2016<\/p>\n<p><strong>T\u00edtulo:<\/strong>\u201c<em>Ca<\/em>Thi, PEPT\u00cdDEO SIMILAR A TIONINA DE FRUTOS DE <em>Capsicumannuum<\/em> L.: CARACTERIZA\u00c7\u00c3O, ATIVIDADE ANTIMICROBIANA E SINERG\u00cdSTICA E MECANISMO DE A\u00c7\u00c3O SOBRE FUNGOS.\u201d<\/p>\n<p><strong>Orientador:<\/strong>Dr\u00aa Valdirene Moreira Gomes \u2013 LFBM\/CBB<\/p>\n<p><strong>Banca:<\/strong><\/p>\n<p>Dr. Alessandro Ramos Coutinho \u2013 LFBM\/CBB<\/p>\n<p>Dr\u00aa K\u00e1tia Valevski Sales Fernandes \u2013 LQFPP\/CBB<\/p>\n<p>Dr\u00aa Michelle Fraz\u00e3o Muzitano \u2013 UFRJ\/MACA\u00c9<\/p>\n<p>____________________________________________________________________________<\/p>\n<p><strong>10<\/strong>&#8211;<strong><a href=\"https:\/\/uenf.br\/posgraduacao\/biociencias-biotecnologia\/wp-content\/uploads\/sites\/12\/2020\/08\/Tese-Final-Renato.pdf\">JULIANA COSTA DE AZEVEDO HUZIWARA<\/a>\u00a0\u00a0<\/strong><\/p>\n<p><strong>Data:<\/strong> 31\/05\/2016<\/p>\n<p><strong>T\u00edtulo:<\/strong>\u201cENVOLVIMENTO DO \u00d3XIDO N\u00cdTRICO E DA AUTOFAGIA NA INIBI\u00c7\u00c3O DO CRESCIMENTO DE <em>TOXOPLASMA GONDII <\/em>EM C\u00c9LULAS EPITELIAIS INTESTINAIS.\u201d<\/p>\n<p><strong>Orientador:<\/strong>Dr. Renato Augusto DaMatta \u2013 LBCT\/CBB<\/p>\n<p><strong>Banca:<\/strong><\/p>\n<p>Dr. Marco Cesar Cunegundes Guimar\u00e3es &#8211; UFES<\/p>\n<p>Dr\u00aa Alba Luc\u00ednia Peixoto Rangel \u2013 LBR\/CBB<\/p>\n<p>Dr. Cl\u00f3vis de Paula Santos \u2013 LBCT\/CBB<\/p>\n<p>_________________________________________________________________________________<\/p>\n<p><strong>11<\/strong>&#8211;<strong><a href=\"https:\/\/uenf.br\/posgraduacao\/biociencias-biotecnologia\/wp-content\/uploads\/sites\/12\/2020\/08\/tese.viviane.perdizio.pdf\">VIVIANE ABRANTES PERDIZIO<\/a>\u00a0<\/strong><\/p>\n<p><strong>Data:<\/strong> 04\/07\/2016<\/p>\n<p><strong>T\u00edtulo:<\/strong>\u201cAbordagem prote\u00f4mica na investiga\u00e7\u00e3o dos mecanismos de defesa em maracuj\u00e1.\u201d<\/p>\n<p><strong>Orientador:<\/strong>Dr\u00aa T\u00e2nia Jacinto Freitas da Silva \u2013 LBT\/CBB<\/p>\n<p><strong>Banca:<\/strong><\/p>\n<p>Dr. Jos\u00e9 Roberto da Silva \u2013 UFRJ\/Maca\u00e9<\/p>\n<p>Dr\u00aa Tatiana Santos Barroso \u2013 LBT\/CBB<\/p>\n<p>Dr<sup>a<\/sup> Fernanda Abreu Santana \u2013 LMGV\/CCTA<\/p>\n<p>__________________________________________________________________________________<\/p>\n<p><strong>12<\/strong>&#8211;<strong><a href=\"https:\/\/uenf.br\/posgraduacao\/biociencias-biotecnologia\/wp-content\/uploads\/sites\/12\/2020\/08\/Tese-Layz-Ribeiro-da-Silva-Teixeira.pdf\">Layz Ribeiro da Silva Teixeira<\/a><\/strong><\/p>\n<p><strong>Data:<\/strong> 07\/07\/2016<\/p>\n<p><strong>T\u00edtulo<\/strong>:\u201cA INFLU\u00caNCIA DA CALCINEURINA SOBRE A ATIVA\u00c7\u00c3O DE P E V H<sup>+<\/sup>-ATPases PELA GLICOSE EXTRACELULAR NA LEVEDURA <em>Saccharomycescerevisiae.<\/em>\u201d<\/p>\n<p><strong>Orientador:<\/strong><\/p>\n<p>Dr. Arnoldo Rocha Fa\u00e7anha \u2013 LBCT\/CBB<\/p>\n<p>Dr. Lev AlexandrovitchOkorokov \u2013 LFBM\/CBB (Co-orientador)<\/p>\n<p><strong>Banca:<\/strong><\/p>\n<p>Dr. Alessandro Coutinho Ramos \u2013 LFBM\/CBB<\/p>\n<p>Dr. Andr\u00e9 Lacerda de Abreu Oliveira \u2013 LSA\/CCTA<\/p>\n<p>Dr. Carlos Eduardo de Souza Teodoro \u2013 UFF\/VEA<\/p>\n<p>____________________________________________________________________________________<\/p>\n<p><strong>13-<a href=\"https:\/\/uenf.br\/posgraduacao\/biociencias-biotecnologia\/wp-content\/uploads\/sites\/12\/2020\/08\/Tese-Thais-Louvain-de-Souza.pdf\">Thais Louvain de Souza<\/a><\/strong><\/p>\n<p><strong>Data:<\/strong> 07\/07\/2016<\/p>\n<p><strong>T\u00edtulo<\/strong>:\u201cIDENTIFICA\u00c7\u00c3O DE MUTA\u00c7\u00c3O IN\u00c9DITA c.21G&gt;A (W7X) NO GENE <em>IL12RB1<\/em> EM PACIENTES COM DOEN\u00c7A MENDELIANA DE SUSCETIBILIDADE \u00c0S MICOBACTERIOSES NO NORTE FLUMINENSE<em>.<\/em>\u201d<\/p>\n<p><strong>Orientador:<\/strong><\/p>\n<p>Dr. Enrique Medina-Acosta \u2013 LBT\/CBB (Orientador)<\/p>\n<p>Dr\u00aa Regina C\u00e9lia de S. Campos Fernandes \u2013 FMC (Co-Orientadora)<\/p>\n<p><strong>Banca:<\/strong><\/p>\n<p>Dr. Clemax Couto Sant\u2019anna \u2013 UFRJ<\/p>\n<p>Dr\u00aa Andrea Cristina Vet\u00f6Arnholdt \u2013 LBR\/CBB<\/p>\n<p>Dr\u00aa Elena Lassounskaia<strong>\u2013 <\/strong>LBR\/CBB<\/p>\n<p>_______________________________________________________________________________<\/p>\n<p><strong>14<\/strong>&#8211;<strong><a href=\"https:\/\/uenf.br\/posgraduacao\/biociencias-biotecnologia\/wp-content\/uploads\/sites\/12\/2020\/08\/Tese-Julia-Ribeiro-Soares.pdf\">Julia Ribeiro Soares<\/a><\/strong><\/p>\n<p><strong>Data:<\/strong> 29\/07\/2016<\/p>\n<p><strong>T\u00edtulo<\/strong>:\u201cINTERA\u00c7\u00c3O ENTRE A DEFENSINA DE PLANTA ApDef1 E SACCHAROMYCES CEREVISIAE PROVOCA UM ESTRESSE OXIDATIVO DESCONTROLADO POR UM PROCESSO DEPENDENTE DO CICLO CELULAR E DE CASPASES<em>.<\/em>\u201d<\/p>\n<p><strong>Orientador:<\/strong>Dr. Andr\u00e9 de Oliveira Carvalho \u2013 LFBM\/CBB<\/p>\n<p>Dr. Enrique Medina-Acosta \u2013 LBT\/CBB (Orientador)<\/p>\n<p>Dr\u00aa Regina C\u00e9lia de S. Campos Fernandes \u2013 FMC (Co-Orientadora)<\/p>\n<p><strong>Banca:<\/strong><\/p>\n<p>Dr. Jos\u00e9 Roberto da Silva &#8211; UFRJ<\/p>\n<p>Dr\u00aa Ant\u00f4nia Elenir Am\u00e2ncio Oliveira \u2013 LQFPP\/CBB<\/p>\n<p>Dr. Alessandro Coutinho Ramos \u2013 LFBM\/CBB<\/p>\n<p>___________________________________________________________________________________<\/p>\n<p><strong>15-<a href=\"https:\/\/uenf.br\/posgraduacao\/biociencias-biotecnologia\/wp-content\/uploads\/sites\/12\/2020\/08\/Tese-final-B.pdf\">LETICIA OLIVEIRA DA ROCHA<\/a><\/strong><\/p>\n<p><strong>Data:<\/strong> 29\/08\/2016<\/p>\n<p><strong>T\u00edtulo<\/strong>:\u201c<em>Cymbopogoncitratus<\/em> (DC) Stapf e <em>Alliumsativum<\/em> L.: Avalia\u00e7\u00e3o da Atividade Nematicida, Toxicidade e Altera\u00e7\u00f5es Morfol\u00f3gicas e Ultraestruturais sobre Nematoides Gastrintestinais<em>.<\/em>\u201d<\/p>\n<p><strong>Orientador<\/strong>:Dr. Cl\u00f3vis de Paula Santos \u2013 LBCT\/CBB<\/p>\n<p><strong>Banca:<\/strong><\/p>\n<p>Dr\u00aaAleksandra Menezes de Oliveira \u2013 UFRJ\/MACA\u00c9<\/p>\n<p>Dr\u00aaMaria Ang\u00e9lica Vieira da Costa Pereira \u2013LSA\/CCTA<\/p>\n<p>Dr. Renato Augusto DaMatta \u2013 LBCT\/CBB<\/p>\n<p>_____________________________________________________________________________________<\/p>\n<p><strong>16<\/strong>&#8211;<strong><a href=\"https:\/\/uenf.br\/posgraduacao\/biociencias-biotecnologia\/wp-content\/uploads\/sites\/12\/2020\/08\/trabalho-capes.pdf\">FABRICIO MOREIRA ALMEIDA<\/a>\u00a0<\/strong><\/p>\n<p><strong>Data:<\/strong> 22\/09\/2016<\/p>\n<p><strong>T\u00edtulo<\/strong>:<strong>\u201c<\/strong>Efeitos imunomodulat\u00f3rios das c\u00e9lulas-tronco mesenquimais na patogenia da tuberculose e perspectivas de interven\u00e7\u00e3o terap\u00eautica<strong><em>.<\/em><\/strong><strong>\u201d<\/strong><\/p>\n<p><strong>Orientador<\/strong>:Dr\u00aa Elena Lassounskaia \u2013 LBR\/CBB<\/p>\n<p><strong>Banca:<\/strong><\/p>\n<p>Dra. Alba Luc\u00ednia Peixoto Rangel \u2013 LBR\/CBB<\/p>\n<p>Dr. Arthur GiraldiGuimar\u00e3es \u2013 LBCT\/CBB<\/p>\n<p>Dra. Regina C\u00e9lia de Souza Campos Fernandes \u2013 FMC<\/p>\n<p>______________________________________________________________________________<\/p>\n<p><strong>17<\/strong>&#8211;<strong><a href=\"https:\/\/uenf.br\/posgraduacao\/biociencias-biotecnologia\/wp-content\/uploads\/sites\/12\/2020\/08\/TESE-FINAL-2-NOV-1.pdf\">JORDANA ANDRIOLI SALGADO<\/a>\u00a0<\/strong><\/p>\n<p><strong>Data:<\/strong> \u00a0 30\/09\/2016<\/p>\n<p><strong>T\u00edtulo<\/strong>:<strong>\u201c<\/strong>NEMATOIDES GASTROINTESTINAIS DE OVINOS DO RIO DE JANEIRO: DIAGN\u00d3STICO, PREVAL\u00caNCIA, RESIST\u00caNCIA ANTI-HELM\u00cdNTICA E CONTROLE<strong><em>.<\/em><\/strong><strong>\u201d<\/strong><\/p>\n<p><strong>Orientador<\/strong>:<\/p>\n<p>Dr. Cl\u00f3vis de Paula Santos \u2013 LBCT\/CBB<\/p>\n<p><strong>Banca:<\/strong><\/p>\n<p>Dr\u00aa Isabela Vilhena Freitas Martins &#8211; UFES<\/p>\n<p>Dr\u00aa Maria Ang\u00e9lica Vieira da Costa Pereira &#8211; CCTA\/UENF<\/p>\n<p>Dr. Renato Augusto DaMatta \u2013 CBB\/UENF<\/p>\n<p>____________________________________________________________________________________<\/p>\n<p><strong>18<\/strong>&#8211;<strong><a href=\"https:\/\/uenf.br\/posgraduacao\/biociencias-biotecnologia\/wp-content\/uploads\/sites\/12\/2020\/08\/Tese-Jackellinne-Caetano-Douetts-Peres-2016.pdf\">JACKELLINNE CAETANO DOUETTS PERES\u00a0<\/a><\/strong><\/p>\n<p><strong>Data:<\/strong> \u00a0 24\/10\/2016<\/p>\n<p><strong>T\u00edtulo<\/strong>:\u201cIdentifica\u00e7\u00e3o e caracteriza\u00e7\u00e3o da AaMps1 e an\u00e1lise prote\u00f4mica comparativa durante o controle do ciclo celular na embriog\u00eanese som\u00e1tica de <em>Araucariaangustifolia<\/em> (Bert.) O. Ktze.\u201d<\/p>\n<p><strong>Orientador<\/strong>:<\/p>\n<p>Dr\u00aa Claudete Santa Catarina \u2013 LBCT\/CBB<\/p>\n<p>Dr. Marco Ant\u00f4nio Lopes Cruz (Co-Orientador) \u2013 UFRJ.<\/p>\n<p><strong>Banca:<\/strong><\/p>\n<p>Dr\u00aaElane da Silva Ribeiro\u2013 UFRJ\/Maca\u00e9<\/p>\n<p>Dr\u00aaAnt\u00f4nia Elenir Am\u00e2ncio Oliveira &#8211; LQFPP\/CBB<\/p>\n<p>Dr\u00aa Maura da Cruz \u2013 LBCT\/CBB<\/p>\n<p>___________________________________________________________________________________<\/p>\n<p><strong>19<\/strong>&#8211;<strong><a href=\"https:\/\/uenf.br\/posgraduacao\/biociencias-biotecnologia\/wp-content\/uploads\/sites\/12\/2020\/08\/Tese-Doutorado-Daniel-Bellieny-Rabelo.pdf\">Daniel Bellieny Rabelo<\/a><\/strong><\/p>\n<p><strong>Data:<\/strong>\u00a0 \u00a025\/10\/2016<\/p>\n<p><strong>T\u00edtulo<\/strong>:\u201c\u201c<em>An\u00e1lise transcript\u00f4mica de eixos\u00a0embrion\u00e1rios de soja (Glycinemax) durante a germina\u00e7\u00e3o<\/em>.\u201d<\/p>\n<p><strong>Orientador<\/strong>:Dr. Thiago Motta Ven\u00e2ncio\u2013 LQFPP\/CBB<\/p>\n<p><strong>Banca:<\/strong><\/p>\n<p>Paulo Cavalcanti Gomes Ferreira \u2013 UFRJ\/IBqM<\/p>\n<p>Jorge H. Fernandez \u2013 LQFPP\/CBB<\/p>\n<p>Messias G. Pereira \u2013 CCTA\/UENF<\/p>\n<p>______________________________________________________________________________<\/p>\n<p><strong>20<\/strong>&#8211;<strong><a href=\"https:\/\/uenf.br\/posgraduacao\/biociencias-biotecnologia\/wp-content\/uploads\/sites\/12\/2020\/08\/Jucimara_Anuncia\u00e7\u00e3o_de_Jesus_Sousa_Tese.pdf\">Jucimara Anuncia\u00e7\u00e3o de Jesus Sousa<\/a><\/strong><\/p>\n<p><strong>Data:<\/strong>\u00a0 27\/10\/2016<\/p>\n<p><strong>T\u00edtulo<\/strong>:\u201cINTERA\u00c7\u00d5ES ECOL\u00d3GICAS E POTENCIAL BIOFERTILIZANTE DE ACTINOBACT\u00c9RIAS E BACT\u00c9RIAS DIAZOTR\u00d3FICAS NA AGRICULTURA.\u201d<\/p>\n<p><strong>Orientador<\/strong>:Dr. F\u00e1bio Lopes Olivares \u2013 LBCT\/CBB<\/p>\n<p><strong>Banca:<\/strong><\/p>\n<p>Dr. Alessandro Coutinho Ramos\u2013LFBM\/CBB<\/p>\n<p>Dr\u00aaSolange Silva Samar\u00e3o &#8211; LSA\/CCTA<\/p>\n<p>Dr. Jean Luiz Sim\u00f5es de Ara\u00fajo \u2013 EMBRAPA<\/p>\n<p>______________________________________________________________________________<\/p>\n<p><strong>21<\/strong>&#8211;<a href=\"https:\/\/uenf.br\/posgraduacao\/biociencias-biotecnologia\/wp-content\/uploads\/sites\/12\/2020\/08\/Tese-final.pdf\"><strong>ANTONIO JESUS DORIGHETTO COGO\u00a0<\/strong><\/a><\/p>\n<p><strong>Data:<\/strong> 31\/10\/2016<\/p>\n<p><strong>T\u00edtulo<\/strong>:\u201cModula\u00e7\u00e3o da Morfog\u00eanese F\u00fangica por Espermina via Sinaliza\u00e7\u00e3o Aux\u00ednica e Ativa\u00e7\u00e3o do Sistema Prim\u00e1rio de Transporte de Pr\u00f3tons.\u201d<\/p>\n<p><strong>Orientador<\/strong>:<\/p>\n<p>Dr. Arnoldo Rocha Fa\u00e7anha\u2013 LBCT\/CBB<\/p>\n<p>Dr\u00aa Anna LvovnaOkorokova Fa\u00e7anha (Co-Orientadora) \u2013 LFBM\/CBB<\/p>\n<p><strong>Banca:<\/strong><\/p>\n<p>Dr. Andr\u00e9 de Oliveira Carvalho\u2013LFBM\/CBB<\/p>\n<p>Dr\u00aaClaudete Santa Catarina &#8211; LBCT\/CBB<\/p>\n<p>Dr\u00aaZilma Maria Almeida Cruz \u2013 UVV<\/p>\n<p>__________________________________________________________________________________<\/p>\n<p><strong>22<\/strong>&#8211;<strong><a href=\"https:\/\/uenf.br\/posgraduacao\/biociencias-biotecnologia\/wp-content\/uploads\/sites\/12\/2020\/08\/Tese-Vers\u00e3o-Final-Am\u00e9lia_-Impress\u00e3o.pdf\">AMELIA MIRANDA GOMES RODRIGUES\u00a0<\/a><\/strong><\/p>\n<p><strong>Data:<\/strong> 25\/11\/2016<\/p>\n<p><strong>T\u00edtulo<\/strong>:\u201cEstudo fitoqu\u00edmicobiomonitorado da esp\u00e9cie <em>Tapiriraguianensis<\/em> (ANACARDIACEAE): uma estrat\u00e9gia na busca de novos f\u00e1rmacos para o tratamento de doen\u00e7as cardiovasculares.\u201d<\/p>\n<p><strong>Orientador<\/strong>:<\/p>\n<p>Dr\u00aa Michelle Fraz\u00e3o Muzitano\u2013 LBR\/CBB<\/p>\n<p>Dr\u00aaJuliana Montani Raimundo (Co-Orientadora) \u2013 UFRJ<\/p>\n<p><strong>Banca:<\/strong><\/p>\n<p>Dr. Andr\u00e9 de Oliveira Carvalho\u2013LFBM\/CBB<\/p>\n<p>Dr\u00aaPaula Lima do Carmo &#8211; UFRJ<\/p>\n<p>Dr. Rodrigo Rodrigues de Oliveira \u2013 UENF<\/p>\n<p>________________________________________________________________________________________<\/p>\n<p><strong>23<\/strong>&#8211;<strong><a href=\"https:\/\/uenf.br\/posgraduacao\/biociencias-biotecnologia\/wp-content\/uploads\/sites\/12\/2020\/08\/TESE-DOC-Patr\u00edcia-Rangel-VERS\u00c3O-FINAL.pdf\"> PATRICIA LOUZADA RANGEL TERRA<\/a><\/strong><\/p>\n<p><strong>Data:<\/strong> <strong>28\/11\/2016<\/strong><\/p>\n<p><strong>T\u00edtulo<\/strong>:\u201cRegula\u00e7\u00e3o tecido-espec\u00edfica da resposta de defesa desencadeada por flagelina em <em>Arabidopsisthaliana<\/em>.\u201d<\/p>\n<p><strong>Orientador<\/strong>:Dr. Gon\u00e7alo Apolin\u00e1rio de Souza Filho\u2013 LBT\/CBB<\/p>\n<p><strong>Banca:<\/strong><\/p>\n<p>Dr. Vanildo Silveira\u2013LBT\/CBB<\/p>\n<p>Dr\u00aaCl\u00edciaGrativol Gaspar &#8211; LQFPP<\/p>\n<p>Dr. Alan Trindade Branco \u2013 UFES<\/p>\n<p>__________________________________________________________________________________<\/p>\n<p>&nbsp;<\/p>\n<p>&nbsp;<\/p>\n<p>&nbsp;<\/p>\n<p>&nbsp;<\/p>\n<p>&nbsp;<\/p>\n<p>&nbsp;<\/p>\n","protected":false},"excerpt":{"rendered":"<p>&nbsp; TESE DE DOUTORADO Clique no autor para acessar a tese completa 1- Antonio Francisco Alves da Silva Data: 28\/01\/2016&#8230;<\/p>\n","protected":false},"author":25,"featured_media":0,"parent":1229,"menu_order":0,"comment_status":"closed","ping_status":"closed","template":"","meta":{"footnotes":""},"class_list":["post-1265","page","type-page","status-publish","hentry"],"_links":{"self":[{"href":"https:\/\/uenf.br\/posgraduacao\/biociencias-biotecnologia\/wp-json\/wp\/v2\/pages\/1265","targetHints":{"allow":["GET"]}}],"collection":[{"href":"https:\/\/uenf.br\/posgraduacao\/biociencias-biotecnologia\/wp-json\/wp\/v2\/pages"}],"about":[{"href":"https:\/\/uenf.br\/posgraduacao\/biociencias-biotecnologia\/wp-json\/wp\/v2\/types\/page"}],"author":[{"embeddable":true,"href":"https:\/\/uenf.br\/posgraduacao\/biociencias-biotecnologia\/wp-json\/wp\/v2\/users\/25"}],"replies":[{"embeddable":true,"href":"https:\/\/uenf.br\/posgraduacao\/biociencias-biotecnologia\/wp-json\/wp\/v2\/comments?post=1265"}],"version-history":[{"count":0,"href":"https:\/\/uenf.br\/posgraduacao\/biociencias-biotecnologia\/wp-json\/wp\/v2\/pages\/1265\/revisions"}],"up":[{"embeddable":true,"href":"https:\/\/uenf.br\/posgraduacao\/biociencias-biotecnologia\/wp-json\/wp\/v2\/pages\/1229"}],"wp:attachment":[{"href":"https:\/\/uenf.br\/posgraduacao\/biociencias-biotecnologia\/wp-json\/wp\/v2\/media?parent=1265"}],"curies":[{"name":"wp","href":"https:\/\/api.w.org\/{rel}","templated":true}]}}