{"id":1354,"date":"2020-08-03T15:54:29","date_gmt":"2020-08-03T18:54:29","guid":{"rendered":"http:\/\/uenf.br\/posgraduacao\/biociencias-biotecnologia\/?page_id=1354"},"modified":"2023-10-18T00:13:03","modified_gmt":"2023-10-18T03:13:03","slug":"ano-2015","status":"publish","type":"page","link":"https:\/\/uenf.br\/posgraduacao\/biociencias-biotecnologia\/teses-defendidas\/ano-2015\/","title":{"rendered":"Ano 2015"},"content":{"rendered":"<p><strong>TESE DE DOUTORADO<\/strong><\/p>\n<ul>\n<li>Clique no autor para acessar a tese completa<\/li>\n<\/ul>\n<p><strong>1-<a href=\"https:\/\/uenf.br\/posgraduacao\/biociencias-biotecnologia\/wp-content\/uploads\/sites\/12\/2020\/08\/Simone-C.-Morais-Ribeiro-Tese-de-Doutorado-2015.pdf\">Simone Crespo Morais Ribeiro\u00a0<\/a><\/strong><\/p>\n<p><strong>Data:<\/strong>03\/02\/2015<\/p>\n<p><strong>T\u00edtulo:<\/strong>\u201cCaracteriza\u00e7\u00e3o de Virul\u00eancia e Car\u00e1ter da Resposta Imune Induzida por Cepas de <em>MycobateriumTuberculosis<\/em> da Fam\u00edlia Gen\u00e9tica <em>Beijing<\/em>:Sublinhagens Ancestral eModerna<em>\u201d<\/em><\/p>\n<p><strong>Orientador:<\/strong>Dr<sup>a<\/sup>. Elena Lassounskaia<\/p>\n<p><strong>Banca:<\/strong><\/p>\n<p>Dr<sup>. <\/sup>Walter Martin Roland Oelemann \u2013 Dep. Imunologia, Instituto Microbiol (IMPPG), UFRJ<\/p>\n<p>Dr<sup>a<\/sup>. Anna L. Okorokova Fa\u00e7anha \u2013 LFBM\/CBB<\/p>\n<p>Dr. Milton M. Kanashiro \u2013 LBR\/CBB<\/p>\n<p>_______________________________________________________________________<\/p>\n<p><strong>\u00a02-<a href=\"https:\/\/uenf.br\/posgraduacao\/biociencias-biotecnologia\/wp-content\/uploads\/sites\/12\/2020\/08\/Tese_Livia-Martins.pdf\">LIVIA MATTOS MARTINS<\/a><\/strong><\/p>\n<p><strong>Data: <\/strong>24\/03\/2015<\/p>\n<p><strong>T\u00edtulo: <\/strong>\u201cIdentifica\u00e7\u00e3o de biomarcadores associados ao desenvolvimento de Toxoplasmose ocular<strong>\u201d<\/strong><\/p>\n<p><strong>Orientador:<\/strong>Dr<sup>a<\/sup>. Lilian Maria Garcia Bahia de Oliveira \u2013 UFRJ\/Maca\u00e9<\/p>\n<p><strong>Banca:<\/strong><\/p>\n<p>Dra. Alba Luc\u00ednia Peixoto Rangel<\/p>\n<p>Dra. Raquel de Souza Gestinari \u2013 UFRJ<\/p>\n<p>Dr. Renato Augusto da Matta \u2013 LBCT\/CBB<\/p>\n<p>Dra Elena Lassounskaia \u2013 LBR\/CBB<\/p>\n<p><strong>\u00a0_________________________________________________________________<\/strong><\/p>\n<p><strong>3-<a href=\"https:\/\/uenf.br\/posgraduacao\/biociencias-biotecnologia\/wp-content\/uploads\/sites\/12\/2020\/08\/Tese-doutorado-Giliane-S.S-CABRAL.pdf\">GILIANE DA SILVA DE SOUZA CABRAL<\/a><\/strong><\/p>\n<p><strong>Data:<\/strong>12\/05\/2015<\/p>\n<p><strong>T\u00edtulo:<\/strong>\u201cDesenvolvimento de ferramentas para o diagn\u00f3stico da Paratuberculose em fezes de bovinos\u201d<\/p>\n<p><strong>Orientador:<\/strong>Dr<sup>a<\/sup>ElenaLassounskaia<\/p>\n<p><strong>Banca:<\/strong><\/p>\n<p>Dr. Milton Masahiko Kanashiro \u2013 LBR\/CBB<\/p>\n<p>Dr<sup>a<\/sup> Ana B\u00e1rbara Freitas Rodrigues \u2013 LSA\/CCTA<\/p>\n<p>Dr<sup>a<\/sup>Regina C\u00e9lia de Souza Campos Fernandes &#8211; FMC<\/p>\n<p>________________________________________________________________________________<\/p>\n<p><strong>4-<a href=\"https:\/\/uenf.br\/posgraduacao\/biociencias-biotecnologia\/wp-content\/uploads\/sites\/12\/2020\/08\/TESE-COMPLETA-Vers\u00e3o-FINAL.pdf\">THATIANA LOPES BIA VENTURA SIMAO<\/a><\/strong><\/p>\n<p><strong>Data:<\/strong>09\/06\/2015<\/p>\n<p><strong>T\u00edtulo:<\/strong>\u201cEstudo de chalconas substitu\u00eddas com potencial a\u00e7\u00e3o anti-inflamat\u00f3ria e anti-micobacteriana como nova estrat\u00e9gia para o tratamento da tuberculose\u201d<\/p>\n<p><strong>Orientador:<\/strong>Dr<sup>a<\/sup> Michelle Fraz\u00e3o Muzitano \u2013 UFRJ\/Maca\u00e9<\/p>\n<p><strong>Banca:<\/strong><\/p>\n<p>Dr<sup>a<\/sup>. Elena Lassounskaia \u2013 LBR\/CBB (co-orientadora)<\/p>\n<p>Dr. Shaft Correa Pinto \u2013 UFRJ\/Maca\u00e9<\/p>\n<p>Dr. Milton Kanashiro \u2013 LBR\/CBB<\/p>\n<p>Dr<sup>a<\/sup> Alba Luc\u00ednia Peixoto Rangel \u2013 LBR\/CBB<\/p>\n<p>_______________________________________________________________________<\/p>\n<p><strong>5-<a href=\"https:\/\/uenf.br\/posgraduacao\/biociencias-biotecnologia\/wp-content\/uploads\/sites\/12\/2020\/08\/INIBIDORES-DE-PROTEASES-DE-COTIL\u00c9DONES-DE-Clitoria-fairchildiana-COM-ATIVIDADE-ANTIF\u00daNGICA-E-INSETICIDA-LUCILENE-OLLIVI_1.pdf\">LUCILENE OLLIVIER DE OLIVEIRA LACZYNSKI<\/a><\/strong><\/p>\n<p><strong>Data:<\/strong>18\/08\/2015<\/p>\n<p><strong>T\u00edtulo:<\/strong>\u201cInibidores de proteases de cotil\u00e9dones de <em>Clitoriafairchildiana<\/em> com atividade antif\u00fangica e inseticida\u201d<\/p>\n<p><strong>Orientador:<\/strong>Dr<sup>a<\/sup>. K\u00e1tia Valeski Sales Fernandes -LQFPP\/CBB<\/p>\n<p><strong>Banca:<\/strong><\/p>\n<p>Dr<sup>a<\/sup> Maura da Cunha \u2013 LBCT\/CBB<\/p>\n<p>Dr. Adriano Rodrigues de Paula \u2013 LEF\/CCTA<\/p>\n<p>Dr<sup>a<\/sup> Luciana Belarmindo da Silva \u2013 IFF \u2013 Campos<\/p>\n<p><strong>\u00a0_________________________________________________________________<\/strong><\/p>\n<p><strong>6-<a href=\"https:\/\/uenf.br\/posgraduacao\/biociencias-biotecnologia\/wp-content\/uploads\/sites\/12\/2020\/08\/TESE-Vers\u00e3o-Final-PGBB-Ana-L\u00eddia-Rangel.pdf\">ANA LIDIA SOARES RANGEL DE SOUZA<\/a><\/strong><\/p>\n<p><strong>Data:<\/strong>18\/09\/2015<\/p>\n<p><strong>T\u00edtulo:<\/strong>\u201cIntera\u00e7\u00e3o entre <em>Gluconacetobacterdiazotrophicus<\/em> e <em>Arabidopsisthaliana<\/em>: coloniza\u00e7\u00e3o, promo\u00e7\u00e3o do crescimentovegetal, altera\u00e7\u00f5es fisiol\u00f3gicas, ativa\u00e7\u00e3o das vias de defesa eregula\u00e7\u00e3o da express\u00e3o g\u00eanica\u201d<\/p>\n<p><strong>Orientador:<\/strong>Dr. Gon\u00e7alo Apolin\u00e1rio de Souza Filho \u2013 LBT\/CBB<\/p>\n<p><strong>Banca:<\/strong><\/p>\n<p>Dr. M\u00e1rcio Alves Ferreira \u2013 UFRJ<\/p>\n<p>Dr<sup>a<\/sup> Valdirene Moreira Gomes \u2013 LFBM\/CBB<\/p>\n<p>Dr. Alessandro Coutinho Ramos \u2013 LFBM\/CBB<\/p>\n<p><strong>\u00a0_________________________________________________________________<\/strong><\/p>\n<p><strong>7-<a href=\"https:\/\/uenf.br\/posgraduacao\/biociencias-biotecnologia\/wp-content\/uploads\/sites\/12\/2020\/08\/Tese-de-Scheila-de-Paula-Oliveira-Siqueira.pdf\">Scheila de Paula Oliveira Siqueira<\/a><\/strong><\/p>\n<p><strong>Data:<\/strong>06\/11\/2015<\/p>\n<p><strong>T\u00edtulo:<\/strong>\u201cOtimiza\u00e7\u00e3o do cultivo de <em>Gluconacetobacterdiazotrophicus<\/em> PAL5 em sistema descont\u00ednuo visando a maximiza\u00e7\u00e3o da produ\u00e7\u00e3o de biomassa\u201d<\/p>\n<p><strong>Orientador:<\/strong>Dr<sup>a<\/sup>. Mar\u00edlia Amorim Berbert de Molina \u2013 LBT\/CBB<\/p>\n<p><strong>Banca:<\/strong><\/p>\n<p>Dr. Arnaldo M\u00e1rcio Ramalho Prata \u2013 EEL\/USP<\/p>\n<p>Dr. Fabr\u00edzio Siqueira Boniolo &#8211; Corbion<\/p>\n<p>Dr. Gon\u00e7alo Apolin\u00e1rio de Souza Filho \u2013 LBT\/CBB<\/p>\n<p>_______________________________________________________________________<\/p>\n<p><strong>8-<a href=\"https:\/\/uenf.br\/posgraduacao\/biociencias-biotecnologia\/wp-content\/uploads\/sites\/12\/2020\/08\/Tese-Fl\u00e1via-Pereira-Vieira.pdf\">\u00a0Fl\u00e1via Pereira Vieira<\/a><\/strong><\/p>\n<p><strong>Data:<\/strong>17\/11\/2015<\/p>\n<p><strong>T\u00edtulo:<\/strong>\u201cContamina\u00e7\u00e3o ambiental por oocistos de <em>Toxoplasmagondii<\/em> e toxoplasmose de veicula\u00e7\u00e3oh\u00eddrica sob a perspectiva da vulnerabilidade de aqu\u00edferos em Campos dos Goytacazes\u201d<\/p>\n<p><strong>Orientador:<\/strong>Dr<sup>a<\/sup> L\u00edlian Maria Garcia Bahia de Oliveira \u2013 LBR\/CBB<\/p>\n<p><strong>Banca:<\/strong><\/p>\n<p>Dr. Renato Augusto DaMatta \u2013 LBCT\/CBB<\/p>\n<p>Dr. Carlos Jorge Logullo de Oliveira \u2013 LQFPP\/CBB<\/p>\n<p>Dr. Gerson Cardoso da Silva J\u00fanior &#8211; UFRJ<\/p>\n<p>_______________________________________________________________________<\/p>\n<p><strong>9-<a href=\"https:\/\/uenf.br\/posgraduacao\/biociencias-biotecnologia\/wp-content\/uploads\/sites\/12\/2020\/08\/FERRAZ-FB-Tese-de-doutorado.pdf\">FRANCIELLE BONET FERRAZ<\/a><\/strong><\/p>\n<p><strong>Data:<\/strong>26\/11\/2015<\/p>\n<p><strong>T\u00edtulo:<\/strong>\u201cA\u00e7\u00e3o de pept\u00eddeo c\u00edclico antagonista de a6b1 na modula\u00e7\u00e3o negativa da ades\u00e3o, migra\u00e7\u00e3o e prolifera\u00e7\u00e3o de macr\u00f3fagos da linhagem J774A1 em laminina\u201d<\/p>\n<p><strong>Orientador:<\/strong>Dr. Jorge HernandezFernandez \u2013 LQFPP\/CBB (Orientador)<\/p>\n<p><strong>Banca:<\/strong><\/p>\n<p>Dr. Renato Augusto DaMatta \u2013 LBCT\/CBB<\/p>\n<p>Dr. Arthur Giraldi Guimar\u00e3es \u2013 LBCT\/CBB<\/p>\n<p>Dr<sup>a<\/sup> Helo\u00edsa Alves Guimar\u00e3es &#8211; IFF<\/p>\n<p>_______________________________________________________________________<\/p>\n<p><strong>10-<a href=\"https:\/\/uenf.br\/posgraduacao\/biociencias-biotecnologia\/wp-content\/uploads\/sites\/12\/2020\/08\/TESE-L\u00cdGIA.pdf\">LIGIA SOUZA FERREIRA<\/a><\/strong><\/p>\n<p><strong>Data:<\/strong>30\/11\/2015<\/p>\n<p><strong>T\u00edtulo:<\/strong>\u201cAlfa-glucosidases e sua atividade de forma\u00e7\u00e3o de hemozo\u00edna em <em>Rhodniusprolixus<\/em> e outros modelos\u201d<\/p>\n<p><strong>Orientador:<\/strong>Dr<sup>a<\/sup>. Mar\u00edlviaDansa de Alencar \u2013 LQFPP\/CBB<\/p>\n<p><strong>Banca:<\/strong><\/p>\n<p>Dr. Fernando Ariel Genta \u2013 FIOCRUZ-RJ<\/p>\n<p>Dr. Jorge Luiz da Cunha Moraes \u2013 UFRJ-Maca\u00e9<\/p>\n<p>Dr<sup>a<\/sup>Beatriz dos Santos Ferreira \u2013 CEDERJ \u2013 UENF\/RJ<\/p>\n<p>_______________________________________________________________________<\/p>\n<p><strong>10-<a href=\"https:\/\/uenf.br\/posgraduacao\/biociencias-biotecnologia\/wp-content\/uploads\/sites\/12\/2020\/08\/Grazziotin_TESE_FINAL_dec2015.pdf\">ANA LAURA GRAZZIOTIN<\/a><\/strong><\/p>\n<p><strong>Data:<\/strong>04\/12\/2015<\/p>\n<p><strong>T\u00edtulo:<\/strong>\u201cAn\u00e1lise computacional dos genes essenciais em procariotos: uma abordagem comparativa da fun\u00e7\u00e3o, conserva\u00e7\u00e3o e organiza\u00e7\u00e3o gen\u00f4mica\u201d<\/p>\n<p><strong>Orientador:<\/strong>Dr. Thiago Motta Venancio \u2013 LQFPP\/CBB<\/p>\n<p><strong>Banca:<\/strong><\/p>\n<p>Dr<sup>a<\/sup>. Olga Lima Tavares Machado \u2013 LQFPP\/CBB<\/p>\n<p>Dr. F\u00e1bio Lopes Olivares \u2013 LBCT\/CBB<\/p>\n<p>Dr. Rodrigo Nunes Fonseca &#8211; UFRJ<\/p>\n<p>_______________________________________________________________________<\/p>\n<p>&nbsp;<\/p>\n<p>&nbsp;<\/p>\n<p>&nbsp;<\/p>\n<p>&nbsp;<\/p>\n<p>&nbsp;<\/p>\n<p>&nbsp;<\/p>\n<p>&nbsp;<\/p>\n<p>&nbsp;<\/p>\n<p>&nbsp;<\/p>\n<p>&nbsp;<\/p>\n<p>&nbsp;<\/p>\n<p>&nbsp;<\/p>\n<p>&nbsp;<\/p>\n<p>&nbsp;<\/p>\n<p>&nbsp;<\/p>\n<p>&nbsp;<\/p>\n<p>&nbsp;<\/p>\n<p>&nbsp;<\/p>\n<p>&nbsp;<\/p>\n<p>&nbsp;<\/p>\n<p>&nbsp;<\/p>\n<p>&nbsp;<\/p>\n<p>&nbsp;<\/p>\n<p>&nbsp;<\/p>\n<p>&nbsp;<\/p>\n<p>&nbsp;<\/p>\n<p>&nbsp;<\/p>\n<p>&nbsp;<\/p>\n<p>&nbsp;<\/p>\n<p>&nbsp;<\/p>\n<p>&nbsp;<\/p>\n<p>&nbsp;<\/p>\n<p>&nbsp;<\/p>\n<p>&nbsp;<\/p>\n<p>&nbsp;<\/p>\n<p>&nbsp;<\/p>\n<p>&nbsp;<\/p>\n<p>&nbsp;<\/p>\n<p>&nbsp;<\/p>\n<p>&nbsp;<\/p>\n","protected":false},"excerpt":{"rendered":"<p>TESE DE DOUTORADO Clique no autor para acessar a tese completa 1-Simone Crespo Morais Ribeiro\u00a0 Data:03\/02\/2015 T\u00edtulo:\u201cCaracteriza\u00e7\u00e3o de Virul\u00eancia e&#8230;<\/p>\n","protected":false},"author":25,"featured_media":0,"parent":1229,"menu_order":0,"comment_status":"closed","ping_status":"closed","template":"","meta":{"footnotes":""},"class_list":["post-1354","page","type-page","status-publish","hentry"],"_links":{"self":[{"href":"https:\/\/uenf.br\/posgraduacao\/biociencias-biotecnologia\/wp-json\/wp\/v2\/pages\/1354","targetHints":{"allow":["GET"]}}],"collection":[{"href":"https:\/\/uenf.br\/posgraduacao\/biociencias-biotecnologia\/wp-json\/wp\/v2\/pages"}],"about":[{"href":"https:\/\/uenf.br\/posgraduacao\/biociencias-biotecnologia\/wp-json\/wp\/v2\/types\/page"}],"author":[{"embeddable":true,"href":"https:\/\/uenf.br\/posgraduacao\/biociencias-biotecnologia\/wp-json\/wp\/v2\/users\/25"}],"replies":[{"embeddable":true,"href":"https:\/\/uenf.br\/posgraduacao\/biociencias-biotecnologia\/wp-json\/wp\/v2\/comments?post=1354"}],"version-history":[{"count":0,"href":"https:\/\/uenf.br\/posgraduacao\/biociencias-biotecnologia\/wp-json\/wp\/v2\/pages\/1354\/revisions"}],"up":[{"embeddable":true,"href":"https:\/\/uenf.br\/posgraduacao\/biociencias-biotecnologia\/wp-json\/wp\/v2\/pages\/1229"}],"wp:attachment":[{"href":"https:\/\/uenf.br\/posgraduacao\/biociencias-biotecnologia\/wp-json\/wp\/v2\/media?parent=1354"}],"curies":[{"name":"wp","href":"https:\/\/api.w.org\/{rel}","templated":true}]}}