{"id":1357,"date":"2020-08-03T15:55:11","date_gmt":"2020-08-03T18:55:11","guid":{"rendered":"http:\/\/uenf.br\/posgraduacao\/biociencias-biotecnologia\/?page_id=1357"},"modified":"2023-10-18T15:30:02","modified_gmt":"2023-10-18T18:30:02","slug":"ano-2015","status":"publish","type":"page","link":"https:\/\/uenf.br\/posgraduacao\/biociencias-biotecnologia\/teses-defendidas-2\/ano-2015\/","title":{"rendered":"Ano 2015"},"content":{"rendered":"<p><strong>Disserta\u00e7\u00e3o de Mestrado<\/strong><\/p>\n<ul>\n<li>Clique no autor para acessar a disserta\u00e7\u00e3o completa<\/li>\n<\/ul>\n<p>1-<a href=\"https:\/\/uenf.br\/posgraduacao\/biociencias-biotecnologia\/wp-content\/uploads\/sites\/12\/2020\/09\/VERS\u00c3O-FINAL-IMPRESSA-E-ENTREGUE.pdf\">GABRIEL RABELLO DE ABREU CABRAL<\/a><\/p>\n<p><strong>Data:<\/strong>27\/03\/2015<\/p>\n<p><strong>T\u00edtulo:<\/strong>\u201cExpress\u00e3o de Arginase1 e \u00d3xido N\u00edtrico Sintase induzida relacionadas com a imunidade em macr\u00f3fagos ativados e infectados com <em>Toxoplasma gondii<\/em><strong><em>\u201d<\/em><\/strong><\/p>\n<p><strong>Orientador:<\/strong> Dr. Renato Augusto DaMatta \u2013 LBCT\/CBB<\/p>\n<p><strong>Banca:<\/strong><\/p>\n<p>Dr. Fernando Costa e Silva Filho &#8211; LBCT\/CBB<\/p>\n<p>Dr<sup>a<\/sup> Andrea Cristina Veto Arnholdt \u2013 LBR\/CBB<\/p>\n<p>Dr<sup>a<\/sup> Suzana Passos Chaves \u2013 UFRJ\/Maca\u00e9<\/p>\n<p>________________________________________________<\/p>\n<p>2-<a href=\"https:\/\/uenf.br\/posgraduacao\/biociencias-biotecnologia\/wp-content\/uploads\/sites\/12\/2020\/09\/Disserta\u00e7\u00e3o-Mestrado-B\u00e1rbara-Coelho-vers\u00e3o-FINAL-.pdf\">\u00a0B\u00c1RBARA DE PAULA COELHO<\/a><\/p>\n<p><strong>Data: <\/strong>30\/03\/2015<\/p>\n<p><strong>T\u00edtulo:<\/strong>\u201cAvalia\u00e7\u00e3o do efeito da idade e do g\u00eanero na recupera\u00e7\u00e3o ap\u00f3s isquemia cerebral focal em ratos tratados com c\u00e9lulas mononucleares de medula \u00f3ssea<em>\u201d<\/em><\/p>\n<p><strong>Orientador:<\/strong> Dr. Arthur Giraldi Guimar\u00e3es \u2013 LBCT\/CBB<\/p>\n<p><strong>Banca:<\/strong><\/p>\n<p>Dr. Santiago Domingo Martinich Leal \u2013 Instituto de Ci\u00eancias da\u00a0 Sociedade e Desenvolvimento Regional, Polo Campos\/UFF<\/p>\n<p>Dr. Cl\u00f3vis de Paula Santos \u2013 LBCT\/CBB<\/p>\n<p>Dr<sup>a<\/sup>Fl\u00e1via Regina Cruz Dias \u2013 LMPA\/CCTA<\/p>\n<p>________________________________________________<\/p>\n<p>3-<a href=\"https:\/\/uenf.br\/posgraduacao\/biociencias-biotecnologia\/wp-content\/uploads\/sites\/12\/2020\/09\/disserta\u00e7\u00e3o_joao_luiz_de_almeida_filho.pdf\">JO\u00c3O LUIZ DE ALMEIDA FILHO<\/a><\/p>\n<p><strong>Data: <\/strong>30\/03\/2015<\/p>\n<p><strong>T\u00edtulo:<\/strong>\u201cAutoModel 0.5, uma interface gr\u00e1fica para modelagem de prote\u00ednas por homologia: Novo suporte a refinamento de loops e alinhamento<em>\u201d<\/em><\/p>\n<p><strong>Orientador:<\/strong> Dr. Jorge Hernandez Fernandez \u2013 LQFPP\/CBB (orientador)<\/p>\n<p><strong>Banca:<\/strong><\/p>\n<p>Dr. Thiago Motta Ven\u00e2ncio \u2013 LQFPP\/CBB<\/p>\n<p>Dr<sup>a<\/sup>Annabell Del Real Tamariz \u2013 LCMAT\/CCT<\/p>\n<p>Dr. Alexandre Paschoal \u2013 Universidade Tecnol\u00f3gica Federal do Paran\u00e1<\/p>\n<p>________________________________________________<\/p>\n<p>4-<a href=\"https:\/\/uenf.br\/posgraduacao\/biociencias-biotecnologia\/wp-content\/uploads\/sites\/12\/2020\/09\/Disserta\u00e7\u00e3o-vers\u00e3o-final-CD-raul-ferraz.pdf\">\u00a0RAUL FERRAZ ARRUDA<\/a><\/p>\n<p><strong>Data:<\/strong>31\/03\/2015<\/p>\n<p><strong>T\u00edtulo:<\/strong>\u201cAn\u00e1lise de perfis proteicos de venenos de serpentes do g\u00eanero Brothrops\u201d<\/p>\n<p><strong>Orientador:<\/strong> Dr. Jorge Hernandez Fernandez \u2013 LQFPP\/CBB (Orientador)<\/p>\n<p><strong>Banca:<\/strong><\/p>\n<p>Dr<sup>a<\/sup>. Heloisa Alves Guimar\u00e3es \u2013 IFF &#8211; Campos<\/p>\n<p>Dr<sup>a<\/sup>. Olga L. Tavares Machado \u2013 LQFPP\/CBB<\/p>\n<p>Dr. Vanildo Silveira \u2013 LBT\/CBB<\/p>\n<p>______________________________________________________<\/p>\n<p>5-<a href=\"https:\/\/uenf.br\/posgraduacao\/biociencias-biotecnologia\/wp-content\/uploads\/sites\/12\/2020\/09\/DISSERTA\u00c7\u00c3O-LILIA-MARQUES-GRAVINA-A\u00c7\u00c3O-DO-MYO-INOSITOL-E-D-PINITOL-NA-PROMO\u00c7\u00c3O-DA-GERMINA\u00c7\u00c3O-E-DESENVOLVIMENTO-POS-GERMIN_1.pdf\">LILIA MARQUES GRAVINA<\/a><\/p>\n<p><strong>Data:<\/strong>31\/03\/2015<\/p>\n<p><strong>T\u00edtulo:<\/strong>\u201cA\u00e7\u00e3o do Myo-inositol e D-pinitol na promo\u00e7\u00e3o da germina\u00e7\u00e3o e desenvolvimento p\u00f3s-germinativo de soja\u201d<\/p>\n<p><strong>Orientador:<\/strong> Dr<sup>a<\/sup>. Ant\u00f4nia Elenir Am\u00e2ncio Oliveira \u2013 LQFPP\/CBB<\/p>\n<p><strong>Banca:<\/strong><\/p>\n<p>Dr<sup>a<\/sup>. Claudete Santa-Catarina \u2013 LBCT\/CBB<\/p>\n<p>Dr<sup>a<\/sup>. Virg\u00ednia Silva Carvalho \u2013 LFIT\/CCTA<\/p>\n<p>Dr<sup>a<\/sup>. Luciana Belarmindo da Silva \u2013 IFF \u2013 Campos<\/p>\n<p>_________________________________________<\/p>\n<p>6-<a href=\"https:\/\/uenf.br\/posgraduacao\/biociencias-biotecnologia\/wp-content\/uploads\/sites\/12\/2020\/09\/Disserta\u00e7\u00e3o_Carlos-Eduardo-Cardoso-Cordeiro.pdf\">CARLOS EDUARDO CARDOSO CORDEIRO<\/a><\/p>\n<p><strong>Data:<\/strong>31\/03\/2015<\/p>\n<p><strong>T\u00edtulo:<\/strong>\u201cAn\u00e1lise de perfis proteicos de venenos de serpentes do g\u00eanero Brothrops\u201d<\/p>\n<p><strong>Orientador:<\/strong> \u00a0Dr. Jorge Hernandez Fernandez \u2013 LQFPP\/CBB<\/p>\n<p><strong>Banca:<\/strong><\/p>\n<p>Dr. Andr\u00e9 Teixeira da Silva Ferreira \u2013 Fiocruz &#8211; RJ<\/p>\n<p>Dr<sup>a<\/sup>. Olga L. Tavares Machado \u2013 LQFPP\/CBB<\/p>\n<p>Dr. Vanildo Silveira \u2013 LBT\/CBB<\/p>\n<p>______________________________________________________<\/p>\n<p>7-<a href=\"https:\/\/uenf.br\/posgraduacao\/biociencias-biotecnologia\/wp-content\/uploads\/sites\/12\/2020\/09\/Disserta\u00e7\u00e3o-Julia-Miranda-Fardin.pdf\">Julia Miranda Fardin<\/a><\/p>\n<p><strong>Data:<\/strong>01\/04\/2015<\/p>\n<p><strong>T\u00edtulo:<\/strong>\u201cPurifica\u00e7\u00e3o de pept\u00eddeos de sementes de <em>Bertholletia excelsa<\/em>humb. e bonpl. (castanha-do-par\u00e1) e estudo da atividade e mecanismo de a\u00e7\u00e3o sobre <em>Leishmaniaamazonensis<\/em>\u201d<\/p>\n<p><strong>Orientador:<\/strong> Dr. Andr\u00e9 de Oliveira Carvalho \u2013 LFBM\/CBB<\/p>\n<p><strong>Banca:<\/strong><\/p>\n<p>Dr. Edesio Jos\u00e9 Ten\u00f3rio de Melo \u2013 LBCT\/CBB<\/p>\n<p>Dr<sup>a<\/sup> K\u00e1tia Valevski Sales Fernandes \u2013 LQFPP\/CBB<\/p>\n<p>Dr<sup>a<\/sup>Landi VeiviGuilhermoCostilla \u2013 UNIRIO<\/p>\n<p>________________________________________________<\/p>\n<p>8-<a href=\"https:\/\/uenf.br\/posgraduacao\/biociencias-biotecnologia\/wp-content\/uploads\/sites\/12\/2020\/09\/HelenaVargas_Dissert_Final.pdf\">HELENA CAROLINA MARTINS VARGAS<\/a><\/p>\n<p><strong>Data:<\/strong>02\/04\/2015<\/p>\n<p><strong>T\u00edtulo:<\/strong>\u201cCaracteriza\u00e7\u00e3o da express\u00e3o de genes <em>elovl<\/em> na serosa de <em>Triboliumcastaneum<\/em> (COLEOPTERA: TENEBRIONIDAE)\u201d<\/p>\n<p><strong>Orientador:<\/strong> Dr. Gustavo Lazzaro Rezende \u2013 LQFPP\/CBB<\/p>\n<p><strong>Banca:<\/strong><\/p>\n<p>Dr. Thiago Motta Ven\u00e2ncio \u2013 LQFPP\/CBB<\/p>\n<p>Dr<sup>a<\/sup>AntoniaElenir Am\u00e2ncio Oliveira \u2013 LQFPP\/CBB<\/p>\n<p>Dr<sup>a<\/sup>Rafaela Vieira Bruno &#8211; Fiocruz<\/p>\n<p>_________________________________________________<\/p>\n<p>9-<a href=\"https:\/\/uenf.br\/posgraduacao\/biociencias-biotecnologia\/wp-content\/uploads\/sites\/12\/2020\/09\/Disserta\u00e7\u00e3o-Lucas_VersaoFinal.pdf\">LUCAS ZANCHETTA PASSAMANI<\/a><\/p>\n<p><strong>Data:<\/strong>02\/04\/2015<\/p>\n<p><strong>T\u00edtulo:\u201cFatores Bioqu\u00edmicos Associados \u00e0 toler\u00e2ncia ao estresse salino durante a micropropaga\u00e7\u00e3o de cana-de-a\u00e7\u00facar\u201d<\/strong><\/p>\n<p><strong>Orientador:<\/strong> Dr. Vanildo Silveira &#8211; LBT\/CBB<\/p>\n<p><strong>Banca:<\/strong><\/p>\n<p>Dr. EliemarCampostrini \u2013 LMGV\/CBB<\/p>\n<p>Dr. Gon\u00e7alo Apolin\u00e1rio de Souza Filho \u2013 LBT\/CBB<\/p>\n<p>Dr.<sup>. <\/sup>Marco Ant\u00f4nio Lopes Cruz \u2013 NUPEM\/UFRJ-Maca\u00e9<\/p>\n<p>____________________________________________<\/p>\n<p>10-<a href=\"https:\/\/uenf.br\/posgraduacao\/biociencias-biotecnologia\/wp-content\/uploads\/sites\/12\/2020\/09\/disserta\u00e7\u00e3o-impressao.pdf\">LAIS PESSANHA DE CARVALHO<\/a><\/p>\n<p><strong>Data:<\/strong>07\/04\/2015<\/p>\n<p><strong>T\u00edtulo:\u201cAvalia\u00e7\u00e3o <em>in vitro<\/em> da atividade antiparasit\u00e1ria e dos aspectos morfol\u00f3gicos da elimina\u00e7\u00e3o do<em>Trypanossomacruzi<\/em> intracelular na presen\u00e7a detiosemicarbazonas e seusderivados tiazolidinonas\u201d<\/strong><\/p>\n<p><strong>Orientador:<\/strong> Dr. Ed\u00e9sio Jos\u00e9 Ten\u00f3rio de Melo \u2013 LBCT\/CBB<\/p>\n<p><strong>Banca:<\/strong><\/p>\n<p>Dr. Fernando Costa e Silva \u2013 LBCT\/CBB<\/p>\n<p>Dr. Andr\u00e9 de Oliveira Carvalho \u2013 LFBM\/CBB<\/p>\n<p>Dr. Ulysses Garcia Casado Lins &#8211; UFRJ<\/p>\n<p>_______________________________________________<\/p>\n<p>11-<a href=\"https:\/\/uenf.br\/posgraduacao\/biociencias-biotecnologia\/wp-content\/uploads\/sites\/12\/2020\/09\/Dayanni-de-Souza-Padua.pdf\">Dayanni de Souza Padua<\/a><\/p>\n<p><strong>Data:<\/strong>09\/04\/2015<\/p>\n<p><strong>T\u00edtulo:\u201cA\u00e7\u00e3o bioinseticida de cistatinas isoladas de sementes de <em>Clitoriafairhildiana<\/em> R. A. Howard\u201d<\/strong><\/p>\n<p><strong>Orientador:<\/strong>Dr<sup>a<\/sup>. Katia Valevski Sales Fernandes \u2013 LQFPP\/CBB<\/p>\n<p><strong>Banca:<\/strong><\/p>\n<p>Dr<sup>a<\/sup>. MarilviaDansa de Alencar Pretski \u2013 LQFPP\/CBB<\/p>\n<p>Dr<sup>a<\/sup> Aline Chaves Intorne \u2013 LFBM\/CBB<\/p>\n<p>Dr. Rodrigo Maciel Lima \u2013 IFF \u2013 Campos<\/p>\n<p>___________________________________________________<\/p>\n<p>12-<a href=\"https:\/\/uenf.br\/posgraduacao\/biociencias-biotecnologia\/wp-content\/uploads\/sites\/12\/2020\/09\/RITA-DE-C\u00c1SSIA-SIQUEIRA-PESTANA-GON\u00c7ALVES_Disserta\u00e7\u00e3o_21082015_EMA.pdf\">RITA DE C\u00c1SSIA SIQUEIRA PESTANA GON\u00c7ALVES<\/a><\/p>\n<p><strong>Data:<\/strong>25\/05\/2015<\/p>\n<p><strong>T\u00edtulo:<\/strong>\u201cIdentifica\u00e7\u00e3o de uma regi\u00e3o diferencialmente metilada no gene <em>LOC642852<\/em> \u00e0 montante do gene <em>POFUT2<\/em>, candidato ao imprinting materno no cromossomo 21\u201d<\/p>\n<p><strong>Orientador:<\/strong>Dr. Enrique Medina-Acosta \u2013 LBT\/CBB<\/p>\n<p><strong>Banca:<\/strong><\/p>\n<p>Dr<sup>a<\/sup> Andrea Cristina Veto Arnholdt \u2013 LBR\/CBB<\/p>\n<p>Dr. Victor Martin Quintana Flores &#8211; LBT\/CBB<\/p>\n<p>Dr<sup>a<\/sup> Cl\u00e1udia Caixeta Franco \u2013 USP \u2013Ribeir\u00e3o Preto<\/p>\n<p>__________________________________________________<\/p>\n<p>13-<a href=\"https:\/\/uenf.br\/posgraduacao\/biociencias-biotecnologia\/wp-content\/uploads\/sites\/12\/2020\/09\/Disserta\u00e7\u00e3o-mestrado-Katrine-ves\u00e3o-25102015_EMA-para-impress\u00e3o.pdf\">KATRINE DA SILVA LEONARDO<\/a><\/p>\n<p><strong>Data:<\/strong>29\/07\/2015<\/p>\n<p><strong>T\u00edtulo:<\/strong>\u201cDiagn\u00f3stico molecular das dele\u00e7\u00f5es -\u03b13.7 e -\u03b14.2 em pacientes com suspeita cl\u00ednica de talassemia alfa atendidos no Ambulat\u00f3rio de Hematologia no munic\u00edpio de Campos dos Goytacazes &#8211; RJ\u201d<\/p>\n<p><strong>Orientador:<\/strong>Dr. Enrique Medina-Acosta \u2013 LBT\/CBB<\/p>\n<p><strong>Banca:<\/strong><\/p>\n<p>Dr. Jo\u00e3o Tadeu Damian Souto Filho \u2013 FMC (co-orientador)<\/p>\n<p>Dr<sup>a<\/sup> Cl\u00e1udia Caixeta Franco \u2013 USP \u2013Ribeir\u00e3o Preto<\/p>\n<p>Dr<sup>a<\/sup> Regina C\u00e9lia de Souza C. Fernandes \u2013 FMC<\/p>\n<p>Dr<sup>a<\/sup>Maria Cristina Pessoa dos Santos &#8211; FIOCRUZ<\/p>\n<p>_________________________________________________<\/p>\n<p>14-<a href=\"https:\/\/uenf.br\/posgraduacao\/biociencias-biotecnologia\/wp-content\/uploads\/sites\/12\/2020\/09\/Disserta\u00e7\u00e3o-Marina-Barreto-Silva.pdf\">MARINA BARRETO SILVA\u00a0<\/a><\/p>\n<p><strong>Data:<\/strong>13\/08\/2015<\/p>\n<p><strong>T\u00edtulo:<\/strong>\u201cAvalia\u00e7\u00e3o da atividade antineopl\u00e1stica<em>in vitro<\/em> de extratos brutos e fracionados de <em>Pereskiaaculeata<\/em> Mill (Cactaceae)\u201d<\/p>\n<p><strong>Orientador:<\/strong>Dr. Milton MasahikoKanashiro &#8211; LBR\/CBB<\/p>\n<p><strong>Banca:<\/strong><\/p>\n<p>Dr<sup>a<\/sup>. Maria Raquel Garcia Vega \u2013 LCQUI\/CCT (co-orientadora)<\/p>\n<p>Dr. Franz Viana Borges \u2013 IFF (Campos \u2013 Centro)<\/p>\n<p>Dr<sup>a<\/sup> Ana Beatriz Garcia \u2013 PROGRAD \u2013 UENF<\/p>\n<p>Dr. Rodrigo Rodrigues \u2013 LCQUI\/CCT<\/p>\n<p>____________________________________________________<\/p>\n<p>&nbsp;<\/p>\n<p>&nbsp;<\/p>\n","protected":false},"excerpt":{"rendered":"<p>Disserta\u00e7\u00e3o de Mestrado Clique no autor para acessar a disserta\u00e7\u00e3o completa 1-GABRIEL RABELLO DE ABREU CABRAL Data:27\/03\/2015 T\u00edtulo:\u201cExpress\u00e3o de Arginase1&#8230;<\/p>\n","protected":false},"author":25,"featured_media":0,"parent":277,"menu_order":0,"comment_status":"closed","ping_status":"closed","template":"","meta":{"footnotes":""},"class_list":["post-1357","page","type-page","status-publish","hentry"],"_links":{"self":[{"href":"https:\/\/uenf.br\/posgraduacao\/biociencias-biotecnologia\/wp-json\/wp\/v2\/pages\/1357","targetHints":{"allow":["GET"]}}],"collection":[{"href":"https:\/\/uenf.br\/posgraduacao\/biociencias-biotecnologia\/wp-json\/wp\/v2\/pages"}],"about":[{"href":"https:\/\/uenf.br\/posgraduacao\/biociencias-biotecnologia\/wp-json\/wp\/v2\/types\/page"}],"author":[{"embeddable":true,"href":"https:\/\/uenf.br\/posgraduacao\/biociencias-biotecnologia\/wp-json\/wp\/v2\/users\/25"}],"replies":[{"embeddable":true,"href":"https:\/\/uenf.br\/posgraduacao\/biociencias-biotecnologia\/wp-json\/wp\/v2\/comments?post=1357"}],"version-history":[{"count":0,"href":"https:\/\/uenf.br\/posgraduacao\/biociencias-biotecnologia\/wp-json\/wp\/v2\/pages\/1357\/revisions"}],"up":[{"embeddable":true,"href":"https:\/\/uenf.br\/posgraduacao\/biociencias-biotecnologia\/wp-json\/wp\/v2\/pages\/277"}],"wp:attachment":[{"href":"https:\/\/uenf.br\/posgraduacao\/biociencias-biotecnologia\/wp-json\/wp\/v2\/media?parent=1357"}],"curies":[{"name":"wp","href":"https:\/\/api.w.org\/{rel}","templated":true}]}}