{"id":1461,"date":"2020-08-04T14:14:13","date_gmt":"2020-08-04T17:14:13","guid":{"rendered":"http:\/\/uenf.br\/posgraduacao\/biociencias-biotecnologia\/?page_id=1461"},"modified":"2025-07-10T15:29:48","modified_gmt":"2025-07-10T18:29:48","slug":"ano-2005","status":"publish","type":"page","link":"https:\/\/uenf.br\/posgraduacao\/biociencias-biotecnologia\/teses-defendidas\/ano-2005\/","title":{"rendered":"Ano 2005"},"content":{"rendered":"<p><strong>TESE DE DOUTORADO 2005:<\/strong><br \/>\n<strong>1-SHEILA TAVARES PEREIRA<\/strong><br \/>\n<strong>Data:<\/strong> 30\/03\/2005<br \/>\n<strong>T\u00edtulo:<\/strong> \u201cESTUDO DO AEDES AEGYPTI CONSIDERANDO O PROCESSO DE ECLOS\u00c3O DA FORMA IMATURA E O EFEITO DA ALIMENTA\u00c7\u00c3O SANGU\u00cdNEA E DA INFEC\u00c7\u00c3O PELO PLASMODIUM GALLINACEUM NO INTESTINO M\u00c9DIO DO ADULTO\u201d<br \/>\n<strong>Orientador:<\/strong> Paulo P F. Pimenta<br \/>\n__________________________________________________________<br \/>\n<strong>2-JOSIVAL SANTOS SOUZA<\/strong><br \/>\n<strong>Data:<\/strong> 30\/05\/2005<br \/>\n<strong>T\u00edtulo<\/strong>: \u201cDIN\u00c2MICA DA COMUNIDADE ARBUSTIVA-ARB\u00d3REA DE MATA ATL\u00c2NTICA\u201d<br \/>\n<strong>Orientador:<\/strong> Marcelo Trindade Nascimento<br \/>\n__________________________________________________________<br \/>\n<strong>3-L\u00daCIA GRACINDA DA SILVA FROUFE<\/strong><br \/>\n<strong>Data:<\/strong> 03\/06\/2005<br \/>\n<strong>T\u00edtulo:<\/strong> \u201cASPECTOS ESTRUTURAIS DA INTERA\u00c7\u00c3O DE BACT\u00c9RIAS DIAZOTR\u00d3FICAS ENDOF\u00cdTICAS E CANA-DE-A\u00c7\u00daCAR (SACCHARUM HYB.)\u201d<br \/>\n<strong>Orientador:<\/strong> F\u00e1bio Lopes Olivares<br \/>\n__________________________________________________________<br \/>\n<strong>4-JORGE ANDR\u00c9 SACRAMENTO DE MAGALH\u00c3ES<\/strong><br \/>\n<strong>Data:<\/strong> 23\/06\/2005<br \/>\n<strong>T\u00edtulo<\/strong>: \u201cMURCHAS PERMANENTES EM PLANTAS DA FAM\u00cdLIA ARECACEAE. HISTOPATOLOGIA E ULTRAESTRUTURA DA INTERA\u00c7\u00c3O PAT\u00d3GENO \u2013 PLANTA\u201d<br \/>\n<strong>Orientador:<\/strong> Fl\u00e1vio Costa Miguens<br \/>\n__________________________________________________________<br \/>\n<strong>5-DANIEL SHIMADA BROTTO<\/strong><br \/>\n<strong>Data:<\/strong> 12\/08\/2005<br \/>\n<strong>T\u00edtulo:<\/strong> \u201cPADR\u00d5ES DE USO DE UM RECIFE ARTIFICIAL PELA COMUNIDADE DE PEIXES NO LITORAL NORTE DO ESTADO DO RIO DE JANEIRO\u201d<br \/>\n<strong>Orientador:<\/strong> Ilana Rosental Zalmon<br \/>\n__________________________________________________________<br \/>\n<strong>6- JOS\u00c9 MAUR\u00cdCIO ALBUQUERQUE CUNHA <\/strong><br \/>\n<strong>Data:<\/strong> 15\/08\/2005<br \/>\n<strong>T\u00edtulo:<\/strong> \u201cCARACTERIZA\u00c7\u00c3O DE FATORES RESPONS\u00c1VEIS PELA FORMA\u00c7\u00c3O DAS MEMBRANAS PERIMICROVILARES (PMM) NO INTESTINO M\u00c9DIO DE RHODNIUS PROLIXUS (HEM\u00cdPTERA: REDUVIIDAE) E SEU PAPEL NO DESENVOLVIMENTO DO PROTOZO\u00c1RIO TRYPANOSOMA CRUZI (CEPA DM28C)\u201d<br \/>\n<strong>Orientador:<\/strong> Nadir Francisca Sant&#8217;Anna<br \/>\n__________________________________________________________<br \/>\n<strong>7-VER\u00d4NICA GOMES MONTEIRO<\/strong><br \/>\n<strong>Data<\/strong>: 06\/09\/2005<br \/>\n<strong>T\u00edtulo:<\/strong> \u201cEFEITO DO SORO HOM\u00d3LOGO NO CULTIVO DE MACR\u00d3FAGOS PERITONEAIS DE CAMUNDONGO: CORPOS LIP\u00cdDICOS E INFLU\u00caNCIA DA SIALOADESINA NA INTERA\u00c7\u00c3O COM TRYPANOSOMA CRUZI, LEISHMANIA AMAZONENSIS E LEVEDURA\u201d<br \/>\n<strong>Orientador:<\/strong> Reanto Augusto DaMatta.<br \/>\n__________________________________________________________<br \/>\n<strong>8-DEBORAH MONTEIRO DA GAMA<\/strong><br \/>\n<strong>Data<\/strong>: 30\/09\/2005<br \/>\n<strong>T\u00edtulo:<\/strong> \u201cEFEITO DE BORDA SOBRE O SOLO, CAMADA DE SERRAPILHEIRA E DECOMPOSI\u00c7\u00c3O FOLIAR EM UM FRAGMENTO DE MATA ATL\u00c2NTICA NA RESERVA BIOL\u00d3GICA UNI\u00c3O, RJ\u201d<br \/>\n<strong>Orientador<\/strong>: Dora Maria Villela Jos\u00e9<br \/>\n__________________________________________________________<br \/>\n<strong>9-LUIZ RICARDO GAELZER<\/strong><br \/>\n<strong>Data:<\/strong> 25\/11\/2005<br \/>\n<strong>T\u00edtulo:<\/strong> \u201cESTRUTURA DA COMUNIDADE ICTIOFAU\u00cdSTICA DA ZONA DA ARREBENTA\u00c7\u00c3O EM PRAIAS ARENOSAS NA REGI\u00c3O DO ARRAIAL DO CABO, RJ\u201d<br \/>\n<strong>Orientador:<\/strong> Ilana Rosental Zalmon<br \/>\n__________________________________________________________<br \/>\n<strong>10-CLEIDE FERREIRA DA SILVA<\/strong><br \/>\n<strong>Data:<\/strong> 30\/11\/2005<br \/>\n<strong>T\u00edtulo:<\/strong> \u201cMODELAGEM HIDROGEOQU\u00cdMICA DA SA\u00cdDA DO RIO PARA\u00cdBA DO SUL: USO DE REDES NEURAIS E L\u00d3GICA FUZZY\u201d<br \/>\n<strong>Orientador:<\/strong> Alvaro Ramon Coelho Ovalle<br \/>\n__________________________________________________________<br \/>\n<strong>11-ANDR\u00c9 DE OLIVEIRA CARVALHO<\/strong><br \/>\n<strong>Data:<\/strong> 13\/12\/2005<br \/>\n<strong>T\u00edtulo:<\/strong> \u201cLOCALIZA\u00c7\u00c3O INTRACELULAR, CLONAGEM MOLECULAR E EXPRESS\u00c3O DE PEPT\u00cdDEOS ANTIMICROBIANOS EM PLANTAS DE FEIJ\u00c3O-DE-CORDA (VIGNA UNGUICULATA (L.) WALP)\u201d<br \/>\n<strong>Orientador:<\/strong> Valdirene Moreira Gomes.<br \/>\n__________________________________________________________<br \/>\n<strong>12-M\u00d4NICA APARECIDA LEITE DA SILVA<\/strong><br \/>\n<strong>Data:<\/strong> 16\/12\/2005<br \/>\n<strong>T\u00edtulo:<\/strong> \u201cDIN\u00c2MICA DA MAT\u00c9RIA ORG\u00c2NICA PARTICULADA E DISSOLVIDA EM UMA MICROBACIA DA REGI\u00c3O NORTE FLUMINENSE: SISTEMA FLUVIAL IMB\u00c9-LAGOA DE CIMA\u201d<br \/>\n<strong>Orientador:<\/strong> Carlos Eduardo de Rezende.<br \/>\n__________________________________________________________<br \/>\n<strong>13-VERA SABATINI<\/strong><br \/>\n<strong>Data:<\/strong> 20\/12\/2005<br \/>\n<strong>T\u00edtulo:<\/strong> \u201cQUANTIFICA\u00c7\u00c3O DA DEGRADA\u00c7\u00c3O DO CHAMADO LONGO DO MICO -LE\u00c3O-DOURADO (LEONTOPITHECUS ROSALIA- LINNAEUS 1766) DURANTE A PROPAGA\u00c7\u00c3O EM DIFERENTES H\u00c1BITATS DE BAIXADA DA MATA ATL\u00c2NTICA\u201d<br \/>\n<strong>Orientador:<\/strong> Carlos Ram\u00f3n Ruiz-Miranda<br \/>\n__________________________________________________________<\/p>\n","protected":false},"excerpt":{"rendered":"<p>TESE DE DOUTORADO 2005: 1-SHEILA TAVARES PEREIRA Data: 30\/03\/2005 T\u00edtulo: \u201cESTUDO DO AEDES AEGYPTI CONSIDERANDO O PROCESSO DE ECLOS\u00c3O DA&#8230;<\/p>\n","protected":false},"author":25,"featured_media":0,"parent":1229,"menu_order":0,"comment_status":"closed","ping_status":"closed","template":"","meta":{"footnotes":""},"class_list":["post-1461","page","type-page","status-publish","hentry"],"_links":{"self":[{"href":"https:\/\/uenf.br\/posgraduacao\/biociencias-biotecnologia\/wp-json\/wp\/v2\/pages\/1461","targetHints":{"allow":["GET"]}}],"collection":[{"href":"https:\/\/uenf.br\/posgraduacao\/biociencias-biotecnologia\/wp-json\/wp\/v2\/pages"}],"about":[{"href":"https:\/\/uenf.br\/posgraduacao\/biociencias-biotecnologia\/wp-json\/wp\/v2\/types\/page"}],"author":[{"embeddable":true,"href":"https:\/\/uenf.br\/posgraduacao\/biociencias-biotecnologia\/wp-json\/wp\/v2\/users\/25"}],"replies":[{"embeddable":true,"href":"https:\/\/uenf.br\/posgraduacao\/biociencias-biotecnologia\/wp-json\/wp\/v2\/comments?post=1461"}],"version-history":[{"count":0,"href":"https:\/\/uenf.br\/posgraduacao\/biociencias-biotecnologia\/wp-json\/wp\/v2\/pages\/1461\/revisions"}],"up":[{"embeddable":true,"href":"https:\/\/uenf.br\/posgraduacao\/biociencias-biotecnologia\/wp-json\/wp\/v2\/pages\/1229"}],"wp:attachment":[{"href":"https:\/\/uenf.br\/posgraduacao\/biociencias-biotecnologia\/wp-json\/wp\/v2\/media?parent=1461"}],"curies":[{"name":"wp","href":"https:\/\/api.w.org\/{rel}","templated":true}]}}