{"id":1477,"date":"2020-08-04T14:15:49","date_gmt":"2020-08-04T17:15:49","guid":{"rendered":"http:\/\/uenf.br\/posgraduacao\/biociencias-biotecnologia\/?page_id=1477"},"modified":"2025-07-10T15:00:45","modified_gmt":"2025-07-10T18:00:45","slug":"ano-2000","status":"publish","type":"page","link":"https:\/\/uenf.br\/posgraduacao\/biociencias-biotecnologia\/teses-defendidas\/ano-2000\/","title":{"rendered":"Ano 2000"},"content":{"rendered":"<p><strong>TESE DE DOUTORADO 2000:<\/strong><br \/>\n<strong>1-ANA PAULA MADEIRA DI BENEDITTO<\/strong><br \/>\n<strong>Data:<\/strong> 26\/07\/2000<br \/>\n<strong>T\u00edtulo:<\/strong> \u201cECOLOGIA ALIMENTAR DE PONTOPORIA BLAINVILLEI E SOTALIA FLUVIATILIS (CETACEA) NA COSTA NORTE DO ESTADO DO RIO DE JANEIRO, BRASIL\u201d<br \/>\n<strong>Orientador:<\/strong> Neuza Rejane Wille Lima<br \/>\n__________________________________________________________<br \/>\n<strong>2-JORGE HUDSON PETRETSKI<\/strong><br \/>\n<strong>Data<\/strong>: 21\/11\/2000<br \/>\n<strong>T\u00edtulo:<\/strong> \u201cPURIFICA\u00c7\u00c3O E IDENTIFICA\u00c7\u00c3O DE PROTEASES DO VENENO DE BOTHROPS ATROX ENVOLVIDAS EM ALTERA\u00c7\u00d5ES DA HEM\u00d3STASE\u201d<br \/>\n<strong>Orientador:<\/strong> Thereza L Kipnis<br \/>\n__________________________________________________________<\/p>\n","protected":false},"excerpt":{"rendered":"<p>TESE DE DOUTORADO 2000: 1-ANA PAULA MADEIRA DI BENEDITTO Data: 26\/07\/2000 T\u00edtulo: \u201cECOLOGIA ALIMENTAR DE PONTOPORIA BLAINVILLEI E SOTALIA FLUVIATILIS&#8230;<\/p>\n","protected":false},"author":25,"featured_media":0,"parent":1229,"menu_order":0,"comment_status":"closed","ping_status":"closed","template":"","meta":{"footnotes":""},"class_list":["post-1477","page","type-page","status-publish","hentry"],"_links":{"self":[{"href":"https:\/\/uenf.br\/posgraduacao\/biociencias-biotecnologia\/wp-json\/wp\/v2\/pages\/1477","targetHints":{"allow":["GET"]}}],"collection":[{"href":"https:\/\/uenf.br\/posgraduacao\/biociencias-biotecnologia\/wp-json\/wp\/v2\/pages"}],"about":[{"href":"https:\/\/uenf.br\/posgraduacao\/biociencias-biotecnologia\/wp-json\/wp\/v2\/types\/page"}],"author":[{"embeddable":true,"href":"https:\/\/uenf.br\/posgraduacao\/biociencias-biotecnologia\/wp-json\/wp\/v2\/users\/25"}],"replies":[{"embeddable":true,"href":"https:\/\/uenf.br\/posgraduacao\/biociencias-biotecnologia\/wp-json\/wp\/v2\/comments?post=1477"}],"version-history":[{"count":0,"href":"https:\/\/uenf.br\/posgraduacao\/biociencias-biotecnologia\/wp-json\/wp\/v2\/pages\/1477\/revisions"}],"up":[{"embeddable":true,"href":"https:\/\/uenf.br\/posgraduacao\/biociencias-biotecnologia\/wp-json\/wp\/v2\/pages\/1229"}],"wp:attachment":[{"href":"https:\/\/uenf.br\/posgraduacao\/biociencias-biotecnologia\/wp-json\/wp\/v2\/media?parent=1477"}],"curies":[{"name":"wp","href":"https:\/\/api.w.org\/{rel}","templated":true}]}}