{"id":1809,"date":"2020-12-01T14:56:26","date_gmt":"2020-12-01T17:56:26","guid":{"rendered":"http:\/\/uenf.br\/posgraduacao\/biociencias-biotecnologia\/?page_id=1809"},"modified":"2025-08-27T15:34:43","modified_gmt":"2025-08-27T18:34:43","slug":"ano-2012","status":"publish","type":"page","link":"https:\/\/uenf.br\/posgraduacao\/biociencias-biotecnologia\/teses-defendidas-2\/ano-2012\/","title":{"rendered":"Ano 2012"},"content":{"rendered":"<p><strong>Disserta\u00e7\u00e3o de Mestrado 2012<\/strong><\/p>\n<p><strong>1- MARIA DE F\u00c1TIMA DOS SANTOS SAMPAIO\u00a0 \u00a0 \u00a0<\/strong><\/p>\n<p><strong>Data<\/strong>: 16\/02\/2012<\/p>\n<p><strong>T\u00edtulo:<\/strong> \u201cTRATAMENTO COM A FRA\u00c7\u00c3O MONONUCLEAR DA MEDULA \u00d3SSEA EM MODELO ANIMAL DE ISQUEMIA CEREBRAL FOCAL: EFEITOS EM TESTE DE APRENDIZADO DE DESTREZA\u201d<br \/>\n<strong>Orientador:<\/strong> Arthur Giraldi Guimar\u00e3es<\/p>\n<p>____________________________________________<\/p>\n<p><strong>2- AM\u00c9LIA MIRANDA GOMES RODRIGUES<\/strong><\/p>\n<p><strong>Data<\/strong>: 29\/02\/2012<\/p>\n<p><strong>T\u00edtulo<\/strong>: \u201cEFEITO DO TRATAMENTO COM O FLAVONOIDE RUTINA EM<br \/>\nMODELO DE ISQUEMIA CEREBRAL FOCAL\u201d<\/p>\n<p><strong>Orientador: Dr Arthur Giraldi Guimar\u00e3es &#8211; LBCT\/UENF<\/strong><\/p>\n<p><strong>Banca:<\/strong><\/p>\n<p>Prof\u00aa Annelise Maria de Oliveira Wilken de Abreu &#8211; UENF<\/p>\n<p>Prof. Wagner Baetas da Cruz \/ UFRJ<\/p>\n<p>Prof\u00aa Michelle Fraz\u00e3o Muzitano &#8211; UFRJ \/ Maca\u00e9<\/p>\n<p>______________________________________________<\/p>\n<p><strong>3- CAMILLA RIBEIRO ALEXANDRINO<\/strong><\/p>\n<p><strong>Data<\/strong>: 29\/02\/2012<\/p>\n<p><strong>T\u00edtulo<\/strong>: \u201cANATOMIA E MICROMORFOLOGIA FOLIAR COMPARADA DE ESP\u00c9CIES DOS G\u00caNEROS Palicourea (Aubl.) Rudgea (Salisb.) (Rubiaceae) EM REMANESCENTES FLORESTAIS DO ESTADO DO RIO DE JANEIRO\u201d<\/p>\n<p><strong>Orientador: <\/strong><strong>Maura da Cunha<\/strong><\/p>\n<p><strong>Banca:<\/strong><\/p>\n<p><strong>Valdirene Moreira Gomes<\/strong><\/p>\n<p><strong>Emilio de Castro Miguel<\/strong><\/p>\n<p><strong>Tarsila Maria da Silva Moraes<\/strong><\/p>\n<p>_____________________________________________<\/p>\n<p><strong>4- THAIS LOUVAIN DE SOUZA <\/strong><\/p>\n<p><strong>Data<\/strong>: 13\/03\/2012<\/p>\n<p><strong>T\u00edtulo<\/strong>: \u201cMODIFICADORES DE RISCOS DE TRANSMISS\u00c3O MATERNO-INFANTIL DO HIV-1 E DE PROGRESS\u00c3O PARA AIDS PEDI\u00c1TRICA: EFEITOS DE POLIMORFISMOS NOS GENES HLA-B, CCR5,CCR2,IL10, TLR2\u201d<\/p>\n<p><strong>Orientador: <\/strong><strong>Enrique Medina-Acosta \/ Regina C\u00e9lia de Souza Campos Fernandes<\/strong><\/p>\n<p><strong>Banca:<\/strong><\/p>\n<p><strong>S\u00e9rgio Crovella<\/strong><\/p>\n<p><strong>Norma de Paula Motta Rubini<\/strong><\/p>\n<p><strong>Alessandra Pontillo<\/strong><\/p>\n<p>_____________________________________________<\/p>\n<p><strong>5- RENATO MARTINS DA SILVA<\/strong><\/p>\n<p><strong>Data: <\/strong>16\/03\/2012<\/p>\n<p><strong>T\u00edtulo: \u201c<\/strong>MODULA\u00c7\u00c3O DO METABOLISMO DE GLICOSE NOS OVOS EM DIAPAUSA DO MOSQUITO Aedes aegypti\u201d<\/p>\n<p><strong>Orientador: <\/strong>Carlos Logullo<\/p>\n<p><strong>Banca:<\/strong><\/p>\n<p>Rodrigo Nunes da Fonseca<\/p>\n<p>Patr\u00edcia Hessab Alvarenga<\/p>\n<p>Leonardo Araujo de Abreu<\/p>\n<p>_____________________________________________<\/p>\n<p><strong>6- LAYZ RIBEIRO DA SILVA TEIXEIRA <\/strong><\/p>\n<p><strong>Data<\/strong>: 26\/03\/2012<\/p>\n<p><strong>T\u00edtulo<\/strong>: \u201cREGULA\u00c7\u00c3O DE H+ -ATPases PELA GLICOSE E Ph EXTRACELULAR NA LEVEDURA Saccharomyces cerevisiae\u201d<\/p>\n<p><strong>Orientador: L<\/strong><strong>ev Alexandrovich Okorokov<\/strong><\/p>\n<p><strong>Banca:<\/strong><\/p>\n<p><strong>Alessandro Coutinho Ramos<\/strong><\/p>\n<p><strong>L\u00edvia Marini Palma<\/strong><\/p>\n<p><strong>Arnoldo Rocha Fa\u00e7anha<\/strong><\/p>\n<p>_____________________________________________<\/p>\n<p><strong>7- J\u00daLIA RIBEIRO SOARES<\/strong><\/p>\n<p><strong>Data<\/strong>: 26\/03\/2012<\/p>\n<p><strong>T\u00edtulo<\/strong>: \u201cPURIFICA\u00c7\u00c3O E CARACTERIZA\u00c7\u00c3O DE UMA DEFENSINA DE SEMENTES DE Adenanthera pavonina L. E AVALIA\u00c7\u00c3O DE SUA ATIVIDADE ANTIF\u00daNGICA CONTRA Saccharomyces cerevisiae\u201d<\/p>\n<p><strong>Orientador: <\/strong><strong>Andr\u00e9 de Oliveira Carvalho<\/strong><\/p>\n<p><strong>Banca:<\/strong><\/p>\n<p><strong>C\u00e9sar Luiz Siqueira J\u00fanior<\/strong><\/p>\n<p><strong>Claudete Santa Catarina<\/strong><\/p>\n<p><strong>Francisco Jos\u00e9 Alves Lemos<\/strong><\/p>\n<p>_____________________________________________<\/p>\n<p><strong>8- LET\u00cdCIA OLIVEIRA DA ROCHA<\/strong><\/p>\n<p><strong>Data<\/strong>: 27\/03\/2012<\/p>\n<p><strong>T\u00edtulo<\/strong>: \u201cAVALIA\u00c7\u00c3O DE EXTRATOS VEGETAIS COM ATIVIDADE LARVICIDA E OVICIDA NO CONTROLE IN VITRO DE NEMAT\u00d3IDES GASTRINTESTINAIS DE OVINOS\u201d<\/p>\n<p><strong>Orientador: Prof. Cl\u00f3vis de Paula Santos \u2013 CBB\/ UENF (orientador)<\/strong><\/p>\n<p><strong>Banca:<\/strong><\/p>\n<p>Prof. Antonio Henrique Almeida de Moraes Neto (Dr. Ci\u00eancias) \u2013 IOC\/ FIOCRUZ<\/p>\n<p>Prof. Francisco Carlos Rodrigues Oliveira (Dr. Ci\u00eancias Veterin\u00e1ria-Parasitologia) \u2013 CCTA\/ UENF<\/p>\n<p>Prof. Francisco Jos\u00e9 Alves Lemos (Dr. Ci\u00eancias Biol\u00f3gicas) \u2013 CBB\/ UENF<\/p>\n<p>_________________________________________________<\/p>\n<p><strong>9- GABRIEL BONAN TAVEIRA\u00a0 \u00a0 \u00a0 \u00a0 \u00a0<\/strong><\/p>\n<p><strong>Data<\/strong>: 29\/03\/2012<\/p>\n<p><strong>T\u00edtulo:<\/strong> \u201cPURIFICA\u00c7\u00c3O, CARACTERIZA\u00c7\u00c3O E ATIVIDADE BIOL\u00d3GICA DE PEPT\u00cdDEOS ANTIMICROBIANOS DE FRUTOS DE DUAS ESP\u00c9CIES DO G\u00caNERO Capsicum L.\u201d<br \/>\n<strong>Orientador:<\/strong> Valdirene Moreira Gomes<\/p>\n<p>_________________________________________________<\/p>\n<p><strong>10- VIVIANE ABRANTES PERD\u00cdZIO<\/strong><\/p>\n<p><strong>Data<\/strong>: 16\/02\/2012<\/p>\n<p><strong>T\u00edtulo<\/strong>: \u201cOTIMIZA\u00c7\u00c3O DE PROTOCOLO PARA AN\u00c1LISE PROTE\u00d4MICA USANDO COMO MODELO FOLHAS DE MARACUJ\u00c1 (PASSIFLORA EDULIS SIMS) TRATADAS COM METIL JASMONATO\u201d<\/p>\n<p><strong>Orientador: <\/strong><strong>T\u00e2nia Jacinto Freitas da Silva<\/strong><\/p>\n<p><strong>Banca: <\/strong><\/p>\n<p><strong>H\u00e9rika Chagas Madureira<\/strong><\/p>\n<p><strong>Beatriz dos Santos Ferreira<\/strong><\/p>\n<p><strong>Viviane Veiga do Nascimento<\/strong><\/p>\n<p>_____________________________________________<\/p>\n<p><strong>11- JONAS DE BRITO CAMPOLINA MARQUES <\/strong><\/p>\n<p><strong>Data<\/strong>: 30\/03\/2012<\/p>\n<p><strong>T\u00edtulo<\/strong>: \u201cANATOMIA COMPARADA DO LENHO DE ESP\u00c9CIES DE PSYCHOTRIA L. (RUBIACEAE) DA ILHA GRANDE,RJ\u201d<\/p>\n<p><strong>Orientador: <\/strong><strong>Maura da Cunha \/ C\u00e1tia Henriques Callado<\/strong><\/p>\n<p><strong>Banca:<\/strong><\/p>\n<p><strong>Sebasti\u00e3o Jos\u00e9 da Silva Neto<\/strong><\/p>\n<p><strong>Guilherme Rodrigues Rabelo<\/strong><\/p>\n<p><strong>Claudete Santa Catarina<\/strong><\/p>\n<p>_____________________________________________<\/p>\n<p><strong>12- FRANCIELLE BONET FERRAZ<\/strong><\/p>\n<p><strong>Data<\/strong>: 04\/04\/2012<\/p>\n<p><strong>T\u00edtulo<\/strong>: \u201cESTUDO CASO-CONTROLE E FREQU\u00caNCIAS AL\u00c9LICAS DE SNPs DE P2RX7 EM COORTE DE INDIV\u00cdDUOS COM LES\u00c3O OCULAR TOXOPL\u00c1SMICA NO NORTE DO ESTADO DO RIO DE JANEIRO\u201d<\/p>\n<p><strong>Orientador: <\/strong><strong>L\u00edlian Maria Garcia Bahia de Oliveira \/ Alba Luc\u00ednia Peixoto Rangel<\/strong><\/p>\n<p><strong>Banca:<\/strong><\/p>\n<p><strong>Gon\u00e7alo Apolin\u00e1rio de S. Filho<\/strong><\/p>\n<p><strong>Elena Lassouskaia<\/strong><\/p>\n<p><strong>Robson Coutinho Silva<\/strong><\/p>\n<p>_____________________________________________<\/p>\n<p><strong>13- RICARDO GUERRA PEIXE<\/strong><\/p>\n<p><strong>Data<\/strong>: 31\/05\/2012<\/p>\n<p><strong>T\u00edtulo<\/strong>: \u201cASSOCIA\u00c7\u00c3O ENTRE POLIMORFISMOS DOS GENES DAS CITOCINAS IL-13 E IFN- \u03b3 E A RETINOCOROIDITE TOXOPL\u00c1SMICA\u201d<\/p>\n<p><strong>Orientador: <\/strong><strong>L\u00edlian Maria Garcia Bahia De Oliveira<\/strong><\/p>\n<p><strong>Banca:<\/strong><\/p>\n<p><strong>Anna Lvovna Okorokova Fa\u00e7anha<\/strong><\/p>\n<p><strong>Jose Artur Bogo Chies<\/strong><\/p>\n<p><strong>Regina C\u00e9lia De S. C. Fernandes<\/strong><\/p>\n<p>_____________________________________________<\/p>\n<p><strong>14- POLLYANA MARIA DE OLIVEIRA PIMENTEL<\/strong><\/p>\n<p><strong>Data<\/strong>: 31\/05\/2012<\/p>\n<p><strong>T\u00edtulo<\/strong>: \u201cPADR\u00c3O DE EXPRESS\u00c3O in situ DE MMP-2, MMP-9 E E DE EMMPRIN NA FASE AGUDA DA INFEC\u00c7\u00c3O EXPERIMENTAL ORLA MURINA POR Toxoplasma gondii\u201d<\/p>\n<p><strong>Orientador: <\/strong><strong>Andrea Cristina Veto Arnholdt<\/strong><\/p>\n<p><strong>Banca:<\/strong><\/p>\n<p><strong>Jo\u00e3o Luiz Mendes Wanderley<\/strong><\/p>\n<p><strong>Renato Augusto DaMatta<\/strong><\/p>\n<p><strong>Milton\u00a0 Masahiko Kanashiro<\/strong><\/p>\n<p>_____________________________________________<\/p>\n<p><strong>15- SARA HELLEN SANTOS SCHUINDT<\/strong><\/p>\n<p><strong>Data<\/strong>: 06\/06\/2012<\/p>\n<p><strong>T\u00edtulo<\/strong>: \u201cSECRE\u00c7\u00c3O DE COMPLEXOS CONTENDO MMP-9 E CD44 POR MACR\u00d3FAGOS INFECTADOS COM Toxoplasma gondii\u201d<\/p>\n<p><strong>Orientador: <\/strong><strong>Andrea Cristina Veto Arnholdt<\/strong><\/p>\n<p><strong>Banca:<\/strong><\/p>\n<p><strong>Ed\u00e9sio Jos\u00e9 Ten\u00f3rio de Melo<\/strong><\/p>\n<p><strong>Thiago Motta Venancio<\/strong><\/p>\n<p><strong>Alexandre Morrot Lima <\/strong><\/p>\n<p>_____________________________________________<\/p>\n<p><strong>16- LYNNA DE PAULA SENTINELLI<\/strong><\/p>\n<p><strong>Data<\/strong>: 11\/06\/2012<\/p>\n<p><strong>T\u00edtulo<\/strong>: \u201cEXPRESS\u00c3O DE MT1-MMP E DA ADAM-1- EM MACR\u00d3FAGOS INFECTADOS COM Toxoplasma gondii E ENVOLVIMENTO DE FURINO CONVERTASE NA CONVERS\u00c3O DE ZIMOG\u00caNIOS\u201d<\/p>\n<p><strong>Orientador: <\/strong><strong>Andrea Cristina Veto Arnholdt<\/strong><\/p>\n<p><strong>Banca:<\/strong><\/p>\n<p><strong>Annelise M. O. W. de Abreu<\/strong><\/p>\n<p><strong>Elena Lassouskaia<\/strong><\/p>\n<p><strong>Renato Augusto DaMatta<\/strong><\/p>\n<p>_____________________________________________<\/p>\n<p><strong>17- LUCIANA VILAR FALLEIRO<\/strong><\/p>\n<p><strong>Data<\/strong>: 12\/06\/2012<\/p>\n<p><strong>T\u00edtulo<\/strong>: \u201cDIAGN\u00d3STICO DE INVERS\u00d5ES ENVOLVENDO OS HOTSPSOTS INT1H E INT22H CAUSADORAS DE HEMOFILIA A POR PCR INVERTIDA, TRANSLOCADA E QUANTITATIVA POR FLUORESC\u00caNCIA MULTIPLEX (QF-IF-PCR) E EPIDEMIOLOGIA DA HEMOFILIA A EM CAMPOS DOS GOYTACAZES, RJ\u201d<\/p>\n<p><strong>Orientador: <\/strong><strong>Enrique Medina-Acosta<\/strong><\/p>\n<p><strong>Banca:<\/strong><\/p>\n<p><strong>\u00c1lvaro Fabr\u00edcio Lopes Rios<\/strong><\/p>\n<p><strong>Beatriz dos Santos Ferreira<\/strong><\/p>\n<p><strong>Regina C\u00e9lia de Souza Campos Fernandes<\/strong><\/p>\n<p>_____________________________________________<\/p>\n<p><strong>18- LALITA PESSANHA JARDIM<\/strong><\/p>\n<p><strong>Data<\/strong>: 25\/06\/2012<\/p>\n<p><strong>T\u00edtulo<\/strong>: \u201cBARREIRAS DE PERMEABILIDADE E CARACTER\u00cdSTICAS MORFOFISOLOGICAS DO TEST\u00cdCULO E VIAS SEMINAIS DE UCIDES CORDATUS [CRUSTACEA, BRACHYURA, OCYPODIDAE]\u201d<\/p>\n<p><strong>Orientador: <\/strong><strong>Claudio Andr\u00e9s Retamal Martinez \/ Maria Luisa L\u00f3pez Alvarez<\/strong><\/p>\n<p><strong>Banca:<\/strong><\/p>\n<p><strong>Annelise M. Wilken de Abreu<\/strong><\/p>\n<p><strong>Renato Augusto DaMatta<\/strong><\/p>\n<p><strong>Maria Clara Caldas Bussierre<\/strong><\/p>\n<p><strong>Gustavo Miranda Rocha<\/strong><\/p>\n<p>_____________________________________________<\/p>\n<p><strong>19- DANIELLE GON\u00c7ALVES NOVELLI<\/strong><\/p>\n<p><strong>Data<\/strong>: 28\/06\/2012<\/p>\n<p><strong>T\u00edtulo<\/strong>: \u201cSILENCIAMENTO G\u00caNICO DE UMA AKT\/PKB E UMA GLICOG\u00caNIO<br \/>\nSINTASE CINASE-3 EM Aedes aegypti\u201d<\/p>\n<p><strong>Orientador: Prof. Carlos Jorge Logullo de Oliveira (UENF)<\/strong><\/p>\n<p><strong>Banca:<\/strong><\/p>\n<p>Prof. Marcos Henrique Ferreira Sorgine (UFRJ)<\/p>\n<p>Prof. Jos\u00e9 Roberto da Silva (UFRJ-Maca\u00e9)<\/p>\n<p>Prof. Arnoldo Rocha Fa\u00e7anha (UENF)<\/p>\n<p>___________________________________________________<\/p>\n<p><strong>20- MAYCON BRUNO DE ALMEIDA<\/strong><\/p>\n<p><strong>Data<\/strong>: 03\/10\/2012<\/p>\n<p><strong>T\u00edtulo<\/strong>: \u201cEVOLU\u00c7\u00c3O DE PAR\u00c2METROS CL\u00cdNICO-PATOL\u00d3GICOS EM CAMUNDONGOS EXPERIMENTALMENTE INFECTADOS COM Ascaris suum, Heligmosomoides polygyrus E Toxoplasma gondii\u201d<\/p>\n<p><strong>Orientador: <\/strong><strong>L\u00edlian Maria Garcia Bahia de Oliveira<\/strong><\/p>\n<p><strong>Banca:<\/strong><\/p>\n<p><strong>Cl\u00f3vis de Paula Santos<\/strong><\/p>\n<p><strong>Ant\u00f4nio Peixoto Albernaz<\/strong><\/p>\n<p><strong>Annelise Maria Oliveira Wilken de Abreu<\/strong><\/p>\n<p>_____________________________________________<\/p>\n","protected":false},"excerpt":{"rendered":"<p>Disserta\u00e7\u00e3o de Mestrado 2012 1- MARIA DE F\u00c1TIMA DOS SANTOS SAMPAIO\u00a0 \u00a0 \u00a0 Data: 16\/02\/2012 T\u00edtulo: \u201cTRATAMENTO COM A FRA\u00c7\u00c3O&#8230;<\/p>\n","protected":false},"author":25,"featured_media":0,"parent":277,"menu_order":0,"comment_status":"closed","ping_status":"closed","template":"","meta":{"footnotes":""},"class_list":["post-1809","page","type-page","status-publish","hentry"],"_links":{"self":[{"href":"https:\/\/uenf.br\/posgraduacao\/biociencias-biotecnologia\/wp-json\/wp\/v2\/pages\/1809","targetHints":{"allow":["GET"]}}],"collection":[{"href":"https:\/\/uenf.br\/posgraduacao\/biociencias-biotecnologia\/wp-json\/wp\/v2\/pages"}],"about":[{"href":"https:\/\/uenf.br\/posgraduacao\/biociencias-biotecnologia\/wp-json\/wp\/v2\/types\/page"}],"author":[{"embeddable":true,"href":"https:\/\/uenf.br\/posgraduacao\/biociencias-biotecnologia\/wp-json\/wp\/v2\/users\/25"}],"replies":[{"embeddable":true,"href":"https:\/\/uenf.br\/posgraduacao\/biociencias-biotecnologia\/wp-json\/wp\/v2\/comments?post=1809"}],"version-history":[{"count":0,"href":"https:\/\/uenf.br\/posgraduacao\/biociencias-biotecnologia\/wp-json\/wp\/v2\/pages\/1809\/revisions"}],"up":[{"embeddable":true,"href":"https:\/\/uenf.br\/posgraduacao\/biociencias-biotecnologia\/wp-json\/wp\/v2\/pages\/277"}],"wp:attachment":[{"href":"https:\/\/uenf.br\/posgraduacao\/biociencias-biotecnologia\/wp-json\/wp\/v2\/media?parent=1809"}],"curies":[{"name":"wp","href":"https:\/\/api.w.org\/{rel}","templated":true}]}}