{"id":1815,"date":"2020-12-01T14:57:16","date_gmt":"2020-12-01T17:57:16","guid":{"rendered":"http:\/\/uenf.br\/posgraduacao\/biociencias-biotecnologia\/?page_id=1815"},"modified":"2025-08-27T15:16:39","modified_gmt":"2025-08-27T18:16:39","slug":"ano-2010","status":"publish","type":"page","link":"https:\/\/uenf.br\/posgraduacao\/biociencias-biotecnologia\/teses-defendidas-2\/ano-2010\/","title":{"rendered":"Ano 2010"},"content":{"rendered":"<p><strong>Disserta\u00e7\u00e3o de Mestrado 2010:<\/strong><br \/>\n<strong>1 \u2013 JULIANA MARIA DA CUNHA DE OLIVEIRA SANTOS<\/strong><br \/>\n<strong>Data:<\/strong> 03\/02\/2010<br \/>\n<strong>T\u00edtulo:<\/strong> \u201cATIVA\u00c7\u00c3O DIFERENCIAL DE V-ATPASES NA MEMBRANA PLASM\u00c1TICA EM LINHAGENS DE MELATONOMA\u201d<br \/>\n<strong>Orientador:<\/strong> Arnoldo Rocha Fa\u00e7anha<br \/>\n<strong>Banca:<\/strong> Emerson Lopes Olivares<br \/>\nCarlos Jorge Logullo de Oliveira<br \/>\nRenato Augusto DaMatta<br \/>\n_______________________________________________<br \/>\n<strong>2 \u2013 ANA L\u00cdDIA SOARES RANGEL<\/strong><br \/>\n<strong>Data:<\/strong> 10\/02\/2010<br \/>\n<strong>T\u00edtulo:<\/strong> \u201cPARTICIPA\u00c7\u00c3O DO SISTEMA DE DEFESA DE Arabidopsis thaliana DURANTE A ASSOCIA\u00c7\u00c3O COM BACT\u00c9RIAS ENDORF\u00cdTICAS DE CANA-DE-A\u00c7\u00daCAR\u201d<br \/>\n<strong>Orientador<\/strong>: Gon\u00e7alo A. d Souza Filho<br \/>\n<strong>Banca:<\/strong> M\u00e1rcio Alves Ferreira<br \/>\nRosana Rodrigues<br \/>\nF\u00e1bio Lopes Olivares<br \/>\n_______________________________________________<br \/>\n<strong>3 \u2013 ARIANE FABRES DE JESUS<\/strong><br \/>\n<strong>Data:<\/strong> 11\/02\/2010<br \/>\n<strong>T\u00edtulo<\/strong>: \u201cENVOLVIMENTO DA GSK3\u03b2 NO DESENVOLVIMENTO EMBRION\u00c1RIO DOCARRAPATO R. (BOOPHILUS) MICROPLUS: EFEITO DO SILENCIAMENTO POR RNAI EM F\u00caMEAS PARCIALMENTE INGURGITADAS E SUA REGULA\u00c7\u00c3O POR C\u00c1LCIO NAS C\u00c9LULAS EMBRION\u00c1RIAS BME26\u201d<br \/>\n<strong>Orientador:<\/strong> Carlos Logullo \/ Anna Okorokova<br \/>\n<strong>Banca:<\/strong> Sirlei Daffre<br \/>\nAntonia Elenir Am\u00e2ncio Oliveira<br \/>\nF\u00e1bio Lopes Olivares<br \/>\n_______________________________________________<br \/>\n<strong>4 \u2013 NATH\u00c1LIA BASTOS LIMA<\/strong><br \/>\n<strong>Data:<\/strong> 12\/02\/2010<br \/>\n<strong>T\u00edtulo:<\/strong> \u201cACOMPANHAMENTO DE PROTEINASES SER\u00cdNICAS EM SEMENTES DE FEIJ\u00c3O-DE-CORDA (Vigna unguiculata) EM DESENVOLVIMENTO, QUIESC\u00caNCIA GERMINA\u00c7\u00c3O\u201d<br \/>\n<strong>Orientador:<\/strong> K\u00e1tia Valevski Sales Fernandes<br \/>\n<strong>Banca:<\/strong> Ant\u00f4nia Elenir Am\u00e2ncio de Oliveira<br \/>\nMaura da Cunha<br \/>\nAndr\u00e9 Teixeira da Silvs Ferreira<br \/>\n_______________________________________________<br \/>\n<strong>5 \u2013 DAVID GITIRANA DA ROCHA <\/strong><br \/>\n<strong>Data:<\/strong> 19\/02\/2010<\/p>\n<p><strong>T\u00edtulo:<\/strong> \u201cISOLAMENTO TRANSCRIPT\u00d4MICO DAS SEQ\u00caNCIAS VARI\u00c1VEIS DE IGY DE GALINHAS POEDEIRAS (GALLUS GALLUS) ANTIVENENOS DE BITIS ARIETANS E CROTALUS DURISSUS TERRIFICUS\u201d<br \/>\n<strong>Orientador:<\/strong> Wilmar Dias da Silva.<\/p>\n<p>_______________________________________________<br \/>\n<strong>6 \u2013 KEILLA DOS REIS DUTRA<\/strong><br \/>\n<strong>Data:<\/strong> 22\/02\/2010<br \/>\n<strong>T\u00edtulo:<\/strong> \u201cTRANSI\u00c7\u00c3O DIM\u00d3RFICA EM Yarrowia lipolytica: A\u00c7\u00c3O DA AUXINA E \u00d3XIDO N\u00cdTRICO\u201d<br \/>\n<strong>Orientador:<\/strong> Anna L. Okorokova Fa\u00e7anha<br \/>\n<strong>Banca:<\/strong> Alessandro Coutinho Ramos<br \/>\nF\u00e1bio Lopes Olivares<br \/>\nMirella Pupo Santos<br \/>\n_______________________________________________<br \/>\n<strong>7 \u2013 \u00c9RICA DE OLIVEIRA MELLO <\/strong><br \/>\n<strong>Data:<\/strong> 22\/02\/2010<\/p>\n<p><strong>T\u00edtulo:<\/strong> \u201cIMUNOLOCALIZA\u00c7\u00c3O E ATIVIDADE ANTIF\u00daNGICA DE UMA DEFENSINA ISOLADA DE SEMENTES DE PHASEOLUS VULGARIS\u201d<br \/>\n<strong>Orientador:<\/strong> Valdirene Moreira Gomes<\/p>\n<p>_______________________________________________<br \/>\n<strong>8\u2013 LUCILENE OLLIVER DE OLIVEIRA<\/strong><br \/>\n<strong>Data:<\/strong> 22\/02\/2010<br \/>\n<strong>T\u00edtulo:<\/strong> \u201cUMA VIS\u00c3O INTEGRADA DOS EVENTOS PROTEOL\u00cdTICOS DE SEMENTES DE VIGNA UNGUICULATA AO LONGO DOS PROCESSOS GERMINATIVOS E P\u00d3S-GERMINATIVOS COM \u00caNFASE EM PROTEINASES CISTE\u00cdNICAS\u201d<br \/>\n<strong>Orientador:<\/strong> K\u00e1tia Valevski Sales Fernandes<br \/>\n<strong>Banca:<\/strong> Cristiane Martins Cardoso de Salles<br \/>\nBeatriz dos Santos Ferreira<br \/>\nJorge Hernandez Fernandez<br \/>\n_______________________________________________<br \/>\n<strong>9 \u2013 RENAN MODESTO MONTEIRO<\/strong><br \/>\n<strong>Data:<\/strong> 22\/02\/2010<br \/>\n<strong>T\u00edtulo:<\/strong> \u201cNOVAS PROPRIEDADES DAS V H+ -ATPases DE Saccharomyces cerevisiae: REGULA\u00c7\u00c3O DA ENZIMA PELOS C\u00c1TIONS DIVALENTES C\u00c1LCIO E MANGAN\u00caS E PELA GLICOSE EXTRACELULAR\u201d<br \/>\n<strong>Orientador:<\/strong> Lev Alexandrovitch Okorokov<br \/>\n<strong>Banca:<\/strong> Alessandro Coutinho Ramos<br \/>\nAnna Lvovna Okorokova Fa\u00e7anha<br \/>\nFlavia Emenegilda da Silva<br \/>\n_______________________________________________<br \/>\n<strong>10\u2013 FL\u00c1VIA PEREIRA VIEIRA<\/strong><br \/>\n<strong>Data:<\/strong> 22\/02\/2010<br \/>\n<strong>T\u00edtulo:<\/strong> \u201cCORRELA\u00c7\u00c3O ENTRE A VULNERABILIDAE DE AQU\u00cdFEROS E A PREVAL\u00caNCIA DA TOXOPLASMOSE HUMANA E ANIMAL EM CAMPOS DOS GOYTACAZES \u2013 REGI\u00c3O NORTE DE ESTADO DO RIO DE JANEIRO\u201d<br \/>\n<strong>Orientador:<\/strong> Lilian Maria Garcia Bahia de Oliveira<br \/>\n<strong>Banca:<\/strong> Annaelise Maria de Oliveira Wilken de Abreu<br \/>\nElena Lassounkaia<br \/>\nMilton Masahiko Kanashiro<br \/>\n_______________________________________________<br \/>\n<strong>11\u2013 GILIANE DA SILVA DE SOUZA <\/strong><br \/>\n<strong>Data:<\/strong> 23\/02\/2010<\/p>\n<p><strong>T\u00edtulo:<\/strong> &#8220;GERA\u00c7\u00c3O E CARACTERIZA\u00c7\u00c3O DE ANTICORPOS MONOCLONAIS CONTRA ANT\u00cdGENOS DE M. avium subsp. paratuberculosis E M. bovis BCG PARA IMUNODIAGN\u00d3STICO DIFERENCIAL DA PARATUBERCULOSE E TUBERCULOSE HUMANA E BOVINA&#8221;<br \/>\n<strong>Orientador:<\/strong> Elena Lassounskaia<\/p>\n<p>_______________________________________________<br \/>\n<strong>12 \u2013 KEYSSON VIEIRA FERNANDES <\/strong><br \/>\n<strong>Data:<\/strong> 23\/02\/2010<\/p>\n<p><strong>T\u00edtulo:<\/strong> \u201cDETOXIFICA\u00c7\u00c3O DA TORTA DE MAMONA POR FERMENTA\u00c7\u00c3O EM ESTADO S\u00d3LIDO\u201d<br \/>\n<strong>Orientador:<\/strong> Olga Lima Tavares Machado<\/p>\n<p>_______________________________________________<br \/>\n<strong>13 \u2013 SIMONE CAYRES DE SOUZA<\/strong><br \/>\n<strong>Data:<\/strong> 11\/03\/2010<br \/>\n<strong>T\u00edtulo:<\/strong> \u201cAN\u00c1LISE DAS ALTERA\u00c7\u00d5ES METAB\u00d3LICAS DE Canavalia ensiformis DURANTE GERMINA\u00c7\u00c3O E DESENVOLVIMENTO P\u00d3S-GERMINATIVO EM RESPOSTA A INSULINA E COMPOSTOS RELACIONADOS\u201d<br \/>\n<strong>Orientador:<\/strong> Ant\u00f4nia Elenir Am\u00e2ncio Oliveira<br \/>\n<strong>Banca:<\/strong> Valdirene Moreira Gomes<br \/>\nMaura da Cunha<br \/>\nMarco Ant\u00f4nio Lopes Cruz<br \/>\n_______________________________________________<br \/>\n<strong>14 \u2013RAUL RAMOS FURTADO DIAS <\/strong><br \/>\n<strong>Data:<\/strong> 16\/03\/2010<\/p>\n<p><strong>T\u00edtulo:<\/strong> \u201cINFEC\u00c7\u00c3O ORAL POR Toxoplasma gondii INDUZ INFLAMA\u00c7\u00c3O INTESTINAL E C\u00d3RIORRETINITE EM CAMUNDONGOS RESISTENTES \u00c0 TOLERANCIA ORAL, E ENCEFALITE NOS CAMUNDONGOS SUSCEPT\u00cdVEIS\u201d<br \/>\n<strong>Orientador:<\/strong> Maria de F\u00e1tima Sarro da Silva<\/p>\n<p>_______________________________________________<br \/>\n<strong>15 \u2013 FABR\u00cdCIO MOREIRA ALMEIDA <\/strong><br \/>\n<strong>Data:<\/strong> 25\/03\/2010<\/p>\n<p><strong>T\u00edtulo:<\/strong> \u201cPAPEL DA AUTOFAGIA NA ELIMINA\u00c7\u00c3O DE CEPAS AVIRULENTAS E VIRULENTAS DE MICOBACT\u00c9RIAS PELOS MACR\u00d3FAGOS\u201d<br \/>\n<strong>Orientador:<\/strong> Elena Lassounskaia<\/p>\n<p>_______________________________________________<br \/>\n<strong>16\u2013 MARIA CLARA ORNELAS NUNES<\/strong><br \/>\n<strong>Data:<\/strong> 19\/04\/2010<br \/>\n<strong>T\u00edtulo:<\/strong> \u201cAN\u00c1LISE CIN\u00c9TICA DO CUTIVO DE GLUCONACETOBACTER DIAZOTROPHIUS PAL 5 EM CULTIVO SUBMERSO\u201d<br \/>\n<strong>Orientador:<\/strong> Mar\u00edlia Amorim Berbert de Molina \/ T\u00e2nia Jacinto Freitas Faria<br \/>\n<strong>Banca:<\/strong> Arnaldo M\u00e1rcio Ramalho Prata<br \/>\nF\u00e1bio Lopes Olivares<br \/>\nGon\u00e7alo Apolin\u00e1rio de Souza Filho<br \/>\n_______________________________________________<br \/>\n<strong>17 \u2013 MARIA ISABEL TITONELI PACHECO MORENO<\/strong><br \/>\n<strong>Data:<\/strong> 10\/05\/2010<br \/>\n<strong>T\u00edtulo:<\/strong> \u201cANATOMIA FOLIAR DE FARAMEA INTERCEDENS MULL. ARG. (RUBIACEAE) EM FLORESTA SOB REGIME DE CORTE SELETIVO\u201d<br \/>\n<strong>Orientador:<\/strong> Maura da Cunha<br \/>\n<strong>Banca:<\/strong> Flavio Costa Miguens<br \/>\nValdirene Moreira Gomes<br \/>\nDenise Espellet Klein<br \/>\n_______________________________________________<br \/>\n<strong>18\u2013 CRISTINA DOS SANTOS FERREIRA<\/strong><br \/>\n<strong>Data:<\/strong> 29\/09\/2010<br \/>\n<strong>T\u00edtulo:<\/strong> \u201cIDENTIFICA\u00c7\u00c3O E CARACTERIZA\u00c7\u00c3O DE MUTANTES DE Gluconacetobacter diazotrophicus COM BAIXA VELOCIDADE DE CRESCIMENTO DE COL\u00d4NIA\u201d<br \/>\n<strong>Orientador:<\/strong> Gon\u00e7alo Apolin\u00e1rio de Souza Filho<br \/>\n<strong>Banca:<\/strong> Orlando Bonifacio Martins<br \/>\nVictor Martin Quintana Flores<br \/>\nMar\u00edlia Amorim Berbert de Molina<br \/>\n_______________________________________________<br \/>\n<strong>19 \u2013 KARLA LIVRAMENTO MENDON\u00c7A DE SOUZA OLIVEIRA<\/strong><br \/>\n<strong>Data:<\/strong> 03\/11\/2010<br \/>\n<strong>T\u00edtulo:<\/strong> \u201cSITUA\u00c7\u00c3O EPIDEMIOL\u00d3GICA DA TUBERCULOSE NA REGI\u00c3O PETROL\u00cdFERA DA BACIA DE CAMPOS \u2013 CIDADE DE MACA\u00c9 \u2013 ESTADO DO RIO DE JANEIRO NO PER\u00cdODO DE CRESCIMENTO DA EXTRA\u00c7\u00c3O PETROL\u00cdFERA (1995-2008)\u201d<br \/>\n<strong>Orientador:<\/strong> Elena Lassounskaia<br \/>\n<strong>Banca:<\/strong> Milton Masahiko Kanashiro<br \/>\nCarlos Leonardo Ramos P\u00f3voa<br \/>\nMichelle Fraz\u00e3o Muzitano<br \/>\n_______________________________________________<br \/>\n<strong>20 \u2013 RENATA VASCONCELOS MOREIRA<\/strong><br \/>\n<strong>Data:<\/strong> 12\/11\/2010<br \/>\n<strong>T\u00edtulo:<\/strong> \u201cEFEITOS ANATOMOPAL\u00d3GICOS AP\u00d3S CONTAMINA\u00c7\u00c3O IN VITRO POR CLORETOS DE MERC\u00daRIO E DE C\u00c1DIMO EM TEST\u00cdCULOS DO PEIXE TELE\u00d3STEO Gymnotus carapo (tuvira) (LINNAEUS,1758)\u201d<br \/>\n<strong>Orientador:<\/strong> Ed\u00e9sio Jos\u00e9 Ten\u00f3rio de Melo<br \/>\n<strong>Banca:<\/strong> Carlos Eduardo de Rezende<br \/>\nEul\u00f3gio Carlos Queiroz de Carvalho<br \/>\nLeonardo Gomes da Silva<br \/>\n_______________________________________________<\/p>\n","protected":false},"excerpt":{"rendered":"<p>Disserta\u00e7\u00e3o de Mestrado 2010: 1 \u2013 JULIANA MARIA DA CUNHA DE OLIVEIRA SANTOS Data: 03\/02\/2010 T\u00edtulo: \u201cATIVA\u00c7\u00c3O DIFERENCIAL DE V-ATPASES&#8230;<\/p>\n","protected":false},"author":25,"featured_media":0,"parent":277,"menu_order":0,"comment_status":"closed","ping_status":"closed","template":"","meta":{"footnotes":""},"class_list":["post-1815","page","type-page","status-publish","hentry"],"_links":{"self":[{"href":"https:\/\/uenf.br\/posgraduacao\/biociencias-biotecnologia\/wp-json\/wp\/v2\/pages\/1815","targetHints":{"allow":["GET"]}}],"collection":[{"href":"https:\/\/uenf.br\/posgraduacao\/biociencias-biotecnologia\/wp-json\/wp\/v2\/pages"}],"about":[{"href":"https:\/\/uenf.br\/posgraduacao\/biociencias-biotecnologia\/wp-json\/wp\/v2\/types\/page"}],"author":[{"embeddable":true,"href":"https:\/\/uenf.br\/posgraduacao\/biociencias-biotecnologia\/wp-json\/wp\/v2\/users\/25"}],"replies":[{"embeddable":true,"href":"https:\/\/uenf.br\/posgraduacao\/biociencias-biotecnologia\/wp-json\/wp\/v2\/comments?post=1815"}],"version-history":[{"count":0,"href":"https:\/\/uenf.br\/posgraduacao\/biociencias-biotecnologia\/wp-json\/wp\/v2\/pages\/1815\/revisions"}],"up":[{"embeddable":true,"href":"https:\/\/uenf.br\/posgraduacao\/biociencias-biotecnologia\/wp-json\/wp\/v2\/pages\/277"}],"wp:attachment":[{"href":"https:\/\/uenf.br\/posgraduacao\/biociencias-biotecnologia\/wp-json\/wp\/v2\/media?parent=1815"}],"curies":[{"name":"wp","href":"https:\/\/api.w.org\/{rel}","templated":true}]}}