{"id":1817,"date":"2020-12-01T14:57:38","date_gmt":"2020-12-01T17:57:38","guid":{"rendered":"http:\/\/uenf.br\/posgraduacao\/biociencias-biotecnologia\/?page_id=1817"},"modified":"2025-08-27T15:07:15","modified_gmt":"2025-08-27T18:07:15","slug":"ano-2009","status":"publish","type":"page","link":"https:\/\/uenf.br\/posgraduacao\/biociencias-biotecnologia\/teses-defendidas-2\/ano-2009\/","title":{"rendered":"Ano 2009"},"content":{"rendered":"<p><strong>\u00a0Disserta\u00e7\u00e3o de Mestrado 2009:<\/strong><br \/>\n<strong>1\u2013 GUINEVERE FERNANDES LOUREN\u00c7O DO S. LIMA <\/strong><br \/>\n<strong>Data:<\/strong> 23\/01\/2009<br \/>\n<strong>T\u00edtulo:<\/strong> \u201cCARACTERIZA\u00c7\u00c3O FUNCIONAL DA REGI\u00c3O REGULAT\u00d3RIA E ESTUDO DA INFLU\u00caNCIA DO \u00cdNTRON Sa\/T NA REGULA\u00c7\u00c3O DO GENE Sa\/T DE ARROZ (Oryza sativa L.)\u201d<br \/>\n<strong>Orientador:<\/strong> Gon\u00e7alo Apolin\u00e1rio de Souza Filho \/ Vanildo Silveira<br \/>\n<strong>Banca:<\/strong> Laura Jane M. Santiago<br \/>\nMarco Ant\u00f4nio Lopes Cruz<br \/>\nAdriane Nunes de Souza<br \/>\n_______________________________________________<br \/>\n<strong>2\u2013 SHEILA M\u00c1RCIA DE SOUZA <\/strong><br \/>\n<strong>Data:<\/strong> 06\/02\/2009<\/p>\n<p><strong>T\u00edtulo:<\/strong> \u201cABSOR\u00c7\u00c3O E COMPARTIMENTALIZA\u00c7\u00c3O DE VICILINAS DE Vigna unguiculata POR Callosobruchus maculatus E Zabrotes subfasciatus (COLEOPTERA: CHRYSOMELIDAE: BRUQUINAE)\u201d<br \/>\n<strong>Orientador<\/strong>: Carlos Peres Silva<\/p>\n<p>_______________________________________________<br \/>\n<strong>3 \u2013 JULIANA DA CRUZ PADR\u00c3O<\/strong><br \/>\n<strong>Data:<\/strong> 12\/02\/2009<br \/>\n<strong>T\u00edtulo:<\/strong> \u201cIDENTIFICA\u00c7\u00c3O DA VIA DE DEGRADA\u00c7\u00c3O DO \u00d3XIDO N\u00cdTRICO SINTASE INDUZIDA EM MACR\u00d3FAGOS ATIVADOS E INFECTADOS PELO TOXOMAPLASMA GONDII\u201d<br \/>\n<strong>Orientador:<\/strong> Renato Augusto DaMatta \/ Maria de F\u00e1tima S. da Silva<br \/>\n<strong>Banca:<\/strong> S\u00e9rgio Henrique Seabra<br \/>\nMichelle F. Muzitano<br \/>\nCl\u00f3vis de Paula Santos<br \/>\n_______________________________________________<br \/>\n<strong>4\u2013 JOSIMARA BARCELOS VEN\u00c2NCIO <\/strong><br \/>\n<strong>Data:<\/strong> 13\/02\/2009<br \/>\n<strong>T\u00edtulo:<\/strong> \u201cMECANISMO DE TOLER\u00c2NCIA AO CROMO DE Eichhornia crassipes (Mart.) SOLMS: CAPACIDADE DE ACUMULA\u00c7\u00c3O DO METAL, EFEITOS SOBRE A FOTOSS\u00cdNTESE E MODULA\u00c7\u00c3O DAS BOMBAS DE H+\u201d<br \/>\n<strong>Orientador:<\/strong> Arnoldo Rocha Fa\u00e7anha<br \/>\n<strong>Banca<\/strong>: Alessandro Coutinho Ramos<br \/>\nCarlos Eduardo de Rezende<br \/>\nF\u00e1bio Lopes Olivares<br \/>\n_______________________________________________<br \/>\n<strong>5 \u2013 LAURA AZEREDO MIRANDA MOTA <\/strong><br \/>\n<strong>Data:<\/strong> 13\/02\/2009<\/p>\n<p><strong>T\u00edtulo:<\/strong> \u201cMACR\u00d3FAGOS PERITONEAIS DE CAMUNDONGO CULTIVADOS COM SORO HOM\u00d3LOGO APRESENTAM GRANDE N\u00daMERO DE CORPOS LIP\u00cdDICOS E A\u00c7\u00c3O MICROBICIDA REDUZIDA CONTRA O TOXOPLASMA GONDII\u201d<br \/>\n<strong>Orientador:<\/strong> Dr. Renato Augusto DaMatta<\/p>\n<p>_______________________________________________<br \/>\n<strong>6\u2013 CRISTIANE DOS SANTOS VERG\u00cdLIO<\/strong><br \/>\n<strong>Data:<\/strong> 13\/02\/2009<br \/>\n<strong>T\u00edtulo:<\/strong> \u201cEFEITOS MORFOL\u00d3GICOS E ULTRAESTRUTURAIS DA CONTAMINA\u00c7\u00c3O POR CLORETO DE MERC\u00daRIO E C\u00c1DMIO IN VIVO E IN VITRO\u201d<br \/>\n<strong>Orientador:<\/strong> Ed\u00e9sio Jos\u00e9 Ten\u00f3rio de Melo \/ Carlos Eduardo Veiga de Carvalho<br \/>\n<strong>Banca:<\/strong> Fl\u00e1vio Costa Miguens<br \/>\nJo\u00e3o Paulo Machado Torres<br \/>\nMarcelo Gomes de Almeida<br \/>\n_______________________________________________<br \/>\n<strong>7\u2013 NAT\u00c1LIA DEUS DE OLIVEIRA CRESPO <\/strong><br \/>\n<strong>Data:<\/strong> 16\/02\/2009<\/p>\n<p><strong>T\u00edtulo:<\/strong> \u201cDESENVOLVIMENTO DE UMA TECNOLOGIA PARA DESATIVAR EPITOPOS ALERG\u00caNICOS DE TORTA DE MAMONA\u201d<br \/>\n<strong>Orientador: <\/strong>Olga Lima Tavares Machado<\/p>\n<p>_______________________________________________<br \/>\n<strong>8\u2013 EVENILTON PESSOA COSTA <\/strong><br \/>\n<strong>Data:<\/strong> 05\/03\/2009<\/p>\n<p><strong>T\u00edtulo:<\/strong> \u201cCARACTERIZA\u00c7\u00c3O DE UMA PIROFOSFATASE INORG\u00c2NICA SOL\u00daVEL DO CARRAPATO BOVINO RHIPICEPHALUS MICROPLUS\u201d<br \/>\n<strong>Orientador:<\/strong> Carlos Jorge Logullo de Oliveira<\/p>\n<p>_______________________________________________<br \/>\n<strong>9\u2013 AMANDA JARDIM DE SOUZA<\/strong><br \/>\n<strong>Data:<\/strong> 17\/03\/2009<br \/>\n<strong>T\u00edtulo:<\/strong> \u201cTEGUMENTOS DE SEMENTES N\u00c3O-HOSPEDEIRAS COMO BARREIRAS CONTRA A PENETRA\u00c7\u00c3O DO BRUQU\u00cdDEO Callosobruchus maculatus: \u00caNFASE NO TEGUMENTO DE SEMENTES DE Albizia sp\u201d<br \/>\n<strong>Orientador<\/strong>: Ant\u00f4nia Elenir Am\u00e2ncio Oliveira<br \/>\n<strong>Banca:<\/strong> Jos\u00e9 Roberto da Silva<br \/>\nValdirene Moreira Gomes<br \/>\nFrancisco Jos\u00e9 Alves Lemos<br \/>\n_______________________________________________<br \/>\n<strong>10 \u2013 THAYS ABREU DA SILVA <\/strong><br \/>\n<strong>Data:<\/strong> 13\/04\/2009<\/p>\n<p><strong> T\u00edtulo:<\/strong> \u201cELABORA\u00c7\u00c3O DE M\u00c9TODOS DE AN\u00c1LISE DE CIANOTOXINAS E LEVANTAMENTO DE CIANOTOXINAS PRODUZIDAS POR CIANOBACT\u00c9RIAS ISOLADAS DE CORPOS D \u00c1GUA DO ESTADO DO RIO DE JANEIRO\u201d<br \/>\n<strong>Orientador:<\/strong> Denise Saraiva Dagnino<\/p>\n<p>_______________________________________________<br \/>\n<strong>11\u2013 HALYKA LUZ\u00d3RIO FRANZOTTI VASCONCELOS <\/strong><br \/>\n<strong>Data:<\/strong> 17\/04\/2009<br \/>\n<strong>T\u00edtulo:<\/strong> \u201cDESENVOLVIMENTO DO PROCESSO DE PRODU\u00c7\u00c3O DE CEPAS DE Mycobacterium bovis Camette-Gu\u00e9rin(BCG) QUE EXPRESSA FATORES DE VIRUL\u00caNCIA DE Escherichia Coli ENTEROPATOG\u00caNICA (EPEC)\u201d<br \/>\n<strong>Orientador:<\/strong> Wilmar Dias da Silva \/ Andr\u00e9 Kipnis<br \/>\n<strong>Banca:<\/strong> Messias Gonzaga Pereira<br \/>\nMilton Masahiko Kanashiro<br \/>\nAna Paula Junqueira Kipnis<br \/>\n_______________________________________________<br \/>\n<strong>12 \u2013JEFFERSON PIRES GALVANHO DA COSTA<\/strong><br \/>\n<strong>Data:<\/strong> 19\/06\/2009<br \/>\n<strong>T\u00edtulo:<\/strong> \u201cA INTERA\u00c7\u00c3O ENTRE IMIDACLOPRIDE E Beauveria bassiana NA RESPOSTA COMPORTAMENTAL DE Acromyrmex subterraneus subterraneus (HYMENOPTERA; FORMICIDAE:ATTINI)<br \/>\n<strong>Orientador<\/strong>: Richard Ian Samuels \/ Marinete Pinheiro Carrera<br \/>\n<strong>Banca:<\/strong> Fl\u00e1via Regina Cruz Dias<br \/>\nAna Maria Matoso Viana<br \/>\nTerezinha M. C. Della Lucia<br \/>\n_______________________________________________<br \/>\n<strong>13\u2013 L\u00cdVIA MATTOS MARTINS<\/strong><br \/>\n<strong>Data:<\/strong> 15\/09\/2009<br \/>\n<strong>T\u00edtulo:<\/strong> \u201cAVALIA\u00c7\u00c3O COMPARATIVA DO PEFIL DE ISOTIPOS ANTI-TOXOPLASMA GONDII POR ELISA E CITOMETRIA DE FLUXO EM INDIV\u00cdDUOS PORTADORES DE UVE\u00cdTES TOXOPL\u00c1SMICAS\u201d<br \/>\n<strong>Orientador:<\/strong> Lilian Maria Garcia Bahia de Oliveira<br \/>\n<strong>Banca:<\/strong> Elenice Moreira Lemos<br \/>\nMichele Fraz\u00e3o Muizitano<br \/>\nMilton Kanashiro<br \/>\n_______________________________________________<br \/>\n<strong>14 \u2013 ROBERTA FERNANDES PINTO<\/strong><br \/>\n<strong>Data:<\/strong> 28\/09\/2009<br \/>\n<strong>T\u00edtulo:<\/strong> \u201cMETALOPROTEASES DE PLASMA SEMINAL EQUINO (Equus caballus)\u201d<br \/>\n<strong>Orientador:<\/strong> Cl\u00e1udio Andr\u00e9s Retamal \/ Maria Luisa L\u00f3pez<br \/>\n<strong>Banca:<\/strong> Mariana da Silva Ara\u00fajo<br \/>\nAndrea Cristina Veto Arnoldht<br \/>\nK\u00e1tia Valevski Sales Fernandes<br \/>\n_______________________________________________<br \/>\n<strong>15\u2013 LAYLA JANA\u00cdNA HISSA BORGES<\/strong><br \/>\n<strong>Data:<\/strong> 06\/11\/2009<br \/>\n<strong>T\u00edtulo:<\/strong> \u201cATIVIADE ANTINEOPL\u00c1STICA DOS COMPOSTOS DE COORDENA\u00c7\u00c3O DE COBRE\u201d<br \/>\n<strong>Orientador:<\/strong> Milton Mashiko Kanashiro<br \/>\n<strong>Banca:<\/strong> Wilmar Dias da Silva<br \/>\nElena Lassounskaia<br \/>\nNadir Francisca Sant\u00b4anna<br \/>\n_______________________________________________<br \/>\n<strong>16\u2013 EDSON OLIVEIRA DELATORRE <\/strong><br \/>\n<strong>Data:<\/strong> 27\/11\/2009<\/p>\n<p><strong>T\u00edtulo:<\/strong> \u201cDESENVOLVIMENTO DE ENSAIO QUANTITATIVO MULTIPLEX FLUORESCENTE DA REA\u00c7\u00c3O EM CADEIA DA POLIMERASE (QF-PCR) PARA DETEC\u00c7\u00c3O E DIFERENCIA\u00c7\u00c3O DE MEMBROS DA FAM\u00cdLIA POXVIRIDAE (ORTHOPOXVIRUS E PARAPOXVIRUS)\u201d<br \/>\n<strong>Orientador:<\/strong> Enrique Medina-Acosta<\/p>\n<p>_______________________________________________<br \/>\n<strong>17\u2013 H\u00c9LIO AR\u00caAS CRESPO NETO <\/strong><br \/>\n<strong>Data:<\/strong> 30\/11\/2009<br \/>\n<strong>T\u00edtulo:<\/strong> \u201cAVALIA\u00c7\u00c3O DOS TEORES DE RICINA E DE PROTEASES ENVOLVIDAS NO PROCESSAMENTO DESTA TOXINA EM TORTA DE MAMONA (Ricinus communis L.)\u201d<br \/>\n<strong>Orientador:<\/strong> Olga Lima Tavares Machado<br \/>\n<strong>Banca:<\/strong> Valdirene Moreira Gomes<br \/>\nAntonia Elenir Am\u00e2ncio Oliveira<br \/>\nL\u00facia Campos Paiva<br \/>\n_______________________________________________<br \/>\n<strong>18\u2013 BIANCA MAGNELLI MANGIAVACCHI<\/strong><br \/>\n<strong>Data:<\/strong> 09\/12\/2009<br \/>\n<strong>T\u00edtulo:<\/strong> \u201cIgA FECAL E SEUS FRAGMENTOS COMO FERRAMENTA IMUNOEPIDEMIOL\u00d3GICA PARA ESTUDAR A PREVAL\u00caNCIA DA INFEC\u00c7\u00c3O TOXOPL\u00c1SMICA EM CRIAN\u00c7AS DE 0 A 4 ANOS EXPOSTAS A ALTO RISCO DE CONTAMINA\u00c7\u00c3O PELO Toxoplasma gondii\u201d<br \/>\n<strong>Orientador:<\/strong> Lilian Maria Garcia Bahia de Oliveira<br \/>\n<strong>Banca:<\/strong> Regina C\u00e9lia Campos de Souza Fernandes<br \/>\nOlga Lima Tavares Machado<br \/>\nMilton Masahiko Kanashiro<br \/>\n_______________________________________________<br \/>\n<strong>19\u2013 INAREI JOS\u00c9 PAULINI J\u00daNIOR <\/strong><br \/>\n<strong>Data:<\/strong> 11\/12\/2009<br \/>\n<strong>T\u00edtulo:<\/strong> \u201cPRODU\u00c7\u00c3O DE ANTICORPOS MPONOCLONAIS ANTI-VACINA V\u00cdRUS E AVALIA\u00c7\u00c3O DA INFEC\u00c7\u00c3O DE C\u00c9LULAS VERO\u201d<br \/>\n<strong>Orientador:<\/strong> Milton Masahiko Kanashiro<br \/>\n<strong>Banca:<\/strong> Andrea Cristina Veto Arnholdt<br \/>\nMaur\u00edcio Afonso Ver\u00edcimo<br \/>\nOlney Vieira da Motta<br \/>\n_______________________________________________<br \/>\n<strong>20\u2013 LEANDRO DE MATTOS PEREIRA<\/strong><br \/>\n<strong>Data:<\/strong> 14\/12\/2009<br \/>\n<strong>T\u00edtulo:<\/strong> \u201cIDENTIFICA\u00c7\u00c3O E AN\u00c1LISE \u201cIN SILICO\u201d DE RECEPTORES LRR-RLK E NB-LRR DE CANA-DE \u2013A\u00c7\u00daCAR INDUZIDOS DURANTE A COLONIZA\u00c7\u00c3O POR BACT\u00c9RIAS ENDOF\u00cdTICAS\u201d<br \/>\n<strong>Orientador:<\/strong> Gon\u00e7alo Apolin\u00e1rio de Souza Filho<br \/>\n<strong>Banca:<\/strong> Jos\u00e9 Roberto da Silva<br \/>\nF\u00e1bio Lopes Olivares<br \/>\nVictor Martin Quintana Flores<br \/>\n_______________________________________________<\/p>\n","protected":false},"excerpt":{"rendered":"<p>\u00a0Disserta\u00e7\u00e3o de Mestrado 2009: 1\u2013 GUINEVERE FERNANDES LOUREN\u00c7O DO S. LIMA Data: 23\/01\/2009 T\u00edtulo: \u201cCARACTERIZA\u00c7\u00c3O FUNCIONAL DA REGI\u00c3O REGULAT\u00d3RIA E&#8230;<\/p>\n","protected":false},"author":25,"featured_media":0,"parent":277,"menu_order":0,"comment_status":"closed","ping_status":"closed","template":"","meta":{"footnotes":""},"class_list":["post-1817","page","type-page","status-publish","hentry"],"_links":{"self":[{"href":"https:\/\/uenf.br\/posgraduacao\/biociencias-biotecnologia\/wp-json\/wp\/v2\/pages\/1817","targetHints":{"allow":["GET"]}}],"collection":[{"href":"https:\/\/uenf.br\/posgraduacao\/biociencias-biotecnologia\/wp-json\/wp\/v2\/pages"}],"about":[{"href":"https:\/\/uenf.br\/posgraduacao\/biociencias-biotecnologia\/wp-json\/wp\/v2\/types\/page"}],"author":[{"embeddable":true,"href":"https:\/\/uenf.br\/posgraduacao\/biociencias-biotecnologia\/wp-json\/wp\/v2\/users\/25"}],"replies":[{"embeddable":true,"href":"https:\/\/uenf.br\/posgraduacao\/biociencias-biotecnologia\/wp-json\/wp\/v2\/comments?post=1817"}],"version-history":[{"count":0,"href":"https:\/\/uenf.br\/posgraduacao\/biociencias-biotecnologia\/wp-json\/wp\/v2\/pages\/1817\/revisions"}],"up":[{"embeddable":true,"href":"https:\/\/uenf.br\/posgraduacao\/biociencias-biotecnologia\/wp-json\/wp\/v2\/pages\/277"}],"wp:attachment":[{"href":"https:\/\/uenf.br\/posgraduacao\/biociencias-biotecnologia\/wp-json\/wp\/v2\/media?parent=1817"}],"curies":[{"name":"wp","href":"https:\/\/api.w.org\/{rel}","templated":true}]}}