{"id":2060,"date":"2021-09-20T13:53:51","date_gmt":"2021-09-20T16:53:51","guid":{"rendered":"https:\/\/uenf.br\/posgraduacao\/biociencias-biotecnologia\/?page_id=2060"},"modified":"2023-10-18T00:03:27","modified_gmt":"2023-10-18T03:03:27","slug":"ano-2021","status":"publish","type":"page","link":"https:\/\/uenf.br\/posgraduacao\/biociencias-biotecnologia\/teses-defendidas\/ano-2021\/","title":{"rendered":"Ano 2021"},"content":{"rendered":"<p><strong>TESES DE DOUTORADO<\/strong><\/p>\n<p>&nbsp;<\/p>\n<p><strong>1- <a href=\"https:\/\/uenf.br\/posgraduacao\/biociencias-biotecnologia\/wp-content\/uploads\/sites\/12\/2023\/05\/Tese-Estefany-2.pdf\">EST\u00c9FANY BRAZ TOLEDO<\/a>\u00a0<\/strong>\u00a0\u00a0\u00a0\u00a0<strong><br \/>\n<\/strong><\/p>\n<p><strong>Data:<\/strong> 30\/04\/2021<\/p>\n<p><strong>T\u00edtulo:<\/strong> &#8220;Desenho de Pept\u00eddeos Baseados na Correla\u00e7\u00e3o entre a Estrutura Prim\u00e1ria e a Atividade Biol\u00f3gica de Defensinas de Plantas, Mecanismo de A\u00e7\u00e3o sobre Leveduras Patog\u00eanicas e Toxicidade sobre C\u00e9lulas de Mam\u00edferos.&#8221;<\/p>\n<p><strong>Orientador:<\/strong> <span class=\"fontstyle2\">Prof. Andr\u00e9 de Oliveira Carvalho \u2013 LFBM\/CBB\/UENF<\/span><\/p>\n<p><strong>Banca:<br \/>\n<\/strong><\/p>\n<p>Dr\u00aa Maria Cristina Baracat Pereira \u2013 UFV<\/p>\n<p>Dr. S\u00e9rgio Henrique Seabra \u2013 UENF<\/p>\n<p>Dr\u00aa Olga Lima Tavares Machado \u2013 UENF<\/p>\n<p>___________________________________________________________________________________________<\/p>\n<p><a href=\"https:\/\/uenf.br\/posgraduacao\/biociencias-biotecnologia\/wp-content\/uploads\/sites\/12\/2021\/09\/MARIANA-MENDONCA-TESE.pdf\"><strong>2-\u00a0<\/strong><\/a><strong><a href=\"https:\/\/uenf.br\/posgraduacao\/biociencias-biotecnologia\/wp-content\/uploads\/sites\/12\/2021\/09\/MARIANA-MENDONCA-TESE.pdf\"> MARIANA DA SILVA MENDON\u00c7A\u00a0<\/a><\/strong><\/p>\n<p><strong>Data:<\/strong> 30\/06\/2021<\/p>\n<p><strong>T\u00edtulo:<\/strong> <span class=\"fontstyle0\">An\u00e1lise de metila\u00e7\u00e3o do DNA em regi\u00f5es regulat\u00f3rias intr\u00f4nicas do gene<\/span><span class=\"fontstyle2\">FKBP5 <\/span><span class=\"fontstyle0\">e regi\u00e3o promotora do gene <\/span><span class=\"fontstyle2\">NR3C1 <\/span><span class=\"fontstyle0\">em bin\u00f4mios m\u00e3e-filho com depress\u00e3o.<\/span><\/p>\n<p><strong>Orientador:<\/strong> <span class=\"fontstyle2\">Prof. \u00c1lvaro Fabr\u00edcio Lopes Rios \u2013 LBT\/UENF <\/span><\/p>\n<p><strong>Banca: <\/strong><\/p>\n<p><span class=\"fontstyle0\">Prof.\u00aa Alline Cristina de Campos \u2013 FMRP-USP<\/span><\/p>\n<p><span class=\"fontstyle0\">Prof.\u00aa Cristiana Libardi Miranda Furtado &#8211; UFC<br \/>\nProf.\u00aa Alba L. P. Rangel Gama<br \/>\n<\/span><span class=\"fontstyle2\">Prof. Milton Masahiko Kanashiro &#8211; LBR\/UENF (Coorientador)<\/span><\/p>\n<p>&nbsp;<\/p>\n<p>_________________________________________________________________________________________<\/p>\n<p>3- <a href=\"https:\/\/uenf.br\/posgraduacao\/biociencias-biotecnologia\/wp-content\/uploads\/sites\/12\/2023\/05\/Tese-Kayan-E.-Ventury_versao-final-1-1.pdf\"><strong>KAYAN EUDORICO VENTURY BAPTISTA<\/strong><\/a><strong>\u00a0 \u00a0 \u00a0 \u00a0 \u00a0 \u00a0 \u00a0 \u00a0 \u00a0 \u00a0\u00a0<\/strong><\/p>\n<p><strong>Data:<\/strong> 28\/09\/2021<\/p>\n<p><strong>T\u00edtulo:<\/strong> &#8220;Caracteriza\u00e7\u00e3o de resist\u00eancia ou susceptibilidade de gen\u00f3tipos de feij\u00f5es a infesta\u00e7\u00e3o por bruquideos.&#8221;<\/p>\n<p><strong>Orientador:<\/strong> <span class=\"fontstyle2\">Prof\u00aa Antonia Elenir Amancio Oliveira \u2013 LQFPP\/UENF<br \/>\n<\/span><\/p>\n<p><strong>Banca: <\/strong><\/p>\n<p>Dr\u00aa \u00c9rica Oliveira Mello \u2013 UENF<\/p>\n<p>Dr. Jos\u00e9 Roberto da Silva \u2013 UFRJ<\/p>\n<p>Dr. Geraldo do Amaral Gravina\u00a0 \u2013 UENF<\/p>\n<p>___________________________________________________________________________________________<\/p>\n<p>4- <a href=\"https:\/\/uenf.br\/posgraduacao\/biociencias-biotecnologia\/wp-content\/uploads\/sites\/12\/2023\/05\/tese-abdalla-1.pdf\"><strong>ABDALLA DIB CHACUR<\/strong><\/a><strong>\u00a0 \u00a0 \u00a0 \u00a0 \u00a0 \u00a0 \u00a0 \u00a0 \u00a0 \u00a0 \u00a0 \u00a0 \u00a0 \u00a0 \u00a0 \u00a0 \u00a0 \u00a0 \u00a0 \u00a0 \u00a0 \u00a0 \u00a0 \u00a0 \u00a0\u00a0<\/strong><strong>\u00a0 <\/strong><\/p>\n<p><strong>Data:<\/strong> 02\/10\/2021<\/p>\n<p><strong>T\u00edtulo:<\/strong> &#8220;AN\u00c1LISES DE PADR\u00d5ES DE CLUSTERIZA\u00c7\u00c3O DA EXPRESS\u00c3O DA SUBUNIDADE V1C1 DA V-ATPase: IDENTIFICANDO MARCADORES MOLECULARES DE SUBTIPOS DE ADENOCARCINOMA DE ENDOM\u00c9TRIO.&#8221;<\/p>\n<p><strong>Orientador:<\/strong> <span class=\"fontstyle2\">Prof. Arnoldo Rocha Fa\u00e7anha \u2013 LBCT\/UENF<br \/>\n<\/span><\/p>\n<p><strong>Banca: <\/strong><\/p>\n<p>Dr\u00aa Paula Gebe Abreu Cabral \u2013 Inst. Galzu<\/p>\n<p>Dr\u00aa Ar\u00edcia Leone Evangelista M. de Assis \u2013 UENF<\/p>\n<p>Dr. Andr\u00e9 Lacerda de Abreu Oliveira \u2013 UENF<\/p>\n<p>&nbsp;<\/p>\n","protected":false},"excerpt":{"rendered":"<p>TESES DE DOUTORADO &nbsp; 1- EST\u00c9FANY BRAZ TOLEDO\u00a0\u00a0\u00a0\u00a0\u00a0 Data: 30\/04\/2021 T\u00edtulo: &#8220;Desenho de Pept\u00eddeos Baseados na Correla\u00e7\u00e3o entre a Estrutura&#8230;<\/p>\n","protected":false},"author":25,"featured_media":0,"parent":1229,"menu_order":25,"comment_status":"closed","ping_status":"closed","template":"","meta":{"footnotes":""},"class_list":["post-2060","page","type-page","status-publish","hentry"],"_links":{"self":[{"href":"https:\/\/uenf.br\/posgraduacao\/biociencias-biotecnologia\/wp-json\/wp\/v2\/pages\/2060","targetHints":{"allow":["GET"]}}],"collection":[{"href":"https:\/\/uenf.br\/posgraduacao\/biociencias-biotecnologia\/wp-json\/wp\/v2\/pages"}],"about":[{"href":"https:\/\/uenf.br\/posgraduacao\/biociencias-biotecnologia\/wp-json\/wp\/v2\/types\/page"}],"author":[{"embeddable":true,"href":"https:\/\/uenf.br\/posgraduacao\/biociencias-biotecnologia\/wp-json\/wp\/v2\/users\/25"}],"replies":[{"embeddable":true,"href":"https:\/\/uenf.br\/posgraduacao\/biociencias-biotecnologia\/wp-json\/wp\/v2\/comments?post=2060"}],"version-history":[{"count":0,"href":"https:\/\/uenf.br\/posgraduacao\/biociencias-biotecnologia\/wp-json\/wp\/v2\/pages\/2060\/revisions"}],"up":[{"embeddable":true,"href":"https:\/\/uenf.br\/posgraduacao\/biociencias-biotecnologia\/wp-json\/wp\/v2\/pages\/1229"}],"wp:attachment":[{"href":"https:\/\/uenf.br\/posgraduacao\/biociencias-biotecnologia\/wp-json\/wp\/v2\/media?parent=2060"}],"curies":[{"name":"wp","href":"https:\/\/api.w.org\/{rel}","templated":true}]}}