{"id":2206,"date":"2022-04-13T14:47:51","date_gmt":"2022-04-13T17:47:51","guid":{"rendered":"https:\/\/uenf.br\/posgraduacao\/biociencias-biotecnologia\/?page_id=2206"},"modified":"2026-02-24T17:31:49","modified_gmt":"2026-02-24T20:31:49","slug":"licenca-maternidade","status":"publish","type":"page","link":"https:\/\/uenf.br\/posgraduacao\/biociencias-biotecnologia\/discentes\/licenca-maternidade\/","title":{"rendered":"Licen\u00e7a Maternidade"},"content":{"rendered":"<p><strong>Amparo Licen\u00e7a maternidade : Lei 6202\/75 de 17\/04\/1975<\/strong><\/p>\n<p>As discentes interessadas que possuam direito a licen\u00e7a maternidade devem solicitar prorroga\u00e7\u00e3o de tempo de curso no Sistema Acad\u00eamico da UENF, Secacad e tamb\u00e9m pelo orientador via Plataforma <a href=\"https:\/\/sei.rj.gov.br\/sip\/login.php?sigla_orgao_sistema=ERJ&amp;sigla_sistema=SEI\">SEI\/ERJ<\/a>, com a seguinte documenta\u00e7\u00e3o em anexo: requerimento Secacad, certid\u00e3o de nascimento e atestado m\u00e9dico com per\u00edodo de repouso.<\/p>\n<h3 class=\"documentFirstHeading\"><span style=\"color: #b00202\">Lei prorroga prazo de conclus\u00e3o de cursos para m\u00e3es e pais<\/span><\/h3>\n<p><span style=\"color: #b00202\"><a style=\"color: #b00202\" href=\"https:\/\/www.planalto.gov.br\/ccivil_03\/_ato2023-2026\/2024\/lei\/l14925.htm\">LEI<\/a> N\u00ba 14.925, DE 17 DE JULHO DE 2024\u00a0Disp\u00f5e sobre a prorroga\u00e7\u00e3o dos prazos de conclus\u00e3o de cursos ou de programas para estudantes e pesquisadores da educa\u00e7\u00e3o superior, em virtude de parto, de nascimento de filho, de ado\u00e7\u00e3o ou de obten\u00e7\u00e3o de guarda judicial para fins de ado\u00e7\u00e3o; e altera a Lei n\u00ba 13.536, de 15 de dezembro de 2017, para disciplinar a prorroga\u00e7\u00e3o dos prazos de vig\u00eancia das bolsas de estudo.<\/span><\/p>\n<p>&nbsp;<\/p>\n<p><strong>Direito a perman\u00eancia de bolsa de estudos: Lei 13.536 de 15 de dezembro de 2017<\/strong><\/p>\n<p>Para que a licen\u00e7a maternidade seja com o direito a perman\u00eancia da bolsa de estudos, a discente interessada deve <strong>solicitar tamb\u00e9m<\/strong> ao programa de P\u00f3s-Gradua\u00e7\u00e3o em Bioci\u00eancias e Biotecnologia, atrav\u00e9s da Plataforma <a href=\"https:\/\/sei.rj.gov.br\/sip\/login.php?sigla_orgao_sistema=ERJ&amp;sigla_sistema=SEI\">SEI\/ERJ<\/a> do seu orientador, a prorroga\u00e7\u00e3o da bolsa com o tempo requerido.<\/p>\n<p><strong>Segundo o Art. 3\u00ba<\/strong> da <strong>Lei 13.536 de 15 de dezembro de 2017, <\/strong>o afastamento tempor\u00e1rio dever\u00e1 ser formalmente comunicado \u00e0 ag\u00eancia de fomento e a comunica\u00e7\u00e3o dever\u00e1 estar acompanhada da confirma\u00e7\u00e3o da coordena\u00e7\u00e3o\u00a0 do curso em que esteja matriculado o bolsista, especificadas as datas de in\u00edcio e de t\u00e9rmino efetivos, al\u00e9m dos documentos comprobat\u00f3rios da gesta\u00e7\u00e3o, nascimento, ado\u00e7\u00e3o ou guarda judicial, conforme o caso. Toda essa documenta\u00e7\u00e3o deve ser enviada previamente pela Plataforma SEI-RJ do orientador para fazer a confirma\u00e7\u00e3o junto a ag\u00eancia de fomento.<\/p>\n","protected":false},"excerpt":{"rendered":"<p>Amparo Licen\u00e7a maternidade : Lei 6202\/75 de 17\/04\/1975 As discentes interessadas que possuam direito a licen\u00e7a maternidade devem solicitar prorroga\u00e7\u00e3o&#8230;<\/p>\n","protected":false},"author":25,"featured_media":0,"parent":311,"menu_order":6,"comment_status":"closed","ping_status":"closed","template":"","meta":{"footnotes":""},"class_list":["post-2206","page","type-page","status-publish","hentry"],"_links":{"self":[{"href":"https:\/\/uenf.br\/posgraduacao\/biociencias-biotecnologia\/wp-json\/wp\/v2\/pages\/2206","targetHints":{"allow":["GET"]}}],"collection":[{"href":"https:\/\/uenf.br\/posgraduacao\/biociencias-biotecnologia\/wp-json\/wp\/v2\/pages"}],"about":[{"href":"https:\/\/uenf.br\/posgraduacao\/biociencias-biotecnologia\/wp-json\/wp\/v2\/types\/page"}],"author":[{"embeddable":true,"href":"https:\/\/uenf.br\/posgraduacao\/biociencias-biotecnologia\/wp-json\/wp\/v2\/users\/25"}],"replies":[{"embeddable":true,"href":"https:\/\/uenf.br\/posgraduacao\/biociencias-biotecnologia\/wp-json\/wp\/v2\/comments?post=2206"}],"version-history":[{"count":0,"href":"https:\/\/uenf.br\/posgraduacao\/biociencias-biotecnologia\/wp-json\/wp\/v2\/pages\/2206\/revisions"}],"up":[{"embeddable":true,"href":"https:\/\/uenf.br\/posgraduacao\/biociencias-biotecnologia\/wp-json\/wp\/v2\/pages\/311"}],"wp:attachment":[{"href":"https:\/\/uenf.br\/posgraduacao\/biociencias-biotecnologia\/wp-json\/wp\/v2\/media?parent=2206"}],"curies":[{"name":"wp","href":"https:\/\/api.w.org\/{rel}","templated":true}]}}