{"id":2462,"date":"2023-03-31T16:14:31","date_gmt":"2023-03-31T19:14:31","guid":{"rendered":"https:\/\/uenf.br\/posgraduacao\/biociencias-biotecnologia\/?page_id=2462"},"modified":"2026-02-24T16:10:42","modified_gmt":"2026-02-24T19:10:42","slug":"disciplinas-obrigatorias","status":"publish","type":"page","link":"https:\/\/uenf.br\/posgraduacao\/biociencias-biotecnologia\/disciplinas\/disciplinas-obrigatorias\/","title":{"rendered":"Disciplinas Obrigat\u00f3rias"},"content":{"rendered":"<p class=\"has-normal-font-size\"><span style=\"color: #035e85\"><strong><span class=\"has-inline-color\">MESTRADO<\/span><\/strong><\/span><\/p>\n<p>Para obter o grau de\u00a0<strong>Mestre em Bioci\u00eancias e Biotecnologia<\/strong>\u00a0o discente precisa, al\u00e9m de outros requisitos, integralizar o n\u00famero\u00a0<strong>m\u00ednimo de 25 cr\u00e9ditos<\/strong>, sendo 8 cr\u00e9ditos H e 17 cr\u00e9ditos formais (com conceito A,B,C), dentre estes, a\u00a0<strong>realiza\u00e7\u00e3o de disciplinas obrigat\u00f3rias<\/strong>\u00a0do programa:<\/p>\n<ul>\n<li>Biologia Celular (A partir de 2026.1)<\/li>\n<li>Metodologia da Ci\u00eancia (A partir de 2026.1)<\/li>\n<li>Semin\u00e1rio do Laborat\u00f3rio I<\/li>\n<li>Semin\u00e1rio do Laborat\u00f3rio II<\/li>\n<li>Semin\u00e1rio do CBB I<\/li>\n<li>Semin\u00e1rio do CBB II<\/li>\n<li>Cr\u00e9dito Did\u00e1tico<\/li>\n<li>Profici\u00eancia em ingl\u00eas<\/li>\n<li>Pesquisa de Disserta\u00e7\u00e3o de Mestrado<\/li>\n<\/ul>\n<hr class=\"botm-line5\" \/>\n<p class=\"has-normal-font-size\"><span style=\"color: #035e85\"><strong><span class=\"has-inline-color\">DOUTORADO<\/span><\/strong><\/span><\/p>\n<p>Para obter o grau de\u00a0<strong>Doutor em Bioci\u00eancias e Biotecnologia<\/strong>\u00a0o discente precisa, al\u00e9m de outros requisitos, integralizar o n\u00famero\u00a0<strong>m\u00ednimo de 35 cr\u00e9ditos<\/strong>, sendo 12 cr\u00e9ditos H e 23 cr\u00e9ditos formais (com conceito A,B,C), dentre estes, a\u00a0<strong>realiza\u00e7\u00e3o de disciplinas obrigat\u00f3rias<\/strong>\u00a0do programa:<\/p>\n<ul>\n<li>Biologia Celular (A partir de 2026.1)<\/li>\n<li>Metodologia da Ci\u00eancia (A partir de 2026.1)<\/li>\n<li>Semin\u00e1rio do Laborat\u00f3rio I<\/li>\n<li>Semin\u00e1rio do Laborat\u00f3rio II<\/li>\n<li>Semin\u00e1rio do Laborat\u00f3rio III<\/li>\n<li>Semin\u00e1rio do Laborat\u00f3rio IV<\/li>\n<li>\u00a0Semin\u00e1rio do CBB I<\/li>\n<li>Semin\u00e1rio do CBB II<\/li>\n<li>Semin\u00e1rio do CBB III<\/li>\n<li>Semin\u00e1rio do CBB IV<\/li>\n<li>Cr\u00e9dito Did\u00e1tico<\/li>\n<li>Profici\u00eancia em ingl\u00eas<\/li>\n<li>Pesquisa de Tese de Doutorado<\/li>\n<\/ul>\n<hr \/>\n<p>&nbsp;<\/p>\n<p><strong><span style=\"color: #0000ff\">I<span style=\"color: #035e85\">nforma\u00e7\u00e3o importante sobre CR (Coeficiente de Rendimento):<\/span><\/span><\/strong><\/p>\n<p>Art. 42 &#8211; Ser\u00e1 desligado pela Coordena\u00e7\u00e3o do Programa o estudante que se enquadrar em uma ou mais, das seguintes situa\u00e7\u00f5es:<br \/>\nI &#8211; obtiver, no seu primeiro per\u00edodo letivo, coeficiente de rendimento inferior a 1,2 (um e dois d\u00e9cimos);<br \/>\nII &#8211; obtiver, no seu segundo per\u00edodo letivo, coeficiente de rendimento acumulado inferior a 1,6 (um e seis<br \/>\nd\u00e9cimos);<br \/>\nIII &#8211; obtiver, no seu terceiro per\u00edodo letivo e nos subseq\u00fcentes, coeficiente de rendimento acumulado<br \/>\ninferior a 2,0 (dois).<\/p>\n","protected":false},"excerpt":{"rendered":"<p>MESTRADO Para obter o grau de\u00a0Mestre em Bioci\u00eancias e Biotecnologia\u00a0o discente precisa, al\u00e9m de outros requisitos, integralizar o n\u00famero\u00a0m\u00ednimo de&#8230;<\/p>\n","protected":false},"author":25,"featured_media":0,"parent":137,"menu_order":0,"comment_status":"closed","ping_status":"closed","template":"","meta":{"footnotes":""},"class_list":["post-2462","page","type-page","status-publish","hentry"],"_links":{"self":[{"href":"https:\/\/uenf.br\/posgraduacao\/biociencias-biotecnologia\/wp-json\/wp\/v2\/pages\/2462","targetHints":{"allow":["GET"]}}],"collection":[{"href":"https:\/\/uenf.br\/posgraduacao\/biociencias-biotecnologia\/wp-json\/wp\/v2\/pages"}],"about":[{"href":"https:\/\/uenf.br\/posgraduacao\/biociencias-biotecnologia\/wp-json\/wp\/v2\/types\/page"}],"author":[{"embeddable":true,"href":"https:\/\/uenf.br\/posgraduacao\/biociencias-biotecnologia\/wp-json\/wp\/v2\/users\/25"}],"replies":[{"embeddable":true,"href":"https:\/\/uenf.br\/posgraduacao\/biociencias-biotecnologia\/wp-json\/wp\/v2\/comments?post=2462"}],"version-history":[{"count":0,"href":"https:\/\/uenf.br\/posgraduacao\/biociencias-biotecnologia\/wp-json\/wp\/v2\/pages\/2462\/revisions"}],"up":[{"embeddable":true,"href":"https:\/\/uenf.br\/posgraduacao\/biociencias-biotecnologia\/wp-json\/wp\/v2\/pages\/137"}],"wp:attachment":[{"href":"https:\/\/uenf.br\/posgraduacao\/biociencias-biotecnologia\/wp-json\/wp\/v2\/media?parent=2462"}],"curies":[{"name":"wp","href":"https:\/\/api.w.org\/{rel}","templated":true}]}}