{"id":2548,"date":"2023-04-27T11:45:12","date_gmt":"2023-04-27T14:45:12","guid":{"rendered":"https:\/\/uenf.br\/posgraduacao\/biociencias-biotecnologia\/?page_id=2548"},"modified":"2026-02-27T17:24:32","modified_gmt":"2026-02-27T20:24:32","slug":"proficiencia-em-ingles","status":"publish","type":"page","link":"https:\/\/uenf.br\/posgraduacao\/biociencias-biotecnologia\/discentes\/proficiencia-em-ingles\/","title":{"rendered":"Profici\u00eancia em Ingl\u00eas"},"content":{"rendered":"<p>De acordo com <strong><a href=\"https:\/\/uenf.br\/posgraduacao\/wp-content\/uploads\/2014\/09\/Regimento-Geral-da-P\u00f3s-Gradua\u00e7\u00e3o.pdf\"><span style=\"color: #1875cc\">Regimento Geral de P\u00f3s-Gradua\u00e7\u00e3o da UENF<\/span><\/a>\u00a0<\/strong>:<\/p>\n<div style=\"padding-left: 40px\">&#8220;<b>Art. 51<\/b>\u00a0&#8211; A Profici\u00eancia em L\u00edngua Inglesa ser\u00e1 obrigat\u00f3ria ou em casos excepcionais outra l\u00edngua estrangeira definida pela Coordena\u00e7\u00e3o do Curso.<\/div>\n<div style=\"padding-left: 40px\"><b>\u00a0Art. 52<\/b>\u00a0&#8211; Para satisfazer \u00e0 exig\u00eancia de L\u00edngua Inglesa, o p\u00f3s-graduando ter\u00e1 as seguintes op\u00e7\u00f5es:<\/div>\n<div style=\"padding-left: 40px\"><b>a)<\/b>\u00a0apresentar certificado de aprova\u00e7\u00e3o em teste de l\u00edngua inglesa reconhecido pelo Sistema de Ci\u00eancia e Tecnologia Brasileiro, com pontua\u00e7\u00e3o exigida pelo CNPq ou CAPES;<\/div>\n<div style=\"padding-left: 40px\"><b>b)<\/b>\u00a0obter aprova\u00e7\u00e3o em exame geral de profici\u00eancia em l\u00edngua inglesa, organizado e aplicado por comiss\u00e3o estabelecida pelas coordena\u00e7\u00f5es de P\u00f3s-Gradua\u00e7\u00e3o da UENF;<\/div>\n<div style=\"padding-left: 40px\"><b>c)<\/b>\u00a0obter aprova\u00e7\u00e3o em disciplina de Ingl\u00eas T\u00e9cnico oferecida pela UENF, caso autorizado pela Coordena\u00e7\u00e3o do Curso.<\/div>\n<div style=\"padding-left: 40px\"><b>\u00a0Par\u00e1grafo \u00danico<\/b> &#8211; Caber\u00e1 \u00e0 Coordena\u00e7\u00e3o do Programa estabelecer normas espec\u00edficas para o cumprimento da exig\u00eancia de l\u00edngua estrangeira, em especial sobre a limita\u00e7\u00e3o na quantidade de tentativas do aluno em obter a profici\u00eancia, respeitadas as imposi\u00e7\u00f5es deste artigo.&#8221;<\/div>\n<div><\/div>\n<ul>\n<li><span style=\"color: #0f5ea8\"><strong>Para o cumprimento da exig\u00eancia de l\u00edngua estrangeira, a Coordena\u00e7\u00e3o da PGBB aceita a equival\u00eancia<span style=\"color: #0f5ea8\"> das seguintes disciplinas:<\/span><\/strong><\/span><\/li>\n<\/ul>\n<div style=\"padding-left: 40px\"><span style=\"color: #0f5ea8\">1- <strong>PCL4787<\/strong> <span class=\"il\">Ingl\u00eas<\/span> T\u00e9cnico (disciplina ministrada pelo CCH);<\/span><\/div>\n<div style=\"padding-left: 40px\"><span style=\"color: #0f5ea8\">2- <strong>CBB 2718<\/strong><em>\u00a0<\/em><em>Journal Club on Structural, Molecular, and Cell Biophysics <\/em>(ministrada pelo CBB; coordena\u00e7\u00e3o da Profa. Ana Eliza Zeraik); apenas para estudantes aprovados com conceito A e B.<\/span><\/div>\n<div><\/div>\n<ul>\n<li>Ainda, estudante pode solicitar o aproveitamento da <strong><span style=\"color: #0f5ea8\">Prova de artigo\/ingl\u00eas<\/span><\/strong> realizada durante o Processo Seletivo para Mestrado\/Doutorado PGBB (<span style=\"color: #0f5ea8\">nota m\u00ednima 5,0 para Mestrado e nota m\u00ednima 7,0 para o Doutorado<\/span>).<\/li>\n<\/ul>\n<p>&nbsp;<\/p>\n<p><span style=\"color: #c90c0c\">A Profici\u00eancia em L\u00edngua Estrangeira obtida durante o Mestrado <span style=\"text-decoration: underline\">n\u00e3o<\/span> pode ser aproveitada no Doutorado. <\/span><\/p>\n","protected":false},"excerpt":{"rendered":"<p>De acordo com Regimento Geral de P\u00f3s-Gradua\u00e7\u00e3o da UENF\u00a0: &#8220;Art. 51\u00a0&#8211; A Profici\u00eancia em L\u00edngua Inglesa ser\u00e1 obrigat\u00f3ria ou em&#8230;<\/p>\n","protected":false},"author":25,"featured_media":0,"parent":311,"menu_order":6,"comment_status":"closed","ping_status":"closed","template":"","meta":{"footnotes":""},"class_list":["post-2548","page","type-page","status-publish","hentry"],"_links":{"self":[{"href":"https:\/\/uenf.br\/posgraduacao\/biociencias-biotecnologia\/wp-json\/wp\/v2\/pages\/2548","targetHints":{"allow":["GET"]}}],"collection":[{"href":"https:\/\/uenf.br\/posgraduacao\/biociencias-biotecnologia\/wp-json\/wp\/v2\/pages"}],"about":[{"href":"https:\/\/uenf.br\/posgraduacao\/biociencias-biotecnologia\/wp-json\/wp\/v2\/types\/page"}],"author":[{"embeddable":true,"href":"https:\/\/uenf.br\/posgraduacao\/biociencias-biotecnologia\/wp-json\/wp\/v2\/users\/25"}],"replies":[{"embeddable":true,"href":"https:\/\/uenf.br\/posgraduacao\/biociencias-biotecnologia\/wp-json\/wp\/v2\/comments?post=2548"}],"version-history":[{"count":0,"href":"https:\/\/uenf.br\/posgraduacao\/biociencias-biotecnologia\/wp-json\/wp\/v2\/pages\/2548\/revisions"}],"up":[{"embeddable":true,"href":"https:\/\/uenf.br\/posgraduacao\/biociencias-biotecnologia\/wp-json\/wp\/v2\/pages\/311"}],"wp:attachment":[{"href":"https:\/\/uenf.br\/posgraduacao\/biociencias-biotecnologia\/wp-json\/wp\/v2\/media?parent=2548"}],"curies":[{"name":"wp","href":"https:\/\/api.w.org\/{rel}","templated":true}]}}