{"id":2809,"date":"2023-10-11T11:48:08","date_gmt":"2023-10-11T14:48:08","guid":{"rendered":"https:\/\/uenf.br\/posgraduacao\/biociencias-biotecnologia\/?page_id=2809"},"modified":"2025-08-12T11:30:22","modified_gmt":"2025-08-12T14:30:22","slug":"modelo-de-relatorio-de-atividades","status":"publish","type":"page","link":"https:\/\/uenf.br\/posgraduacao\/biociencias-biotecnologia\/verba-proap-capes-2023\/modelo-de-relatorio-de-atividades\/","title":{"rendered":"Modelo de Relat\u00f3rio de Atividades"},"content":{"rendered":"<p>Fa\u00e7a o download para acessar o modelo de relat\u00f3rio de Atividades da Verba Proap Capes<\/p>\n<p><a href=\"https:\/\/uenf.br\/posgraduacao\/biociencias-biotecnologia\/wp-content\/uploads\/sites\/12\/2023\/10\/Modelo-de-Relatorio-Atividades-2023-1.docx\">Modelo-de-Relatorio-Atividades-2023<\/a><\/p>\n<ul>\n<li>Este relat\u00f3rio deve ser enviado <span style=\"color: #0962ab\"><span style=\"color: #800000\"><span style=\"color: #000000\">v<\/span><\/span><\/span><span style=\"color: #0962ab\"><span style=\"color: #800000\"><span style=\"color: #000000\">ia e-mail, com assinatura GOV, em at\u00e9 1 dia \u00fatil ap\u00f3s o retorno\/t\u00e9rmino do evento).<\/span><\/span><\/span><\/li>\n<\/ul>\n","protected":false},"excerpt":{"rendered":"<p>Fa\u00e7a o download para acessar o modelo de relat\u00f3rio de Atividades da Verba Proap Capes Modelo-de-Relatorio-Atividades-2023 Este relat\u00f3rio deve ser&#8230;<\/p>\n","protected":false},"author":25,"featured_media":0,"parent":2798,"menu_order":2,"comment_status":"closed","ping_status":"closed","template":"","meta":{"footnotes":""},"class_list":["post-2809","page","type-page","status-publish","hentry"],"_links":{"self":[{"href":"https:\/\/uenf.br\/posgraduacao\/biociencias-biotecnologia\/wp-json\/wp\/v2\/pages\/2809","targetHints":{"allow":["GET"]}}],"collection":[{"href":"https:\/\/uenf.br\/posgraduacao\/biociencias-biotecnologia\/wp-json\/wp\/v2\/pages"}],"about":[{"href":"https:\/\/uenf.br\/posgraduacao\/biociencias-biotecnologia\/wp-json\/wp\/v2\/types\/page"}],"author":[{"embeddable":true,"href":"https:\/\/uenf.br\/posgraduacao\/biociencias-biotecnologia\/wp-json\/wp\/v2\/users\/25"}],"replies":[{"embeddable":true,"href":"https:\/\/uenf.br\/posgraduacao\/biociencias-biotecnologia\/wp-json\/wp\/v2\/comments?post=2809"}],"version-history":[{"count":0,"href":"https:\/\/uenf.br\/posgraduacao\/biociencias-biotecnologia\/wp-json\/wp\/v2\/pages\/2809\/revisions"}],"up":[{"embeddable":true,"href":"https:\/\/uenf.br\/posgraduacao\/biociencias-biotecnologia\/wp-json\/wp\/v2\/pages\/2798"}],"wp:attachment":[{"href":"https:\/\/uenf.br\/posgraduacao\/biociencias-biotecnologia\/wp-json\/wp\/v2\/media?parent=2809"}],"curies":[{"name":"wp","href":"https:\/\/api.w.org\/{rel}","templated":true}]}}