{"id":327,"date":"2014-06-27T13:08:57","date_gmt":"2014-06-27T13:08:57","guid":{"rendered":"http:\/\/uenf.br\/pos-graduacao\/biociencias-biotecnologia\/?page_id=327"},"modified":"2025-04-02T15:10:41","modified_gmt":"2025-04-02T18:10:41","slug":"avaliacao-do-programa","status":"publish","type":"page","link":"https:\/\/uenf.br\/posgraduacao\/biociencias-biotecnologia\/apresentacao\/avaliacao-do-programa\/","title":{"rendered":"Avalia\u00e7\u00e3o do PGBB &#8211; CB1 CAPES"},"content":{"rendered":"<p>A Avalia\u00e7\u00e3o dos Programas de P\u00f3s-Gradua\u00e7\u00e3o compreende a realiza\u00e7\u00e3o do acompanhamento anual e da avalia\u00e7\u00e3o quadrienal do desempenho de todos os programas e cursos que integram o Sistema Nacional de P\u00f3s-Gradua\u00e7\u00e3o. Os resultados desse processo, expressos pela atribui\u00e7\u00e3o de uma nota na escala de \u201c1\u2033 a \u201c7\u2033 fundamentam a delibera\u00e7\u00e3o CNE\/MEC sobre quais cursos obter\u00e3o a renova\u00e7\u00e3o de \u201creconhecimento\u201d, a vigorar no quadri\u00eanio \u00a0subseq\u00fcente.<\/p>\n<p><strong>Avalia\u00e7\u00e3o do Programa PGBB UENF (c\u00f3digo 31033016002P9): <a href=\"https:\/\/www.gov.br\/capes\/pt-br\/acesso-a-informacao\/acoes-e-programas\/avaliacao\/sobre-a-avaliacao\/areas-avaliacao\/sobre-as-areas-de-avaliacao\/colegio-de-ciencias-da-vida\/ciencias-biologicas\/ciencias-biologicas-i\">\u00c1rea de Avalia\u00e7\u00e3o: Ci\u00eancias Biol\u00f3gicas I da CAPES<\/a><\/strong><\/p>\n<p><span style=\"color: #0991e0\"><strong>Avalia\u00e7\u00e3o Quadri\u00eanio 2017-2021: nota 4<\/strong><\/span><\/p>\n<p><span style=\"color: #0991e0\"><a style=\"color: #0991e0\" href=\"https:\/\/www.gov.br\/capes\/pt-br\/centrais-de-conteudo\/documentos\/avaliacao\/19122022_RELATORIO_DA_AVALIACAO_QUADRIENALCINCIASBIOLGICASIFINAL.pdf\">RELAT\u00d3RIO DE AVALIA\u00c7\u00c3O 2017-2020 QUADRIENAL 2021 (com a Ficha de Avalia\u00e7\u00e3o)<\/a><\/span><\/p>\n<p><span style=\"color: #0369a3\"><a style=\"color: #0369a3\" href=\"https:\/\/www.gov.br\/capes\/pt-br\/acesso-a-informacao\/acoes-e-programas\/avaliacao\/sobre-a-avaliacao\/areas-avaliacao\/sobre-as-areas-de-avaliacao\/colegio-de-ciencias-da-vida\/ciencias-biologicas\/ciencias-biologicas-i\">\u00c1rea de Avalia\u00e7\u00e3o Ci\u00eancias Biol\u00f3gicas I (CBI)<\/a><\/span><\/p>\n<p><span style=\"color: #0369a3\"><a style=\"color: #0369a3\" href=\"https:\/\/www.gov.br\/capes\/pt-br\/acesso-a-informacao\/acoes-e-programas\/avaliacao\/avaliacao-quadrienal\/resultado-da-avaliacao-quadrienal-2017-2020\">Resultado da Avalia\u00e7\u00e3o Quadrienal 2017-2020 \u2014 CAPES<\/a><\/span><\/p>\n<p>&nbsp;<\/p>\n","protected":false},"excerpt":{"rendered":"<p>A Avalia\u00e7\u00e3o dos Programas de P\u00f3s-Gradua\u00e7\u00e3o compreende a realiza\u00e7\u00e3o do acompanhamento anual e da avalia\u00e7\u00e3o quadrienal do desempenho de todos&#8230;<\/p>\n","protected":false},"author":25,"featured_media":0,"parent":652,"menu_order":1,"comment_status":"closed","ping_status":"open","template":"","meta":{"footnotes":""},"class_list":["post-327","page","type-page","status-publish","hentry"],"_links":{"self":[{"href":"https:\/\/uenf.br\/posgraduacao\/biociencias-biotecnologia\/wp-json\/wp\/v2\/pages\/327","targetHints":{"allow":["GET"]}}],"collection":[{"href":"https:\/\/uenf.br\/posgraduacao\/biociencias-biotecnologia\/wp-json\/wp\/v2\/pages"}],"about":[{"href":"https:\/\/uenf.br\/posgraduacao\/biociencias-biotecnologia\/wp-json\/wp\/v2\/types\/page"}],"author":[{"embeddable":true,"href":"https:\/\/uenf.br\/posgraduacao\/biociencias-biotecnologia\/wp-json\/wp\/v2\/users\/25"}],"replies":[{"embeddable":true,"href":"https:\/\/uenf.br\/posgraduacao\/biociencias-biotecnologia\/wp-json\/wp\/v2\/comments?post=327"}],"version-history":[{"count":0,"href":"https:\/\/uenf.br\/posgraduacao\/biociencias-biotecnologia\/wp-json\/wp\/v2\/pages\/327\/revisions"}],"up":[{"embeddable":true,"href":"https:\/\/uenf.br\/posgraduacao\/biociencias-biotecnologia\/wp-json\/wp\/v2\/pages\/652"}],"wp:attachment":[{"href":"https:\/\/uenf.br\/posgraduacao\/biociencias-biotecnologia\/wp-json\/wp\/v2\/media?parent=327"}],"curies":[{"name":"wp","href":"https:\/\/api.w.org\/{rel}","templated":true}]}}