{"id":35,"date":"2013-11-19T17:21:46","date_gmt":"2013-11-19T19:21:46","guid":{"rendered":"http:\/\/uenf.br\/pos-graduacao\/biociencias-biotecnologia\/?page_id=35"},"modified":"2026-02-04T11:15:53","modified_gmt":"2026-02-04T14:15:53","slug":"docentes","status":"publish","type":"page","link":"https:\/\/uenf.br\/posgraduacao\/biociencias-biotecnologia\/docentes\/","title":{"rendered":"Docentes PGBB"},"content":{"rendered":"<ul>\n<li><span style=\"color: #3d7ab8\"><strong><a style=\"color: #3d7ab8\" href=\"https:\/\/uenf.br\/posgraduacao\/biociencias-biotecnologia\/docentes\/credenciamento\/\">Credenciamento PGBB<\/a><\/strong><\/span><\/li>\n<li><span style=\"color: #3981b8\"><strong><a style=\"color: #3981b8\" href=\"http:\/\/uenf.br\/posgraduacao\/biociencias-biotecnologia\/wp-content\/uploads\/sites\/12\/2026\/02\/Formulario-solicitacao-Co-orientacao-PGBB.pdf\">Formulario solicitacao Co-orientacao PGBB<\/a><\/strong><\/span>\u00a0(<em>de acordo com o Regimento Geral de P\u00f3s-Gradua\u00e7\u00e3o da UENF, <span style=\"text-decoration: underline\">somente os portadores do t\u00edtulo de doutor<\/span> podem atuar como orientadores e coorientadores de alunos de p\u00f3s-gradua\u00e7\u00e3o<\/em>)<\/li>\n<li><span style=\"color: #3981b8\"><strong><a style=\"color: #3981b8\" href=\"https:\/\/uenf.br\/posgraduacao\/biociencias-biotecnologia\/docentes\/docentes-orientadores\/\">Docentes Orientadores por Laborat\u00f3rio<\/a><\/strong><\/span><\/li>\n<li>Docente linha projeto e area<\/li>\n<\/ul>\n","protected":false},"excerpt":{"rendered":"<p>Credenciamento PGBB Formulario solicitacao Co-orientacao PGBB\u00a0(de acordo com o Regimento Geral de P\u00f3s-Gradua\u00e7\u00e3o da UENF, somente os portadores do t\u00edtulo&#8230;<\/p>\n","protected":false},"author":25,"featured_media":0,"parent":0,"menu_order":5,"comment_status":"open","ping_status":"closed","template":"","meta":{"footnotes":""},"class_list":["post-35","page","type-page","status-publish","hentry"],"_links":{"self":[{"href":"https:\/\/uenf.br\/posgraduacao\/biociencias-biotecnologia\/wp-json\/wp\/v2\/pages\/35","targetHints":{"allow":["GET"]}}],"collection":[{"href":"https:\/\/uenf.br\/posgraduacao\/biociencias-biotecnologia\/wp-json\/wp\/v2\/pages"}],"about":[{"href":"https:\/\/uenf.br\/posgraduacao\/biociencias-biotecnologia\/wp-json\/wp\/v2\/types\/page"}],"author":[{"embeddable":true,"href":"https:\/\/uenf.br\/posgraduacao\/biociencias-biotecnologia\/wp-json\/wp\/v2\/users\/25"}],"replies":[{"embeddable":true,"href":"https:\/\/uenf.br\/posgraduacao\/biociencias-biotecnologia\/wp-json\/wp\/v2\/comments?post=35"}],"version-history":[{"count":0,"href":"https:\/\/uenf.br\/posgraduacao\/biociencias-biotecnologia\/wp-json\/wp\/v2\/pages\/35\/revisions"}],"wp:attachment":[{"href":"https:\/\/uenf.br\/posgraduacao\/biociencias-biotecnologia\/wp-json\/wp\/v2\/media?parent=35"}],"curies":[{"name":"wp","href":"https:\/\/api.w.org\/{rel}","templated":true}]}}