{"id":4288,"date":"2025-03-28T10:31:02","date_gmt":"2025-03-28T13:31:02","guid":{"rendered":"https:\/\/uenf.br\/posgraduacao\/biociencias-biotecnologia\/?page_id=4288"},"modified":"2025-10-09T12:03:49","modified_gmt":"2025-10-09T15:03:49","slug":"programa-de-doctorado-y-maestria-en-biociencias-y-biotecnologia","status":"publish","type":"page","link":"https:\/\/uenf.br\/posgraduacao\/biociencias-biotecnologia\/programa-de-doctorado-y-maestria-en-biociencias-y-biotecnologia\/","title":{"rendered":"Programa de Doctorado y Maestr\u00eda en Biociencias y Biotecnolog\u00eda"},"content":{"rendered":"<ul>\n<li><span style=\"color: #076187\">El Programa de Posgrado en Biociencias y Biotecnolog\u00eda de la Universidade Estadual do Norte Fluminense Darcy Ribeiro (UENF), tambi\u00e9n conocida como la Universidad Estatal del Norte Fluminense Darcy Ribeiro, prepara a estudiantes para obtener t\u00edtulos de Maestr\u00eda y Doctorado. <\/span><span style=\"color: #076187\">Actuamos en investigaci\u00f3n, docencia y extensi\u00f3n con un enfoque multidisciplinario y translacional, alineado con la perspectiva One Health de la Agenda 2030 de la ONU. Desde su creaci\u00f3n en 1994, el PGBB ha otorgado t\u00edtulos de Doctorado a 242 graduados y t\u00edtulos de Maestr\u00eda a 476 graduados (actualizado el 06\/03\/2025).\u00a0<\/span><\/li>\n<li><span style=\"color: #076187\">La admisi\u00f3n al Programa de Posgrado en Biociencias y Biotecnolog\u00eda (PGBB), que ofrece t\u00edtulos de Maestr\u00eda y Doctorado, generalmente se realiza mediante un proceso de selecci\u00f3n en noviembre. El anuncio, junto con las reglas y detalles, se publica en un Aviso de Selecci\u00f3n espec\u00edfico en septiembre u octubre de cada a\u00f1o. El proceso de selecci\u00f3n incluye una entrevista, presentaci\u00f3n de proyecto de investigaci\u00f3n, an\u00e1lisis del curr\u00edculo y una prueba de dominio del ingl\u00e9s. Se requiere que los candidatos contacten a un posible asesor para obtener una carta de aceptaci\u00f3n y preparar una propuesta de proyecto de investigaci\u00f3n.<\/span><\/li>\n<\/ul>\n<p style=\"padding-left: 80px\"><img loading=\"lazy\" decoding=\"async\" class=\"alignnone size-medium wp-image-4716\" src=\"http:\/\/uenf.br\/posgraduacao\/biociencias-biotecnologia\/wp-content\/uploads\/sites\/12\/2025\/10\/PGBB-2026-ES-1-300x300.jpg\" alt=\"\" width=\"300\" height=\"300\" srcset=\"https:\/\/uenf.br\/posgraduacao\/biociencias-biotecnologia\/wp-content\/uploads\/sites\/12\/2025\/10\/PGBB-2026-ES-1-300x300.jpg 300w, https:\/\/uenf.br\/posgraduacao\/biociencias-biotecnologia\/wp-content\/uploads\/sites\/12\/2025\/10\/PGBB-2026-ES-1-150x150.jpg 150w, https:\/\/uenf.br\/posgraduacao\/biociencias-biotecnologia\/wp-content\/uploads\/sites\/12\/2025\/10\/PGBB-2026-ES-1-600x600.jpg 600w, https:\/\/uenf.br\/posgraduacao\/biociencias-biotecnologia\/wp-content\/uploads\/sites\/12\/2025\/10\/PGBB-2026-ES-1.jpg 720w\" sizes=\"auto, (max-width: 300px) 100vw, 300px\" \/><\/p>\n<ul>\n<li>El programa incluye cursos y un proyecto de investigaci\u00f3n. El a\u00f1o acad\u00e9mico se divide en dos semestres: el primer semestre generalmente va de marzo a julio, y el segundo semestre de agosto a diciembre.<\/li>\n<li>Las investigaciones se distribuyen entre las l\u00edneas de investigaci\u00f3n de las dos principales \u00e1reas de investigaci\u00f3n:<\/li>\n<\/ul>\n<p><span style=\"color: #333399\">\u00c1REA I \u2013 BIOLOG\u00cdA CELULAR Y MOLECULAR DE PLANTAS Y ECOSISTEMAS<\/span><br \/>\n<span style=\"color: #333399\">L\u00edneas de Investigaci\u00f3n:<\/span><br \/>\n1. Biolog\u00eda Celular, Ecofisiolog\u00eda y Salud del Ecosistema (ECOCEL)<br \/>\n2. Biolog\u00eda Vegetal, Microbiolog\u00eda, Seguridad Alimentaria y Sostenibilidad (BIOAGRO)<br \/>\n3. Biolog\u00eda de Sistemas, Big Data y Multi-\u00f3micas (BIOSIS ECO)<br \/>\n4. Mol\u00e9culas Fitoterap\u00e9uticas y Compuestos Relevantes para la Salud Humana y Animal (FITMED)<br \/>\n5. Epistemolog\u00eda y Educaci\u00f3n en Bio\u00e9tica y Bioseguridad (EPIBIOS ECO)<\/p>\n<p><span style=\"color: #333399\">\u00c1REA II \u2013 BIOTECNOLOG\u00cdA Y BIOLOG\u00cdA CELULAR Y MOLECULAR EN SALUD<\/span><br \/>\n<span style=\"color: #333399\">L\u00edneas de Investigaci\u00f3n:<\/span><br \/>\n1. Bioingenier\u00eda y Nanotecnolog\u00eda (BIONANO)<br \/>\n2. Biolog\u00eda de Artr\u00f3podos Vectores (VETART)<br \/>\n3. Biolog\u00eda de Sistemas, Big Data y Multi-\u00f3micas (BIOSIS)<br \/>\n4. Epistemolog\u00eda y Educaci\u00f3n en Bio\u00e9tica y Bioseguridad (EPIBIOS)<br \/>\n5. Inmunobiolog\u00eda, Parasitolog\u00eda y Enfermedades Infecciosas (INFECT)<br \/>\n6. Mecanismos Alost\u00e1ticos \u2013 Biof\u00edsica, Bioqu\u00edmica, Celular y Molecular (MECMOL)<br \/>\n7. Neurociencias y Regeneraci\u00f3n Celular y Org\u00e1nica (NEUREG)<br \/>\n8. Virolog\u00eda, Oncolog\u00eda y Cardiolog\u00eda Molecular (VOCMOL)<\/p>\n<p><strong><span style=\"color: #333399\">Profesores Asesores por Laboratorio<\/span><\/strong><br \/>\nEl Programa de Posgrado en Biociencias y Biotecnolog\u00eda est\u00e1 compuesto por profesores del Centro de Biociencias y Biotecnolog\u00eda (CBB\/UENF) y profesores de otros centros\/universidades. Los laboratorios son las unidades administrativas del Centro de Biociencias y Biotecnolog\u00eda. Consulta a continuaci\u00f3n y accede a los curricula vitae (CV Lattes) y correos electr\u00f3nicos de los profesores acreditados en el programa:<\/p>\n<p><span style=\"color: #333399\">LBCT<\/span> \u2013 LABORATORIO DE BIOLOG\u00cdA CELULAR Y TISULAR:<br \/>\n&#8211; Prof. Arnoldo Rocha Fa\u00e7anha \u2013 CV Lattes \u2013 E-mail: arnoldo@uenf.br<br \/>\n&#8211; Prof. Cl\u00f3vis de Paula Santos \u2013 CV Lattes \u2013 E-mail: cps@uenf.br<br \/>\n&#8211; Prof. Glauber Monteiro Dias \u2013 CV Lattes \u2013 E-mail: glauber@uenf.br<br \/>\n&#8211; Prof\u00aa Maura da Cunha \u2013 CV Lattes \u2013 E-mail: maura@uenf.br<br \/>\n&#8211; Prof. Renato Augusto DaMatta \u2013 CV Lattes \u2013 E-mail: renato@uenf.br<br \/>\n&#8211; Prof. S\u00e9rgio Henrique Seabra \u2013 CV Lattes \u2013 E-mail: seabrash@uenf.br<br \/>\n&#8211; Prof\u00aa Sheila Esp\u00edrito Santo Ara\u00fajo \u2013 CV Lattes \u2013 E-mail: espiritosanto.sheila@uenf.br<\/p>\n<p><span style=\"color: #333399\">LBR<\/span> \u2013 LABORATORIO DE BIOLOG\u00cdA DEL RECONOCIMIENTO:<br \/>\n&#8211; Prof\u00aa Alba Luc\u00ednia Peixoto Rangel \u2013 CV Lattes \u2013 E-mail: alba@uenf.br<br \/>\n&#8211; Prof\u00aa Elena Lassounskaia \u2013 CV Lattes \u2013 E-mail: elena@uenf.br<br \/>\n&#8211; Prof. Milton Masahiko Kanashiro \u2013 CV Lattes \u2013 E-mail: kmilton@uenf.br<br \/>\n&#8211; Prof\u00aa Thatiana Lopes Bi\u00e1 Ventura Sim\u00e3o \u2013 CV Lattes \u2013 E-mail: thativentura@uenf.br<\/p>\n<p><span style=\"color: #333399\">LBT<\/span> \u2013 LABORATORIO DE BIOTECNOLOG\u00cdA:<br \/>\n&#8211; Prof. Alvaro Fabr\u00edcio Lopes Rios \u2013 CV Lattes \u2013 E-mail: aflrios@uenf.br<br \/>\n&#8211; Prof. Enrique Medina-Acosta \u2013 CV Lattes \u2013 E-mail: quique@uenf.br<br \/>\n&#8211; Prof. Francisco Jos\u00e9 Alves Lemos \u2013 CV Lattes \u2013 E-mail: franze@uenf.br<\/p>\n<p><span style=\"color: #333399\">LFBM<\/span> \u2013 LABORATORIO DE FISIOLOG\u00cdA Y BIOQU\u00cdMICA DE MICROORGANISMOS:<br \/>\n&#8211; Prof\u00aa Anna Lvovna Okorokova Fa\u00e7anha \u2013 CV Lattes \u2013 E-mail: anna@uenf.br<br \/>\n&#8211; Prof\u00aa Andr\u00e9 de Oliveira Carvalho \u2013 CV Lattes \u2013 E-mail: andre@uenf.br<br \/>\n&#8211; Prof. Diogo de Abreu Meireles \u2013 CV Lattes \u2013 E-mail: diogo@uenf.br<br \/>\n&#8211; Prof\u00aa \u00c9rica de Oliveira Mello \u2013 CV Lattes \u2013 E-mail: erica@uenf.br<br \/>\n&#8211; Prof\u00aa Valdirene Moreira Gomes \u2013 CV Lattes \u2013 E-mail: valmg@uenf.br<\/p>\n<p><span style=\"color: #333399\">LQFPP<\/span> \u2013 LABORATORIO DE QU\u00cdMICA Y FUNCI\u00d3N DE PROTE\u00cdNAS Y P\u00c9PTIDOS:<br \/>\n&#8211; Prof\u00aa Ana Eliza Zeraik \u2013 CV Lattes \u2013 E-mail: anazeraik@uenf.br<br \/>\n&#8211; Prof\u00aa Antonia Elenir Am\u00e2ncio Oliveira \u2013 CV Lattes \u2013 E-mail: elenir@uenf.br<br \/>\n&#8211; Prof\u00aa Cl\u00edcia Grativol Gaspar \u2013 CV Lattes \u2013 E-mail: cgrativol@uenf.br<br \/>\n&#8211; Prof\u00aa K\u00e1tia Valevski Sales Fernandes \u2013 CV Lattes \u2013 E-mail: cowpkat@uenf.br<br \/>\n&#8211; Prof\u00aa Olga Lima Tavares Machado \u2013 CV Lattes \u2013 E-mail: olga@uenf.br<br \/>\n&#8211; Prof. Thiago Motta Ven\u00e2ncio \u2013 CV Lattes \u2013 E-mail: thiagovenancio@gmail.com<\/p>\n<p>Profesores de Otros Centros\/Instituciones:<br \/>\n&#8211; Prof\u00aa Marinete Pinheiro Carrera (UENF\/CCTA) \u2013 CV Lattes \u2013 E-mail: marinete@uenf.br<br \/>\n&#8211; Prof\u00aa Cintia Monteiro de Barros (UFRJ-Maca\u00e9) \u2013 CV Lattes \u2013 E-mail: cintiabarrosmacae@gmail.com<br \/>\n&#8211; Prof\u00aa Michelle Fraz\u00e3o Muzitano (UFRJ-Maca\u00e9) \u2013 CV Lattes \u2013 E-mail: mfmuzitano@gmail.com<br \/>\n&#8211; Prof. Luis Guilherme Mansor Basso (UENF\/CCT\/LFIS) \u2013 CV Lattes \u2013 E-mail: luisbasso@uenf.br<br \/>\n&#8211; Prof. Jo\u00e3o Luiz Mendes Wanderley (UFRJ-Maca\u00e9) \u2013 CV Lattes \u2013 E-mail: lmwjoao@gmail.com<\/p>\n<p><a href=\"https:\/\/uenf.br\/posgraduacao\/biociencias-biotecnologia\/produtividade-do-programa\/\">Art\u00edculos publicados por profesores y estudiantes del PGBB<\/a>.<\/p>\n","protected":false},"excerpt":{"rendered":"<p>El Programa de Posgrado en Biociencias y Biotecnolog\u00eda de la Universidade Estadual do Norte Fluminense Darcy Ribeiro (UENF), tambi\u00e9n conocida&#8230;<\/p>\n","protected":false},"author":25,"featured_media":0,"parent":0,"menu_order":0,"comment_status":"closed","ping_status":"closed","template":"","meta":{"footnotes":""},"class_list":["post-4288","page","type-page","status-publish","hentry"],"_links":{"self":[{"href":"https:\/\/uenf.br\/posgraduacao\/biociencias-biotecnologia\/wp-json\/wp\/v2\/pages\/4288","targetHints":{"allow":["GET"]}}],"collection":[{"href":"https:\/\/uenf.br\/posgraduacao\/biociencias-biotecnologia\/wp-json\/wp\/v2\/pages"}],"about":[{"href":"https:\/\/uenf.br\/posgraduacao\/biociencias-biotecnologia\/wp-json\/wp\/v2\/types\/page"}],"author":[{"embeddable":true,"href":"https:\/\/uenf.br\/posgraduacao\/biociencias-biotecnologia\/wp-json\/wp\/v2\/users\/25"}],"replies":[{"embeddable":true,"href":"https:\/\/uenf.br\/posgraduacao\/biociencias-biotecnologia\/wp-json\/wp\/v2\/comments?post=4288"}],"version-history":[{"count":0,"href":"https:\/\/uenf.br\/posgraduacao\/biociencias-biotecnologia\/wp-json\/wp\/v2\/pages\/4288\/revisions"}],"wp:attachment":[{"href":"https:\/\/uenf.br\/posgraduacao\/biociencias-biotecnologia\/wp-json\/wp\/v2\/media?parent=4288"}],"curies":[{"name":"wp","href":"https:\/\/api.w.org\/{rel}","templated":true}]}}