{"id":4303,"date":"2025-04-02T14:53:23","date_gmt":"2025-04-02T17:53:23","guid":{"rendered":"https:\/\/uenf.br\/posgraduacao\/biociencias-biotecnologia\/?page_id=4303"},"modified":"2025-04-02T14:53:23","modified_gmt":"2025-04-02T17:53:23","slug":"areas-de-concentracao-e-linhas-de-pesquisa","status":"publish","type":"page","link":"https:\/\/uenf.br\/posgraduacao\/biociencias-biotecnologia\/apresentacao\/areas-de-concentracao-e-linhas-de-pesquisa\/","title":{"rendered":"\u00c1reas de concentra\u00e7\u00e3o e linhas de pesquisa"},"content":{"rendered":"<p style=\"text-align: justify\">As pesquisas realizadas pelos docentes do PPGBB est\u00e3o distribu\u00eddas nas linhas de pesquisa das duas principais \u00e1reas de concentra\u00e7\u00e3o:<\/p>\n<p style=\"padding-left: 40px\"><span style=\"color: #0377a1\"><strong>\u00c1REA I &#8211; BIOLOGIA CELULAR E MOLECULAR VEGETAL E ECOSSIST\u00caMICA<\/strong><\/span><br \/>\n<span style=\"color: #008080\"><em><strong>Linhas de Pesquisa:<\/strong><\/em><\/span><br \/>\n1. Biologia Celular, Ecofisiologia e Sa\u00fade de Ecossistemas <span style=\"color: #008080\"><strong>(ECOCEL)<\/strong><\/span><br \/>\n2. Biologia Vegetal, Microbiologia, Seguran\u00e7a Alimentar e Sustentabilidade <span style=\"color: #008080\"><strong>(BIOAGRO)<\/strong><\/span><br \/>\n3. Biologia de Sistemas, Big Data e Multi\u00f4micas <span style=\"color: #008080\"><strong>(BIOSIS ECO)<\/strong><\/span><br \/>\n4. Mol\u00e9culas e Compostos Fitoter\u00e1picos de Relev\u00e2ncia Para a Sa\u00fade Animal e Humana <span style=\"color: #008080\"><strong>(FITMED)<\/strong><\/span><br \/>\n5. Epistemologia E Educa\u00e7\u00e3o Em Bio\u00e9tica, Biosseguran\u00e7a (<span style=\"color: #008080\"><strong>EPIBIOS ECO<\/strong><\/span>)<\/p>\n<p style=\"padding-left: 40px\"><span style=\"color: #0377a1\"><strong>\u00c1REA II &#8211; BIOTECNOLOGIA &amp; BIOLOGIA CELULAR E MOLECULAR EM SA\u00daDE<\/strong><\/span><br \/>\n<span style=\"color: #008080\"><em><strong>Linhas de Pesquisa:<\/strong><\/em><\/span><br \/>\n1. Bioengenharia e Nanotecnologia <span style=\"color: #008080\"><strong>(BIONANO)<\/strong><\/span><br \/>\n2. Biologia ee Artr\u00f3podes Vetores <span style=\"color: #008080\"><strong>(VETART)<\/strong><\/span><br \/>\n3. Biologia de Sistemas, Big Data e Multi\u00f4micas <span style=\"color: #008080\"><strong>(BIOSIS)<\/strong><\/span><br \/>\n4. Epistemologia e Educa\u00e7\u00e3o em Bio\u00e9tica e Biosseguran\u00e7a <span style=\"color: #008080\"><strong>(EPIBIOS)<\/strong><\/span><br \/>\n5. Imunobiologia, Parasitologia e Doen\u00e7as Infectocontagiosas <span style=\"color: #008080\"><strong>(INFECT)<\/strong><\/span><br \/>\n6. Mecanismos Alost\u00e1ticos &#8211; Biof\u00edsicos, Bioqu\u00edmicos, Celulares e Moleculares <span style=\"color: #008080\"><strong>(MECMOL)<\/strong><\/span><br \/>\n7. Neuroci\u00eancias e Regenera\u00e7\u00e3o Celular e Org\u00e2nica <span style=\"color: #008080\"><strong>(NEUREG)<\/strong><\/span><br \/>\n8. Virologia, Oncologia e Cardiologia Molecular <span style=\"color: #008080\"><strong>(VOCMOL)<\/strong><\/span><\/p>\n<p>Para o desenvolvimento das pesquisas nestas diferentes linhas, os docentes do programa possuem projetos financiados por ag\u00eancias de fomento nacionais como <a title=\"capes\" href=\"http:\/\/www.capes.gov.br\/\" target=\"_blank\" rel=\"noopener\">Capes<\/a>,\u00a0<a title=\"CNPQ\" href=\"http:\/\/www.cnpq.br\/\" target=\"_blank\" rel=\"noopener\">CNPq<\/a>\u00a0e <a title=\"faperj\" href=\"http:\/\/www.faperj.br\/\" target=\"_blank\" rel=\"noopener\">FAPERJ<\/a>. Muitos dos docentes do programa s\u00e3o detentores de Bolsa de Produtividade em Pesquisa do CNPq e de Bolsa CNE\/JCNE da FAPERJ, o que reflete a capacidade das equipes de pesquisa, que contam com a participa\u00e7\u00e3o produtiva de alunos de gradua\u00e7\u00e3o e p\u00f3s-gradua\u00e7\u00e3o. Todo o corpo discente est\u00e1 integrado \u00e0s linhas de pesquisa do programa. O ambiente de coopera\u00e7\u00e3o cient\u00edfica do centro proporciona aos alunos acesso \u00e0 equipamentos de alta qualidade tais como, espectr\u00f4metro de massas, sequenciadores prot\u00e9icos e de DNA, microsc\u00f3pios eletr\u00f4nicos de transmiss\u00e3o, varredura e microan\u00e1lise, microsc\u00f3pio confocal, cit\u00f4metro de fluxo, al\u00e9m dos equipamentos b\u00e1sicos para a pesquisa desenvolvida nas linhas estabelecidas. A divulga\u00e7\u00e3o da produ\u00e7\u00e3o cient\u00edfica nas principais \u00e1reas de interesse em revistas de circula\u00e7\u00e3o internacional, vem projetando o nome da <a title=\"uenf\" href=\"http:\/\/www.uenf.br\/portal\/index.php\/br\/\" target=\"_blank\" rel=\"noopener\">Universidade Estadual do Norte Fluminense Darcy Ribeiro (UENF)<\/a> nacional e internacionalmente.<\/p>\n<p>&nbsp;<\/p>\n<p><strong>\u00c1REAS DE CONCENTRA\u00c7\u00c3O (2016 &#8211; 2021)<\/strong><br \/>\n&#8211;<strong> Biologia Celular <\/strong><br \/>\n<strong>&#8211; Biologia Molecular e Biotecnologia<\/strong><\/p>\n<p style=\"padding-left: 40px\"><em><strong>Linhas de Pesquisa em Biologia Celular<\/strong><\/em><br \/>\n&#8211; An\u00e1lises Integrativas de Sistemas Biol\u00f3gicos (BC)<br \/>\n&#8211; Biologia Celular e Mecanismos de Transdu\u00e7\u00e3o de Sinal e Intera\u00e7\u00e3o Celular<br \/>\n&#8211; Biologia Vegetal, Bases Bioqu\u00edmicas e Moleculares de Defesa de Plantas<br \/>\n&#8211; Imunobiologia de Doen\u00e7as Infecciosas e Parasit\u00e1rias<br \/>\n<strong><em>L<\/em><em>inhas de Pesquisa Em Biologia Molecular e Biotecnologia<\/em><\/strong><br \/>\n&#8211; An\u00e1lises Integrativas de Sistemas Biol\u00f3gicos<br \/>\n&#8211; Desenvolvimento de Processos e Produ\u00e7\u00e3o de Imunobiol\u00f3gicos para Ant\u00edgenos<br \/>\nRelevantes e Novos F\u00e1rmacos<br \/>\n&#8211; Epidemiologia Molecular de Doen\u00e7as Infecciosas e Gen\u00e9ticas<br \/>\n&#8211; Processos Biotecnol\u00f3gicos<\/p>\n","protected":false},"excerpt":{"rendered":"<p>As pesquisas realizadas pelos docentes do PPGBB est\u00e3o distribu\u00eddas nas linhas de pesquisa das duas principais \u00e1reas de concentra\u00e7\u00e3o: \u00c1REA&#8230;<\/p>\n","protected":false},"author":25,"featured_media":0,"parent":652,"menu_order":0,"comment_status":"closed","ping_status":"closed","template":"","meta":{"footnotes":""},"class_list":["post-4303","page","type-page","status-publish","hentry"],"_links":{"self":[{"href":"https:\/\/uenf.br\/posgraduacao\/biociencias-biotecnologia\/wp-json\/wp\/v2\/pages\/4303","targetHints":{"allow":["GET"]}}],"collection":[{"href":"https:\/\/uenf.br\/posgraduacao\/biociencias-biotecnologia\/wp-json\/wp\/v2\/pages"}],"about":[{"href":"https:\/\/uenf.br\/posgraduacao\/biociencias-biotecnologia\/wp-json\/wp\/v2\/types\/page"}],"author":[{"embeddable":true,"href":"https:\/\/uenf.br\/posgraduacao\/biociencias-biotecnologia\/wp-json\/wp\/v2\/users\/25"}],"replies":[{"embeddable":true,"href":"https:\/\/uenf.br\/posgraduacao\/biociencias-biotecnologia\/wp-json\/wp\/v2\/comments?post=4303"}],"version-history":[{"count":0,"href":"https:\/\/uenf.br\/posgraduacao\/biociencias-biotecnologia\/wp-json\/wp\/v2\/pages\/4303\/revisions"}],"up":[{"embeddable":true,"href":"https:\/\/uenf.br\/posgraduacao\/biociencias-biotecnologia\/wp-json\/wp\/v2\/pages\/652"}],"wp:attachment":[{"href":"https:\/\/uenf.br\/posgraduacao\/biociencias-biotecnologia\/wp-json\/wp\/v2\/media?parent=4303"}],"curies":[{"name":"wp","href":"https:\/\/api.w.org\/{rel}","templated":true}]}}