{"id":4769,"date":"2025-11-14T01:37:17","date_gmt":"2025-11-14T04:37:17","guid":{"rendered":"https:\/\/uenf.br\/posgraduacao\/biociencias-biotecnologia\/?page_id=4769"},"modified":"2025-12-08T10:12:04","modified_gmt":"2025-12-08T13:12:04","slug":"mestrado-e-doutorado-1o-2026-orientacoes-para-a-prova-de-ingles","status":"publish","type":"page","link":"https:\/\/uenf.br\/posgraduacao\/biociencias-biotecnologia\/processo-seletivo\/selecao-1o-2026-mestrado-e-doutorado\/mestrado-e-doutorado-1o-2026-orientacoes-para-a-prova-de-ingles\/","title":{"rendered":"Orienta\u00e7\u00f5es para a Prova de Ingl\u00eas"},"content":{"rendered":"<p><strong><span style=\"color: #065391\">ORIENTA\u00c7\u00d5ES GERAIS PARA A PROVA DE INGL\u00caS<\/span><\/strong><\/p>\n<ul>\n<li>A prova ter\u00e1 in\u00edcio \u00e0s 9:00h no hor\u00e1rio padr\u00e3o de Bras\u00edlia do dia 17 de novembro de 2025.<\/li>\n<li><u>Local da prova presencial: <\/u><br \/>\n&#8211; candidatas(os) ao mestrado: mini-audit\u00f3rio do CBB, t\u00e9rreo P2, UENF<br \/>\n&#8211; candidatas(os) ao doutorado: Sala 107 do CBB, 1\u00ba andar P2, UENF<\/li>\n<li><u>Local da prova <em>on-line<\/em>: <\/u><br \/>\n&#8211; sala virtual do Google Meet cujo link ser\u00e1 enviado para o e-mail da(o) candidata(o) informado no ato da inscri\u00e7\u00e3o.<\/li>\n<li>A prova ter\u00e1 a dura\u00e7\u00e3o de 3 h.<\/li>\n<li>A prova n\u00e3o dever\u00e1 ser identificada pelo nome da(o) candidata(o), colocar apenas o n\u00famero do CPF ou outro documento de identifica\u00e7\u00e3o especificado no formul\u00e1rio de inscri\u00e7\u00e3o.<\/li>\n<li>As respostas dever\u00e3o ser elaboradas em portugu\u00eas (ou ingl\u00eas) na forma manuscrita em papel e com caneta esferogr\u00e1fica azul ou preta.<\/li>\n<li>Ser\u00e1 permitido o uso de dicion\u00e1rio f\u00edsico (ingl\u00eas-portugu\u00eas ou ingl\u00eas-ingl\u00eas).<\/li>\n<\/ul>\n<p>&nbsp;<\/p>\n<p><strong><span style=\"color: #065391\">ORIENTA\u00c7\u00d5ES PARA A PROVA DE INGL\u00caS <em>ON-LINE<\/em><\/span><\/strong><\/p>\n<ul>\n<li>As(Os) candidatas(os) que far\u00e3o a prova on-line dever\u00e3o ter <span style=\"text-decoration: underline\">dois<\/span> dispositivos eletr\u00f4nicos com acesso a internet, e com c\u00e2mera e microfone funcionais.<\/li>\n<li>A(O) candidata(o) dever\u00e1 deixar a c\u00e2mera e o microfone ligados durante <span style=\"text-decoration: underline\">todo<\/span> o tempo de execu\u00e7\u00e3o da prova.<\/li>\n<li>Problemas excepcionais, como a falha de conex\u00e3o de internet durante a prova, incluindo o acesso ao v\u00eddeo e \u00e1udio da(o) candidata(o), dever\u00e3o ser imediatamente comunicados \u00e0 banca\/coordena\u00e7\u00e3o PGBB.<\/li>\n<li>A prova ser\u00e1 elaborada pela(o) candidata(o) na forma <span style=\"text-decoration: underline\">manuscrita<\/span> e n\u00e3o digitalizada.<\/li>\n<\/ul>\n<p style=\"padding-left: 40px\"><u>Prepara\u00e7\u00e3o para a prova on-line<\/u>:<br \/>\nO que candidata(o) precisa ter para fazer a prova:<br \/>\n&#8211; dois dispositivos eletr\u00f4nicos (computador ou smartphone) com webcam e microfone, e acesso ao Google Meet;<br \/>\n&#8211; conex\u00e3o de Internet est\u00e1vel;<br \/>\n&#8211; papel branco e caneta esferogr\u00e1fica azul ou preta;<br \/>\n&#8211; local com boa ilumina\u00e7\u00e3o, silencioso e sem fluxo de pessoas;<br \/>\n&#8211; posicionar a webcam de um dos dispositivos eletr\u00f4nicos de modo que o rosto da(o) candidata(o) esteja vis\u00edvel durante a prova pelo Google Meet;<br \/>\n&#8211; posicionar um dos dispositivos eletr\u00f4nicos de modo que a tela do computador da(o) candidata(o) esteja vis\u00edvel durante a prova.<\/p>\n<p style=\"padding-left: 40px\"><u>Durante a prova on-line:<\/u><br \/>\n&#8211; ao entrar na conex\u00e3o do Google Meet, a(o) candidata(o) dever\u00e1 mostrar o documento de identifica\u00e7\u00e3o com foto;<br \/>\n&#8211; a conex\u00e3o do Google Meet com o monitor da comiss\u00e3o de sele\u00e7\u00e3o que aplicar\u00e1 a prova dever\u00e1 ficar ativa durante toda a prova;<br \/>\n&#8211; as c\u00e2meras dos dispositivos eletr\u00f4nicos dever\u00e3o ficar ativas durante toda a prova mostrando a tela e o rosto da(o) candidata(o);<br \/>\n&#8211; a(o) candidata(o) n\u00e3o poder\u00e1 usar os fones de ouvido;<br \/>\n&#8211; a(o) candidata(o) n\u00e3o poder\u00e1 se ausentar do campo de vis\u00e3o das c\u00e2meras\u00a0durante a prova*.<\/p>\n<p style=\"padding-left: 40px\"><u>\u200b\u200bAo concluir a prova on-line:<\/u><br \/>\n&#8211; ap\u00f3s terminar a prova, a(o) candidata(o) deve mostrar a(s) folha(s) da prova para o monitor da comiss\u00e3o de sele\u00e7\u00e3o, tirar a foto da prova e enviar para o e-mail <a href=\"mailto:cpgcbb@uenf.br\">cpgcbb@uenf.br<\/a>, especificando o nome da(o) candidata(o) ainda com conex\u00e3o Google Meet ativa com c\u00e2mera e \u00e1udio ligados registrando todo o processo de documenta\u00e7\u00e3o da prova;<br \/>\n&#8211; a(o) candidata(o) somente poder\u00e1 desconectar do Google Meet ap\u00f3s o envio da prova.<\/p>\n<p style=\"padding-left: 40px\"><em>* A(O) candidata(o) com qualquer condi\u00e7\u00e3o m\u00e9dica que requer cuidados especiais durante a prova dever\u00e1 comunicar-se com anteced\u00eancia pelo e-mail <a href=\"mailto:cpgcbb@uenf.br\">cpgcbb@uenf.br<\/a>, explicando a necessidade e anexando documento m\u00e9dico comprobat\u00f3rio.<\/em><\/p>\n<p>&nbsp;<\/p>\n","protected":false},"excerpt":{"rendered":"<p>ORIENTA\u00c7\u00d5ES GERAIS PARA A PROVA DE INGL\u00caS A prova ter\u00e1 in\u00edcio \u00e0s 9:00h no hor\u00e1rio padr\u00e3o de Bras\u00edlia do dia&#8230;<\/p>\n","protected":false},"author":25,"featured_media":0,"parent":4667,"menu_order":2,"comment_status":"closed","ping_status":"closed","template":"","meta":{"footnotes":""},"class_list":["post-4769","page","type-page","status-publish","hentry"],"_links":{"self":[{"href":"https:\/\/uenf.br\/posgraduacao\/biociencias-biotecnologia\/wp-json\/wp\/v2\/pages\/4769","targetHints":{"allow":["GET"]}}],"collection":[{"href":"https:\/\/uenf.br\/posgraduacao\/biociencias-biotecnologia\/wp-json\/wp\/v2\/pages"}],"about":[{"href":"https:\/\/uenf.br\/posgraduacao\/biociencias-biotecnologia\/wp-json\/wp\/v2\/types\/page"}],"author":[{"embeddable":true,"href":"https:\/\/uenf.br\/posgraduacao\/biociencias-biotecnologia\/wp-json\/wp\/v2\/users\/25"}],"replies":[{"embeddable":true,"href":"https:\/\/uenf.br\/posgraduacao\/biociencias-biotecnologia\/wp-json\/wp\/v2\/comments?post=4769"}],"version-history":[{"count":0,"href":"https:\/\/uenf.br\/posgraduacao\/biociencias-biotecnologia\/wp-json\/wp\/v2\/pages\/4769\/revisions"}],"up":[{"embeddable":true,"href":"https:\/\/uenf.br\/posgraduacao\/biociencias-biotecnologia\/wp-json\/wp\/v2\/pages\/4667"}],"wp:attachment":[{"href":"https:\/\/uenf.br\/posgraduacao\/biociencias-biotecnologia\/wp-json\/wp\/v2\/media?parent=4769"}],"curies":[{"name":"wp","href":"https:\/\/api.w.org\/{rel}","templated":true}]}}