{"id":4790,"date":"2025-11-19T14:21:30","date_gmt":"2025-11-19T17:21:30","guid":{"rendered":"https:\/\/uenf.br\/posgraduacao\/biociencias-biotecnologia\/?page_id=4790"},"modified":"2025-12-08T10:12:32","modified_gmt":"2025-12-08T13:12:32","slug":"entrevista-ms-e-ds","status":"publish","type":"page","link":"https:\/\/uenf.br\/posgraduacao\/biociencias-biotecnologia\/processo-seletivo\/selecao-1o-2026-mestrado-e-doutorado\/entrevista-ms-e-ds\/","title":{"rendered":"Entrevistas MS e DS"},"content":{"rendered":"<p><strong><span style=\"color: #0352a6\">Confere o cronograma de entrevistas do processo seletivo 2026.1:<\/span><\/strong><\/p>\n<p><strong> Mestrado: <span style=\"color: #0b65db\"><a style=\"color: #0b65db\" href=\"https:\/\/uenf.br\/posgraduacao\/biociencias-biotecnologia\/wp-content\/uploads\/sites\/12\/2025\/11\/Horario-Entrevistas-Mestrado.pdf\" target=\"_blank\" rel=\"noopener\">Hor\u00e1rio das Entrevistas<\/a><\/span><\/strong><\/p>\n<p><strong>Doutorado:<span style=\"color: #076fa3\">\u00a0<span style=\"color: #0b65db\"><a style=\"color: #0b65db\" href=\"https:\/\/uenf.br\/posgraduacao\/biociencias-biotecnologia\/wp-content\/uploads\/sites\/12\/2025\/11\/Horario-Entrevistas-Doutorado.pdf\" target=\"_blank\" rel=\"noopener\">Hor\u00e1rio das Entrevistas\u00a0<\/a><\/span><\/span><\/strong><\/p>\n<p style=\"padding-left: 40px\"><strong><span style=\"color: #0b65db\">Orienta\u00e7\u00f5es para candidatos(as) ao Doutorado:<\/span><\/strong><br \/>\n&#8211; candidatos(as) ao doutorado devem levar um pen drive contendo a apresenta\u00e7\u00e3o;<br \/>\n&#8211; haver\u00e1 computador dispon\u00edvel para conex\u00e3o e uso do pen drive;<br \/>\n&#8211; n\u00e3o ser\u00e1 poss\u00edvel utilizar laptop pessoal por parte do(a) candidato(a) no Audit\u00f3rio II do P4.<\/p>\n","protected":false},"excerpt":{"rendered":"<p>Confere o cronograma de entrevistas do processo seletivo 2026.1: Mestrado: Hor\u00e1rio das Entrevistas Doutorado:\u00a0Hor\u00e1rio das Entrevistas\u00a0 Orienta\u00e7\u00f5es para candidatos(as) ao&#8230;<\/p>\n","protected":false},"author":25,"featured_media":0,"parent":4667,"menu_order":1,"comment_status":"closed","ping_status":"closed","template":"","meta":{"footnotes":""},"class_list":["post-4790","page","type-page","status-publish","hentry"],"_links":{"self":[{"href":"https:\/\/uenf.br\/posgraduacao\/biociencias-biotecnologia\/wp-json\/wp\/v2\/pages\/4790","targetHints":{"allow":["GET"]}}],"collection":[{"href":"https:\/\/uenf.br\/posgraduacao\/biociencias-biotecnologia\/wp-json\/wp\/v2\/pages"}],"about":[{"href":"https:\/\/uenf.br\/posgraduacao\/biociencias-biotecnologia\/wp-json\/wp\/v2\/types\/page"}],"author":[{"embeddable":true,"href":"https:\/\/uenf.br\/posgraduacao\/biociencias-biotecnologia\/wp-json\/wp\/v2\/users\/25"}],"replies":[{"embeddable":true,"href":"https:\/\/uenf.br\/posgraduacao\/biociencias-biotecnologia\/wp-json\/wp\/v2\/comments?post=4790"}],"version-history":[{"count":0,"href":"https:\/\/uenf.br\/posgraduacao\/biociencias-biotecnologia\/wp-json\/wp\/v2\/pages\/4790\/revisions"}],"up":[{"embeddable":true,"href":"https:\/\/uenf.br\/posgraduacao\/biociencias-biotecnologia\/wp-json\/wp\/v2\/pages\/4667"}],"wp:attachment":[{"href":"https:\/\/uenf.br\/posgraduacao\/biociencias-biotecnologia\/wp-json\/wp\/v2\/media?parent=4790"}],"curies":[{"name":"wp","href":"https:\/\/api.w.org\/{rel}","templated":true}]}}