{"id":4856,"date":"2025-12-08T08:55:38","date_gmt":"2025-12-08T11:55:38","guid":{"rendered":"https:\/\/uenf.br\/posgraduacao\/biociencias-biotecnologia\/?page_id=4856"},"modified":"2025-12-08T09:11:47","modified_gmt":"2025-12-08T12:11:47","slug":"censo-pos-graduacao-capes","status":"publish","type":"page","link":"https:\/\/uenf.br\/posgraduacao\/biociencias-biotecnologia\/apresentacao\/censo-pos-graduacao-capes\/","title":{"rendered":"CENSO da P\u00d3S-GRADUA\u00c7\u00c3O CAPES"},"content":{"rendered":"<div dir=\"auto\"><span style=\"color: #800000\">Per\u00edodo do preenchimento do formul\u00e1rio eletr\u00f4nico CENSO da P\u00d3S-GRADUA\u00c7\u00c3O no PLATAFORMA SUCUPIRA CAPES: <strong>03\/12\/2025 a 26\/02\/2026<\/strong>.<\/span><\/div>\n<div dir=\"auto\"><span style=\"color: #0f6ed4\"><strong>O Censo da P\u00f3s-Gradua\u00e7\u00e3o<\/strong> \u00e9 um levantamento realizado anualmente pela <strong>CAPES<\/strong> para subsidiar as pol\u00edticas p\u00fablicas relacionadas a p\u00f3s-gradua\u00e7\u00e3o stricto sensu por meio da produ\u00e7\u00e3o de dados estat\u00edsticos. Por meio do preenchimento de<span style=\"text-decoration: underline\"> formul\u00e1rio eletr\u00f4nico<\/span>, o Censo dever\u00e1 ser respondido, <span style=\"text-decoration: underline\">individualmente<\/span>, de acordo com a Instru\u00e7\u00e3o Normativa GAB No 4, de 9 de outubro de<\/span> <span style=\"color: #0f6ed4\">2025, por:<\/span><br \/>\n<span style=\"color: #0f6ed4\">\u00a0 \u00a0I &#8211; docentes atuando nas categorias permanente e colaborador;<\/span><br \/>\n<span style=\"color: #0f6ed4\">\u00a0 \u00a0II &#8211; p\u00f3s-graduandos matriculados em cursos de mestrado ou doutorado;<\/span><br \/>\n<span style=\"color: #0f6ed4\">\u00a0 \u00a0III &#8211; pesquisadores em est\u00e1gio p\u00f3s-doutoral que n\u00e3o atuam como docentes; e<\/span><br \/>\n<span style=\"color: #0f6ed4\">\u00a0 \u00a0IV &#8211; coordenadores de programas de p\u00f3s-gradua\u00e7\u00e3o em exerc\u00edcio na fun\u00e7\u00e3o.<\/span><\/div>\n<div dir=\"auto\"><\/div>\n<div dir=\"auto\" style=\"padding-left: 40px\">O formul\u00e1rio eletr\u00f4nico possui 3 Se\u00e7\u00f5es:<\/div>\n<div dir=\"auto\" style=\"padding-left: 40px\">1. perguntas para todos os perfis (<b>docentes, p\u00f3s-graduandos e p\u00f3s-doc<\/b>),<\/div>\n<div dir=\"auto\" style=\"padding-left: 40px\">2. perguntas somente para p\u00f3s-graduandos e p\u00f3s-doc<\/div>\n<div dir=\"auto\" style=\"padding-left: 40px\">3. perguntas exclusivas para coordenadores de programa.<\/div>\n<div dir=\"auto\"><\/div>\n<p><strong><span style=\"color: #0b53a1\">A<span style=\"color: #09519e\">cesse <a style=\"color: #09519e\" href=\"http:\/\/uenf.br\/posgraduacao\/biociencias-biotecnologia\/wp-content\/uploads\/sites\/12\/2025\/12\/MANUAL-CENSO-POS-GRADUACAO.pdf\" target=\"_blank\" rel=\"noopener\">aqui <\/a>MANUAL do CENSO de PO\u0301S-GRADUAC\u0327A\u0303O da CAPES<\/span><\/span><\/strong><\/p>\n<p><strong><span style=\"color: #0f6ed4\">Acesse link do v\u00eddeo com o tutorial simplificado:<\/span><\/strong><\/p>\n<div class=\"video-container\"><iframe loading=\"lazy\" title=\"Tutorial Censo da P\u00f3s-Gradua\u00e7\u00e3o: Como responder ao question\u00e1rio\" width=\"500\" height=\"281\" src=\"https:\/\/www.youtube.com\/embed\/QNSxIy_IbKc?feature=oembed\" frameborder=\"0\" allow=\"accelerometer; autoplay; clipboard-write; encrypted-media; gyroscope; picture-in-picture; web-share\" referrerpolicy=\"strict-origin-when-cross-origin\" allowfullscreen><\/iframe><\/div>\n<p>&nbsp;<\/p>\n","protected":false},"excerpt":{"rendered":"<p>Per\u00edodo do preenchimento do formul\u00e1rio eletr\u00f4nico CENSO da P\u00d3S-GRADUA\u00c7\u00c3O no PLATAFORMA SUCUPIRA CAPES: 03\/12\/2025 a 26\/02\/2026. O Censo da P\u00f3s-Gradua\u00e7\u00e3o&#8230;<\/p>\n","protected":false},"author":25,"featured_media":0,"parent":652,"menu_order":0,"comment_status":"closed","ping_status":"closed","template":"","meta":{"footnotes":""},"class_list":["post-4856","page","type-page","status-publish","hentry"],"_links":{"self":[{"href":"https:\/\/uenf.br\/posgraduacao\/biociencias-biotecnologia\/wp-json\/wp\/v2\/pages\/4856","targetHints":{"allow":["GET"]}}],"collection":[{"href":"https:\/\/uenf.br\/posgraduacao\/biociencias-biotecnologia\/wp-json\/wp\/v2\/pages"}],"about":[{"href":"https:\/\/uenf.br\/posgraduacao\/biociencias-biotecnologia\/wp-json\/wp\/v2\/types\/page"}],"author":[{"embeddable":true,"href":"https:\/\/uenf.br\/posgraduacao\/biociencias-biotecnologia\/wp-json\/wp\/v2\/users\/25"}],"replies":[{"embeddable":true,"href":"https:\/\/uenf.br\/posgraduacao\/biociencias-biotecnologia\/wp-json\/wp\/v2\/comments?post=4856"}],"version-history":[{"count":0,"href":"https:\/\/uenf.br\/posgraduacao\/biociencias-biotecnologia\/wp-json\/wp\/v2\/pages\/4856\/revisions"}],"up":[{"embeddable":true,"href":"https:\/\/uenf.br\/posgraduacao\/biociencias-biotecnologia\/wp-json\/wp\/v2\/pages\/652"}],"wp:attachment":[{"href":"https:\/\/uenf.br\/posgraduacao\/biociencias-biotecnologia\/wp-json\/wp\/v2\/media?parent=4856"}],"curies":[{"name":"wp","href":"https:\/\/api.w.org\/{rel}","templated":true}]}}