{"id":652,"date":"2013-10-04T13:21:01","date_gmt":"2013-10-04T13:21:01","guid":{"rendered":"http:\/\/uenf.br\/pos-graduacao\/biociencias-biotecnologia\/?page_id=2"},"modified":"2026-02-10T08:18:46","modified_gmt":"2026-02-10T11:18:46","slug":"apresentacao","status":"publish","type":"page","link":"https:\/\/uenf.br\/posgraduacao\/biociencias-biotecnologia\/","title":{"rendered":"Programa PGBB"},"content":{"rendered":"<p><img loading=\"lazy\" decoding=\"async\" class=\" wp-image-2647 aligncenter\" src=\"https:\/\/uenf.br\/posgraduacao\/biociencias-biotecnologia\/wp-content\/uploads\/sites\/12\/2023\/05\/pgbb-300x108.jpg\" alt=\"\" width=\"267\" height=\"96\" srcset=\"https:\/\/uenf.br\/posgraduacao\/biociencias-biotecnologia\/wp-content\/uploads\/sites\/12\/2023\/05\/pgbb-300x108.jpg 300w, https:\/\/uenf.br\/posgraduacao\/biociencias-biotecnologia\/wp-content\/uploads\/sites\/12\/2023\/05\/pgbb.jpg 401w\" sizes=\"auto, (max-width: 267px) 100vw, 267px\" \/><\/p>\n<p style=\"text-align: justify\">O <span style=\"color: #056aad\"><strong>Programa de P\u00f3s-Gradua\u00e7\u00e3o em Bioci\u00eancias e Biotecnologia \u00a0&#8211; PGBB (c\u00f3digo 31033016002P9, \u00e1rea de avalia\u00e7\u00e3o: Ci\u00eancias Biol\u00f3gicas I da CAPES)<\/strong><\/span>\u00a0foi criado com a miss\u00e3o de estabelecer um padr\u00e3o de excel\u00eancia acad\u00eamica na interioriza\u00e7\u00e3o da Ci\u00eancia Nacional, idealizado e consolidado como um programa de p\u00f3s-gradua\u00e7\u00e3o pioneiro no interior do Estado do Rio de Janeiro (ERJ), sediado numa das regi\u00f5es com os piores \u00edndices educacionais e de desigualdade social do pa\u00eds. Cumprindo exemplarmente tal tarefa, desde a sua funda\u00e7\u00e3o, o PGBB tem atra\u00eddo e abrigado de lideran\u00e7as cient\u00edficas consolidadas \u00e0 jovens pesquisadores que puderam estabelecer grupos de pesquisa pujantes neste rinc\u00e3o, recebendo um fluxo ininterrupto de novos p\u00f3s-graduandos oriundos de todo o Norte-Noroeste Fluminense e Sul Capixaba, bem como de diversas outras regi\u00f5es do pa\u00eds, e na \u00faltima d\u00e9cada, tamb\u00e9m estrangeiros de diferentes nacionalidades. tem como principal objetivo a forma\u00e7\u00e3o de mestres e doutores com uma base cient\u00edfica s\u00f3lida, orientados pelos princ\u00edpios da \u00e9tica e conscientes do seu papel no desenvolvimento regional e nacional.<\/p>\n<p style=\"text-align: justify\"><strong><span style=\"color: #065f8f\">Desde o inicio do seu funcionamento em 1994, PGBB j\u00e1 formou 248 Doutores e 480 Mestres<\/span><\/strong> (<em>atualizado em 18\/09\/2025<\/em>).<\/p>\n<p style=\"text-align: justify\">As pesquisas realizadas pelos docentes do PPGBB est\u00e3o distribu\u00eddas nas linhas de pesquisa das duas principais \u00e1reas de concentra\u00e7\u00e3o:<\/p>\n<ul>\n<li><span style=\"color: #0377a1\"><strong>\u00c1REA I &#8211; BIOLOGIA CELULAR E MOLECULAR VEGETAL E ECOSSIST\u00caMICA<\/strong><\/span><\/li>\n<li><span style=\"color: #0377a1\"><strong>\u00c1REA II &#8211; BIOTECNOLOGIA &amp; BIOLOGIA CELULAR E MOLECULAR EM SA\u00daDE<\/strong><\/span><\/li>\n<\/ul>\n<p style=\"padding-left: 40px\">Consulte<span style=\"color: #056196\"> <a style=\"color: #056196\" href=\"https:\/\/uenf.br\/posgraduacao\/biociencias-biotecnologia\/apresentacao\/areas-de-concentracao-e-linhas-de-pesquisa\/\" target=\"_blank\" rel=\"noopener\"><strong>aqui<\/strong><\/a> <\/span>as <span style=\"color: #008080\"><em><strong><span style=\"color: #056196\">Linhas de Pesquis<\/span>a<\/strong><\/em><\/span> de cada \u00e1rea.<\/p>\n","protected":false},"excerpt":{"rendered":"<p>O Programa de P\u00f3s-Gradua\u00e7\u00e3o em Bioci\u00eancias e Biotecnologia \u00a0&#8211; PGBB (c\u00f3digo 31033016002P9, \u00e1rea de avalia\u00e7\u00e3o: Ci\u00eancias Biol\u00f3gicas I da CAPES)\u00a0foi&#8230;<\/p>\n","protected":false},"author":25,"featured_media":0,"parent":0,"menu_order":1,"comment_status":"closed","ping_status":"closed","template":"","meta":{"footnotes":""},"class_list":["post-652","page","type-page","status-publish","hentry"],"_links":{"self":[{"href":"https:\/\/uenf.br\/posgraduacao\/biociencias-biotecnologia\/wp-json\/wp\/v2\/pages\/652","targetHints":{"allow":["GET"]}}],"collection":[{"href":"https:\/\/uenf.br\/posgraduacao\/biociencias-biotecnologia\/wp-json\/wp\/v2\/pages"}],"about":[{"href":"https:\/\/uenf.br\/posgraduacao\/biociencias-biotecnologia\/wp-json\/wp\/v2\/types\/page"}],"author":[{"embeddable":true,"href":"https:\/\/uenf.br\/posgraduacao\/biociencias-biotecnologia\/wp-json\/wp\/v2\/users\/25"}],"replies":[{"embeddable":true,"href":"https:\/\/uenf.br\/posgraduacao\/biociencias-biotecnologia\/wp-json\/wp\/v2\/comments?post=652"}],"version-history":[{"count":0,"href":"https:\/\/uenf.br\/posgraduacao\/biociencias-biotecnologia\/wp-json\/wp\/v2\/pages\/652\/revisions"}],"wp:attachment":[{"href":"https:\/\/uenf.br\/posgraduacao\/biociencias-biotecnologia\/wp-json\/wp\/v2\/media?parent=652"}],"curies":[{"name":"wp","href":"https:\/\/api.w.org\/{rel}","templated":true}]}}