{"id":2025,"date":"2025-08-29T18:53:46","date_gmt":"2025-08-29T18:53:46","guid":{"rendered":"https:\/\/uenf.br\/posgraduacao\/ciencia-animal\/?page_id=2025"},"modified":"2025-08-29T19:31:45","modified_gmt":"2025-08-29T19:31:45","slug":"site-da-pgca-ufrrj","status":"publish","type":"page","link":"https:\/\/uenf.br\/posgraduacao\/ciencia-animal\/apresentacao-2\/site-da-pgca-ufrrj\/","title":{"rendered":"PGCA\/UFRRJ"},"content":{"rendered":"<p dir=\"auto\">O Programa de P\u00f3s-Gradua\u00e7\u00e3o em Ci\u00eancia Animal (PGCA) \u00e9 um mestrado e doutorado <em>stricto sensu<\/em> em rede entre a Universidade Estadual do Norte Fluminense Darcy Ribeiro (UENF) e a Universidade Federal Rural do Rio de Janeiro (UFRRJ), na \u00e1rea de Zootecnia. Resultante da fus\u00e3o dos programas de Ci\u00eancia Animal da UENF (antigo PGA-UENF) e de Zootecnia da UFRRJ (antigo PPGZ-UFRRJ), o PGCA visa capacitar profissionais para atuar em institui\u00e7\u00f5es de ensino, pesquisa, extens\u00e3o e no setor produtivo, promovendo o desenvolvimento t\u00e9cnico-cient\u00edfico e contribuindo para o avan\u00e7o socioecon\u00f4mico regional e nacional. Com conceito 4 na avalia\u00e7\u00e3o da CAPES, o programa enfatiza a \u00e1rea de concentra\u00e7\u00e3o em Zootecnia.<\/p>\n<p dir=\"auto\">Ideal para graduados em Zootecnia e \u00e1reas afins, o PGCA oferece forma\u00e7\u00e3o avan\u00e7ada com \u00eanfase em metodologias inovadoras, projetos aplicados \u00e0 realidade agropecu\u00e1ria brasileira e colabora\u00e7\u00e3o interinstitucional. As atividades acad\u00eamicas ocorrem nos campi da da UENF (Campos dos Goytacazes) e da UFRRJ (Serop\u00e9dica), facilitando o acesso a laborat\u00f3rios de ponta, fazendas experimentais e parcerias com o setor agroindustrial. O programa \u00e9 reconhecido por sua excel\u00eancia em pesquisa, com publica\u00e7\u00f5es em revistas qualificadas e participa\u00e7\u00e3o em eventos nacionais e internacionais.<\/p>\n<p dir=\"auto\">O processo seletivo \u00e9 unificado com etapas online, sem taxa de inscri\u00e7\u00e3o.<\/p>\n<p dir=\"auto\">Acesse tamb\u00e9m o site oficial do PGCA na UFRRJ: <strong><a href=\"https:\/\/cursos.ufrrj.br\/posgraduacao\/pgca\/\" target=\"_blank\" rel=\"noopener noreferrer nofollow\">https:\/\/cursos.ufrrj.br\/posgraduacao\/pgca\/<\/a> <\/strong>ou o site alternativo: <strong><a href=\"https:\/\/sigaa.ufrrj.br\/sigaa\/public\/programa\/portal.jsf?lc=pt_BR&amp;id=7934\">https:\/\/sigaa.ufrrj.br\/sigaa\/public\/programa\/portal.jsf?lc=pt_BR&amp;id=7934<\/a><\/strong><\/p>\n<p>&nbsp;<\/p>\n","protected":false},"excerpt":{"rendered":"<p>O Programa de P\u00f3s-Gradua\u00e7\u00e3o em Ci\u00eancia Animal (PGCA) \u00e9 um mestrado e doutorado stricto sensu em rede entre a Universidade&#8230;<\/p>\n","protected":false},"author":12,"featured_media":0,"parent":1959,"menu_order":5,"comment_status":"closed","ping_status":"closed","template":"","meta":{"_seopress_robots_primary_cat":"","_seopress_titles_title":"","_seopress_titles_desc":"","_seopress_robots_index":"","footnotes":""},"class_list":["post-2025","page","type-page","status-publish","hentry"],"_links":{"self":[{"href":"https:\/\/uenf.br\/posgraduacao\/ciencia-animal\/wp-json\/wp\/v2\/pages\/2025","targetHints":{"allow":["GET"]}}],"collection":[{"href":"https:\/\/uenf.br\/posgraduacao\/ciencia-animal\/wp-json\/wp\/v2\/pages"}],"about":[{"href":"https:\/\/uenf.br\/posgraduacao\/ciencia-animal\/wp-json\/wp\/v2\/types\/page"}],"author":[{"embeddable":true,"href":"https:\/\/uenf.br\/posgraduacao\/ciencia-animal\/wp-json\/wp\/v2\/users\/12"}],"replies":[{"embeddable":true,"href":"https:\/\/uenf.br\/posgraduacao\/ciencia-animal\/wp-json\/wp\/v2\/comments?post=2025"}],"version-history":[{"count":0,"href":"https:\/\/uenf.br\/posgraduacao\/ciencia-animal\/wp-json\/wp\/v2\/pages\/2025\/revisions"}],"up":[{"embeddable":true,"href":"https:\/\/uenf.br\/posgraduacao\/ciencia-animal\/wp-json\/wp\/v2\/pages\/1959"}],"wp:attachment":[{"href":"https:\/\/uenf.br\/posgraduacao\/ciencia-animal\/wp-json\/wp\/v2\/media?parent=2025"}],"curies":[{"name":"wp","href":"https:\/\/api.w.org\/{rel}","templated":true}]}}