{"id":26,"date":"2013-07-29T17:40:09","date_gmt":"2013-07-29T17:40:09","guid":{"rendered":"http:\/\/uenf.br\/pos-graduacao\/ciencia-animal\/?page_id=26"},"modified":"2025-08-27T19:08:49","modified_gmt":"2025-08-27T19:08:49","slug":"corpo-docente","status":"publish","type":"page","link":"https:\/\/uenf.br\/posgraduacao\/ciencia-animal\/apresentacao-2\/corpo-docente\/","title":{"rendered":"Corpo docente"},"content":{"rendered":"<p style=\"text-align: center\"><strong><em>Corpo docente UENF<\/em><\/strong><\/p>\n<p style=\"text-align: center\"><b>\u00c1rea de Concentra\u00e7\u00e3o: Zootecnia<\/b><\/p>\n<p><strong>Linha de pesquisa: <em>Produ\u00e7\u00e3o de ruminantes no tr\u00f3pico \u00famido<\/em><\/strong><\/p>\n<ul>\n<li><a href=\"http:\/\/lattes.cnpq.br\/6733354112524651\">Alberto Magno Fernandes<\/a>\u00a0&#8211; <a href=\"mailto:alberto@uenf.br\">alberto@uenf.br<\/a> &#8211; <a href=\"https:\/\/orcid.org\/0000-0002-5583-7209\"><img loading=\"lazy\" decoding=\"async\" class=\"\" src=\"https:\/\/prpgem.unespar.edu.br\/imagens\/logo-orcid.png\/@@images\/image.png\" alt=\"Logo ORCID.png\" width=\"27\" height=\"27\" \/><\/a><\/li>\n<li>\u00a0<a href=\"http:\/\/lattes.cnpq.br\/2171851706040729\">Celia Raquel Quirino<\/a>\u00a0&#8211; <a href=\"mailto:crq@uenf.br\">crq@uenf.br<\/a> &#8211;\u00a0<a href=\"https:\/\/orcid.org\/0000-0001-6039-1259\"><img loading=\"lazy\" decoding=\"async\" class=\"\" src=\"https:\/\/prpgem.unespar.edu.br\/imagens\/logo-orcid.png\/@@images\/image.png\" alt=\"Logo ORCID.png\" width=\"27\" height=\"27\" \/><\/a><\/li>\n<li><a href=\"http:\/\/lattes.cnpq.br\/0680514989892940\">F\u00e1bio da Costa Henry<\/a> &#8211; <a href=\"mailto:fabiocosta@uenf.br\">fabiocosta@uenf.br<\/a> &#8211; <a href=\"https:\/\/orcid.org\/0000-0003-3771-6814\"><img loading=\"lazy\" decoding=\"async\" class=\"\" src=\"https:\/\/prpgem.unespar.edu.br\/imagens\/logo-orcid.png\/@@images\/image.png\" alt=\"Logo ORCID.png\" width=\"27\" height=\"27\" \/><\/a><\/li>\n<li><a href=\"http:\/\/lattes.cnpq.br\/0687169999433442\">Fernando de Paula Leonel<\/a> &#8211; fernandoleonel@ufsj.edu.br &#8211;\u00a0<a href=\"https:\/\/orcid.org\/0000-0002-4810-8120\"><img loading=\"lazy\" decoding=\"async\" class=\"\" src=\"https:\/\/prpgem.unespar.edu.br\/imagens\/logo-orcid.png\/@@images\/image.png\" alt=\"Logo ORCID.png\" width=\"27\" height=\"27\" \/><\/a><\/li>\n<li><a href=\"http:\/\/lattes.cnpq.br\/3992560509423791\">Ricardo Augusto Mendon\u00e7a Vieira<\/a>\u00a0&#8211; <a href=\"mailto:ramvieira@uenf.br\">ramvieira@uenf.br<\/a> &#8211;\u00a0<a href=\"https:\/\/orcid.org\/0000-0001-9577-3820\"><img loading=\"lazy\" decoding=\"async\" class=\"\" src=\"https:\/\/prpgem.unespar.edu.br\/imagens\/logo-orcid.png\/@@images\/image.png\" alt=\"Logo ORCID.png\" width=\"27\" height=\"27\" \/><\/a><\/li>\n<li><a href=\"http:\/\/lattes.cnpq.br\/7414497184955079\">Tadeu Silva Oliveira<\/a> &#8211; tsoliveira@uenf.br &#8211;\u00a0<a href=\"https:\/\/orcid.org\/0000-0001-9577-3820\"><img loading=\"lazy\" decoding=\"async\" class=\"\" src=\"https:\/\/prpgem.unespar.edu.br\/imagens\/logo-orcid.png\/@@images\/image.png\" alt=\"Logo ORCID.png\" width=\"27\" height=\"27\" \/><\/a><\/li>\n<\/ul>\n<p><strong>Linha de pesquisa: <em>Produ\u00e7\u00e3o de n\u00e3o-ruminantes no tr\u00f3pico \u00famido<\/em><\/strong><\/p>\n<ul>\n<li style=\"list-style-type: none\">\n<ul>\n<li>\u00a0<a href=\"http:\/\/lattes.cnpq.br\/2171851706040729\">Celia Raquel Quirino<\/a>\u00a0&#8211; <a href=\"mailto:crq@uenf.br\">crq@uenf.br<\/a> &#8211;\u00a0<a href=\"https:\/\/orcid.org\/0000-0001-6039-1259\"><img loading=\"lazy\" decoding=\"async\" class=\"\" src=\"https:\/\/prpgem.unespar.edu.br\/imagens\/logo-orcid.png\/@@images\/image.png\" alt=\"Logo ORCID.png\" width=\"27\" height=\"27\" \/><\/a><\/li>\n<li><a href=\"http:\/\/lattes.cnpq.br\/0680514989892940\">F\u00e1bio da Costa Henry<\/a> &#8211; <a href=\"mailto:fabiocosta@uenf.br\">fabiocosta@uenf.br<\/a> &#8211; <a href=\"https:\/\/orcid.org\/0000-0003-3771-6814\"><img loading=\"lazy\" decoding=\"async\" class=\"\" src=\"https:\/\/prpgem.unespar.edu.br\/imagens\/logo-orcid.png\/@@images\/image.png\" alt=\"Logo ORCID.png\" width=\"27\" height=\"27\" \/><\/a><\/li>\n<li><a href=\"http:\/\/lattes.cnpq.br\/0139671706722810\">Karoll Andrea Alfonso Torres Cordido<\/a> &#8211; karoll@uenf.br &#8211;\u00a0<a href=\"https:\/\/orcid.org\/0000-0002-5928-0620\"><img loading=\"lazy\" decoding=\"async\" class=\"\" src=\"https:\/\/prpgem.unespar.edu.br\/imagens\/logo-orcid.png\/@@images\/image.png\" alt=\"Logo ORCID.png\" width=\"27\" height=\"27\" \/><\/a><\/li>\n<li><a href=\"http:\/\/lattes.cnpq.br\/2561039028922469\">Manuel Vazquez Vidal J\u00fanior<\/a>\u00a0&#8211; <a href=\"mailto:mvidal@uen.br\">mvidal@uenf.br<\/a> &#8211;\u00a0<a href=\"https:\/\/orcid.org\/0000-0002-4320-7912\"><img loading=\"lazy\" decoding=\"async\" class=\"\" src=\"https:\/\/prpgem.unespar.edu.br\/imagens\/logo-orcid.png\/@@images\/image.png\" alt=\"Logo ORCID.png\" width=\"27\" height=\"27\" \/><\/a><\/li>\n<\/ul>\n<\/li>\n<\/ul>\n<p>&nbsp;<\/p>\n<p>&nbsp;<\/p>\n<p style=\"text-align: center\"><strong>\u00c1rea de concentra\u00e7\u00e3o: Reprodu\u00e7\u00e3o e Sa\u00fade Animal &#8211; <em>EM FASE DE CONCLUS\u00c3O DE ORIENTA\u00c7\u00d5ES<\/em><\/strong><\/p>\n<p><b>Linha de pesquisa: <em>Reprodu\u00e7\u00e3o e Sanidade Animal<\/em><\/b><\/p>\n<ul>\n<li><a href=\"http:\/\/lattes.cnpq.br\/9641413249653748\">Andr\u00e9 Lacerda de Abreu Oliveira<\/a> &#8211; andrevet@uenf.br <em>&#8211; colaborador<\/em><\/li>\n<li><a href=\"http:\/\/lattes.cnpq.br\/5680938499038691\">Eul\u00f3gio Carlos Queiroz de Carvalho<\/a> &#8211; eulogio@uenf.br\u00a0<em>&#8211; colaborador<\/em><\/li>\n<li><a href=\"http:\/\/lattes.cnpq.br\/7401298092141167\">Francisco Carlos Rodrigues de Oliveira<\/a>\u00a0&#8211; foliveira@uenf.br <em>&#8211; colaborador<\/em><\/li>\n<li><a href=\"http:\/\/lattes.cnpq.br\/3495523222990119\">Leonardo Serafim da Silveira<\/a>\u00a0&#8211; leoseraf@uenf.br <em>&#8211; colaborador<\/em><\/li>\n<li><a href=\"http:\/\/lattes.cnpq.br\/4893056116591017\">Olney Vieira da Motta<\/a>\u00a0&#8211; olney@uenf.br <em>&#8211; colaborador<\/em><\/li>\n<li><a href=\"http:\/\/lattes.cnpq.br\/3512179950353953\">Paula Alessandra Di Filippo<\/a>\u00a0&#8211; pdf@uenf.br <em>&#8211; colaborador<\/em><\/li>\n<\/ul>\n<p>&nbsp;<\/p>\n<p style=\"text-align: center\"><strong><em>Corpo docente UFRRJ<\/em><\/strong><\/p>\n<p style=\"text-align: center\"><b>\u00c1rea de Concentra\u00e7\u00e3o: Zootecnia<\/b><\/p>\n<p><strong>Linha de pesquisa: <em>Produ\u00e7\u00e3o de ruminantes no tr\u00f3pico \u00famido<\/em><\/strong><\/p>\n<ul>\n<li style=\"list-style-type: none\">\n<ul>\n<li><a href=\"http:\/\/lattes.cnpq.br\/8688433267296035\" target=\"_blank\" rel=\"noopener\">Carlos Augusto Brand\u00e3o de Carvalho<\/a> &#8211; carloscarvalho_ufrrj@yahoo.com.br &#8211;\u00a0<a href=\"https:\/\/orcid.org\/0000-0002-1096-5370\"><img loading=\"lazy\" decoding=\"async\" class=\"\" src=\"https:\/\/prpgem.unespar.edu.br\/imagens\/logo-orcid.png\/@@images\/image.png\" alt=\"Logo ORCID.png\" width=\"27\" height=\"27\" \/><\/a><\/li>\n<li><a href=\"http:\/\/lattes.cnpq.br\/7182122848743979\" target=\"_blank\" rel=\"noopener\">Jo\u00e3o Carlos de Carvalho Almeida<\/a> &#8211; jcarvalho@ufrrj.br &#8211;\u00a0<a href=\"https:\/\/orcid.org\/0000-0001-9426-3319\"><img loading=\"lazy\" decoding=\"async\" class=\"\" src=\"https:\/\/prpgem.unespar.edu.br\/imagens\/logo-orcid.png\/@@images\/image.png\" alt=\"Logo ORCID.png\" width=\"27\" height=\"27\" \/><\/a><\/li>\n<li><a href=\"http:\/\/lattes.cnpq.br\/8907529715479944\">Jo\u00e3o Paulo de Farias Ramos<\/a> &#8211; joaopaulofr@ufrrj.br &#8211;\u00a0<a href=\"https:\/\/orcid.org\/0000-0001-6159-5026\"><img loading=\"lazy\" decoding=\"async\" class=\"\" src=\"https:\/\/prpgem.unespar.edu.br\/imagens\/logo-orcid.png\/@@images\/image.png\" alt=\"Logo ORCID.png\" width=\"27\" height=\"27\" \/><\/a><\/li>\n<li><a href=\"http:\/\/lattes.cnpq.br\/7648386374960014\" target=\"_blank\" rel=\"noopener\"> Jo\u00e3o Paulo Pacheco Rodrigues<\/a> &#8211; joao.rodrigues@ufrrj.br &#8211;\u00a0<a href=\"https:\/\/orcid.org\/0000-0003-1140-1259\"><img loading=\"lazy\" decoding=\"async\" class=\"\" src=\"https:\/\/prpgem.unespar.edu.br\/imagens\/logo-orcid.png\/@@images\/image.png\" alt=\"Logo ORCID.png\" width=\"27\" height=\"27\" \/><\/a><\/li>\n<li><a href=\"http:\/\/lattes.cnpq.br\/9699627833479097\">Luana Marta de Almeida Rufino<\/a> &#8211; luanarufino@ufrrj.br &#8211;\u00a0<a href=\"https:\/\/orcid.org\/0000-0003-2152-8739\"><img loading=\"lazy\" decoding=\"async\" class=\"\" src=\"https:\/\/prpgem.unespar.edu.br\/imagens\/logo-orcid.png\/@@images\/image.png\" alt=\"Logo ORCID.png\" width=\"27\" height=\"27\" \/><\/a><\/li>\n<li><a href=\"http:\/\/lattes.cnpq.br\/3560332978218414\" target=\"_blank\" rel=\"noopener\">Marco Roberto Bourg de Mello<\/a> &#8211; mmrural@gmail.com &#8211;\u00a0<a href=\"https:\/\/orcid.org\/0000-0002-9790-4764\"><img loading=\"lazy\" decoding=\"async\" class=\"\" src=\"https:\/\/prpgem.unespar.edu.br\/imagens\/logo-orcid.png\/@@images\/image.png\" alt=\"Logo ORCID.png\" width=\"27\" height=\"27\" \/><\/a><\/li>\n<li><a href=\"http:\/\/lattes.cnpq.br\/2961980261335324\" target=\"_blank\" rel=\"noopener\">Rodrigo Vasconcelos de Oliveira<\/a> &#8211; oliveirarvetal@gmail.com &#8211;\u00a0<a href=\"https:\/\/orcid.org\/0000-0002-7420-1097\"><img loading=\"lazy\" decoding=\"async\" class=\"\" src=\"https:\/\/prpgem.unespar.edu.br\/imagens\/logo-orcid.png\/@@images\/image.png\" alt=\"Logo ORCID.png\" width=\"27\" height=\"27\" \/><\/a><\/li>\n<li><a href=\"http:\/\/lattes.cnpq.br\/7709759528786196\" target=\"_blank\" rel=\"noopener\">Rondinelli Pavezzi Barbero<\/a> &#8211; barbero.rp@gmail.com &#8211;\u00a0<a href=\"https:\/\/orcid.org\/0000-0002-1577-395X\"><img loading=\"lazy\" decoding=\"async\" class=\"\" src=\"https:\/\/prpgem.unespar.edu.br\/imagens\/logo-orcid.png\/@@images\/image.png\" alt=\"Logo ORCID.png\" width=\"27\" height=\"27\" \/><\/a><\/li>\n<\/ul>\n<\/li>\n<\/ul>\n<p>&nbsp;<\/p>\n<p><strong>Linha de pesquisa: <em>Produ\u00e7\u00e3o de n\u00e3o-ruminantes no tr\u00f3pico \u00famido<\/em><\/strong><\/p>\n<ul>\n<li style=\"list-style-type: none\">\n<ul>\n<li><a href=\"http:\/\/lattes.cnpq.br\/6546054162092853\" target=\"_blank\" rel=\"noopener\">Cristina Amorim Ribeiro de Lima<\/a> &#8211; criblima@terra.com.br &#8211;\u00a0<a href=\"https:\/\/orcid.org\/0000-0003-2018-5965\"><img loading=\"lazy\" decoding=\"async\" class=\"\" src=\"https:\/\/prpgem.unespar.edu.br\/imagens\/logo-orcid.png\/@@images\/image.png\" alt=\"Logo ORCID.png\" width=\"27\" height=\"27\" \/><\/a><\/li>\n<li><a href=\"http:\/\/lattes.cnpq.br\/8679152554313928\" target=\"_blank\" rel=\"noopener\">Fernanda Nascimento de Godoi<\/a> &#8211; fernandagodoi@gmail.com &#8211;\u00a0<a href=\"https:\/\/orcid.org\/0000-0002-8618-946X\"><img loading=\"lazy\" decoding=\"async\" class=\"\" src=\"https:\/\/prpgem.unespar.edu.br\/imagens\/logo-orcid.png\/@@images\/image.png\" alt=\"Logo ORCID.png\" width=\"27\" height=\"27\" \/><\/a><\/li>\n<li><a href=\"http:\/\/lattes.cnpq.br\/2139243762106923\" target=\"_blank\" rel=\"noopener\">Fernando Queiroz de Almeida<\/a> &#8211; almeidafq@yahoo.com.br &#8211;\u00a0<a href=\"https:\/\/orcid.org\/0000-0002-0418-2775\"><img loading=\"lazy\" decoding=\"async\" class=\"\" src=\"https:\/\/prpgem.unespar.edu.br\/imagens\/logo-orcid.png\/@@images\/image.png\" alt=\"Logo ORCID.png\" width=\"27\" height=\"27\" \/><\/a><\/li>\n<li><a href=\"http:\/\/lattes.cnpq.br\/2482064548960947\" target=\"_blank\" rel=\"noopener\">Leonardo Rocha Vidal Ramos<\/a> &#8211; rochavr.leo@gmail.com &#8211;\u00a0<a href=\"https:\/\/orcid.org\/0000-0003-1348-6006\"><img loading=\"lazy\" decoding=\"async\" class=\"\" src=\"https:\/\/prpgem.unespar.edu.br\/imagens\/logo-orcid.png\/@@images\/image.png\" alt=\"Logo ORCID.png\" width=\"27\" height=\"27\" \/><\/a><\/li>\n<li><a href=\"http:\/\/lattes.cnpq.br\/8454320265284032\" target=\"_blank\" rel=\"noopener\">Ligia F\u00e1tima Lima Calixto<\/a> &#8211; lflcalixto@uol.com.br &#8211;\u00a0<a href=\"https:\/\/orcid.org\/0000-0002-6448-0643\"><img loading=\"lazy\" decoding=\"async\" class=\"\" src=\"https:\/\/prpgem.unespar.edu.br\/imagens\/logo-orcid.png\/@@images\/image.png\" alt=\"Logo ORCID.png\" width=\"27\" height=\"27\" \/><\/a><\/li>\n<li><a href=\"http:\/\/lattes.cnpq.br\/4245432141009212\" target=\"_blank\" rel=\"noopener\">Luan Sousa dos Santos<\/a> &#8211; luanddos@gmail.com &#8211;\u00a0<a href=\"https:\/\/orcid.org\/0000-0002-0126-0029\"><img loading=\"lazy\" decoding=\"async\" class=\"\" src=\"https:\/\/prpgem.unespar.edu.br\/imagens\/logo-orcid.png\/@@images\/image.png\" alt=\"Logo ORCID.png\" width=\"27\" height=\"27\" \/><\/a><\/li>\n<li><a href=\"http:\/\/lattes.cnpq.br\/2074206740485759\" target=\"_blank\" rel=\"noopener\">Matheus Pereira dos Santos<\/a> &#8211; matheusps.pereira@gmail.com &#8211;\u00a0<a href=\"https:\/\/orcid.org\/0000-0001-6341-1569\"><img loading=\"lazy\" decoding=\"async\" class=\"\" src=\"https:\/\/prpgem.unespar.edu.br\/imagens\/logo-orcid.png\/@@images\/image.png\" alt=\"Logo ORCID.png\" width=\"27\" height=\"27\" \/><\/a><\/li>\n<li><a href=\"http:\/\/lattes.cnpq.br\/1899895022524077\" target=\"_blank\" rel=\"noopener\">Vinicius Pimentel Silva<\/a> &#8211; pimentelzootec@gmail.com &#8211;\u00a0<a href=\"https:\/\/orcid.org\/0000-0002-5424-2094\"><img loading=\"lazy\" decoding=\"async\" class=\"\" src=\"https:\/\/prpgem.unespar.edu.br\/imagens\/logo-orcid.png\/@@images\/image.png\" alt=\"Logo ORCID.png\" width=\"27\" height=\"27\" \/><\/a><\/li>\n<\/ul>\n<\/li>\n<\/ul>\n<p>&nbsp;<\/p>\n<p>&nbsp;<\/p>\n","protected":false},"excerpt":{"rendered":"<p>Corpo docente UENF \u00c1rea de Concentra\u00e7\u00e3o: Zootecnia Linha de pesquisa: Produ\u00e7\u00e3o de ruminantes no tr\u00f3pico \u00famido Alberto Magno Fernandes\u00a0&#8211; alberto@uenf.br&#8230;<\/p>\n","protected":false},"author":12,"featured_media":0,"parent":1959,"menu_order":3,"comment_status":"open","ping_status":"open","template":"","meta":{"_seopress_robots_primary_cat":"","_seopress_titles_title":"","_seopress_titles_desc":"","_seopress_robots_index":"","footnotes":""},"class_list":["post-26","page","type-page","status-publish","hentry"],"_links":{"self":[{"href":"https:\/\/uenf.br\/posgraduacao\/ciencia-animal\/wp-json\/wp\/v2\/pages\/26","targetHints":{"allow":["GET"]}}],"collection":[{"href":"https:\/\/uenf.br\/posgraduacao\/ciencia-animal\/wp-json\/wp\/v2\/pages"}],"about":[{"href":"https:\/\/uenf.br\/posgraduacao\/ciencia-animal\/wp-json\/wp\/v2\/types\/page"}],"author":[{"embeddable":true,"href":"https:\/\/uenf.br\/posgraduacao\/ciencia-animal\/wp-json\/wp\/v2\/users\/12"}],"replies":[{"embeddable":true,"href":"https:\/\/uenf.br\/posgraduacao\/ciencia-animal\/wp-json\/wp\/v2\/comments?post=26"}],"version-history":[{"count":0,"href":"https:\/\/uenf.br\/posgraduacao\/ciencia-animal\/wp-json\/wp\/v2\/pages\/26\/revisions"}],"up":[{"embeddable":true,"href":"https:\/\/uenf.br\/posgraduacao\/ciencia-animal\/wp-json\/wp\/v2\/pages\/1959"}],"wp:attachment":[{"href":"https:\/\/uenf.br\/posgraduacao\/ciencia-animal\/wp-json\/wp\/v2\/media?parent=26"}],"curies":[{"name":"wp","href":"https:\/\/api.w.org\/{rel}","templated":true}]}}