{"id":42,"date":"2013-07-29T19:19:33","date_gmt":"2013-07-29T19:19:33","guid":{"rendered":"http:\/\/uenf.br\/pos-graduacao\/ciencia-animal\/?page_id=42"},"modified":"2025-10-28T14:11:56","modified_gmt":"2025-10-28T14:11:56","slug":"formularios","status":"publish","type":"page","link":"https:\/\/uenf.br\/posgraduacao\/ciencia-animal\/formularios\/","title":{"rendered":"Formul\u00e1rios"},"content":{"rendered":"<ul>\n<li><span style=\"color: #0000ff\"><strong><a style=\"color: #0000ff\" href=\"http:\/\/uenf.br\/posgraduacao\/ciencia-animal\/wp-content\/uploads\/sites\/5\/2024\/11\/Defesa-de-projeto.doc\">Defesa de projeto<\/a><\/strong><\/span><\/li>\n<li><span style=\"color: #0000ff\"><strong><a style=\"color: #0000ff\" href=\"https:\/\/uenf.br\/posgraduacao\/ciencia-animal\/wp-content\/uploads\/sites\/5\/2023\/08\/Exame-de-qualificacao-1.doc\">Exame de qualifica\u00e7\u00e3o<\/a><\/strong><\/span><\/li>\n<li><span style=\"color: #0000ff\"><a style=\"color: #0000ff\" href=\"http:\/\/uenf.br\/posgraduacao\/ciencia-animal\/wp-content\/uploads\/sites\/5\/2013\/07\/Exame-de-qualifica\u00e7\u00e3o-temas-e-forma-de-apresenta\u00e7\u00e3o1.doc\"><strong>Exame de qualifica\u00e7\u00e3o complementar (temas e formas de apresenta\u00e7\u00e3o)<\/strong><\/a><\/span><\/li>\n<li><span style=\"color: #0000ff\"><strong><a style=\"color: #0000ff\" href=\"http:\/\/uenf.br\/posgraduacao\/ciencia-animal\/wp-content\/uploads\/sites\/5\/2025\/10\/Defesa-de-tese.doc\">Defesa de disserta\u00e7\u00e3o\/tese<\/a><\/strong><\/span><\/li>\n<li><span style=\"color: #0000ff\"><a style=\"color: #0000ff\" href=\"http:\/\/uenf.br\/posgraduacao\/ciencia-animal\/wp-content\/uploads\/sites\/5\/2025\/10\/Coorientador.doc\"><strong>Indica\u00e7\u00e3o de coorientador<\/strong><\/a>\u00a0<\/span>&#8211; Verificar se o coorientador possui o perfil previsto pelo Programa (Art. 2\u00ba da RESOLU\u00c7\u00c3O CONJUNTA CPGCA UENF\/UFRRJ n\u00ba 001\/2024). A indica\u00e7\u00e3o de coorienta\u00e7\u00e3o poder\u00e1 ser feita at\u00e9 <strong>60 dias<\/strong> antes do prazo da defesa de disserta\u00e7\u00e3o\/tese. A apresenta\u00e7\u00e3o deste formul\u00e1rio substitui a indica\u00e7\u00e3o com data anterior.<\/li>\n<li><span style=\"color: #0000ff\"><a style=\"color: #0000ff\" href=\"https:\/\/uenf.br\/posgraduacao\/formulario\/defesa-de-dissertacao-ou-tese\/\"><strong>Prorroga\u00e7\u00e3o de prazo<\/strong><\/a> &#8211;<\/span> Modelo da PROPPG\/UENF.<span style=\"color: #0000ff\"><strong><em> <a style=\"color: #0000ff\" href=\"https:\/\/uenf.br\/posgraduacao\/ciencia-animal\/wp-content\/uploads\/sites\/5\/2022\/01\/SEI_SEI_260009_000971_2020_DOCS_PRORROGACAO.pdf\">Procedimentos para pedido de prorroga\u00e7\u00e3o.<\/a><\/em><\/strong><\/span><\/li>\n<li><strong>Nada consta, declara\u00e7\u00f5es, diploma e requerimentos diversos:<\/strong> acesse o site da<span style=\"color: #0000ff\"> <a style=\"color: #0000ff\" href=\"https:\/\/uenf.br\/reitoria\/secacad\/download-de-documentos\/\"><strong>Secretaria Acad\u00eamica<\/strong><\/a><\/span><\/li>\n<li><strong>Formul\u00e1rios de inscri\u00e7\u00e3o<\/strong>: acesse o site da<span style=\"color: #0000ff\"> <a style=\"color: #0000ff\" href=\"https:\/\/uenf.br\/posgraduacao\/formulario\/encaminhamento-relatorio-semestral-de-monitoria\/\"><strong>PROPPG<\/strong><\/a><\/span><\/li>\n<\/ul>\n<p>&nbsp;<\/p>\n","protected":false},"excerpt":{"rendered":"<p>Defesa de projeto Exame de qualifica\u00e7\u00e3o Exame de qualifica\u00e7\u00e3o complementar (temas e formas de apresenta\u00e7\u00e3o) Defesa de disserta\u00e7\u00e3o\/tese Indica\u00e7\u00e3o de&#8230;<\/p>\n","protected":false},"author":12,"featured_media":0,"parent":0,"menu_order":4,"comment_status":"open","ping_status":"open","template":"","meta":{"_seopress_robots_primary_cat":"","_seopress_titles_title":"","_seopress_titles_desc":"","_seopress_robots_index":"","footnotes":""},"class_list":["post-42","page","type-page","status-publish","hentry"],"_links":{"self":[{"href":"https:\/\/uenf.br\/posgraduacao\/ciencia-animal\/wp-json\/wp\/v2\/pages\/42","targetHints":{"allow":["GET"]}}],"collection":[{"href":"https:\/\/uenf.br\/posgraduacao\/ciencia-animal\/wp-json\/wp\/v2\/pages"}],"about":[{"href":"https:\/\/uenf.br\/posgraduacao\/ciencia-animal\/wp-json\/wp\/v2\/types\/page"}],"author":[{"embeddable":true,"href":"https:\/\/uenf.br\/posgraduacao\/ciencia-animal\/wp-json\/wp\/v2\/users\/12"}],"replies":[{"embeddable":true,"href":"https:\/\/uenf.br\/posgraduacao\/ciencia-animal\/wp-json\/wp\/v2\/comments?post=42"}],"version-history":[{"count":0,"href":"https:\/\/uenf.br\/posgraduacao\/ciencia-animal\/wp-json\/wp\/v2\/pages\/42\/revisions"}],"wp:attachment":[{"href":"https:\/\/uenf.br\/posgraduacao\/ciencia-animal\/wp-json\/wp\/v2\/media?parent=42"}],"curies":[{"name":"wp","href":"https:\/\/api.w.org\/{rel}","templated":true}]}}