{"id":1558,"date":"2017-05-28T19:55:10","date_gmt":"2017-05-28T19:55:10","guid":{"rendered":"http:\/\/uenf.br\/posgraduacao\/ciencias-naturais\/?page_id=1558"},"modified":"2025-09-02T18:38:45","modified_gmt":"2025-09-02T18:38:45","slug":"informacoes-academicas","status":"publish","type":"page","link":"https:\/\/uenf.br\/posgraduacao\/ciencias-naturais\/informacoes-academicas\/","title":{"rendered":"INFORMA\u00c7\u00d5ES ACAD\u00caMICAS"},"content":{"rendered":"<p><a href=\"http:\/\/uenf.br\/posgraduacao\/ciencias-naturais\/informacoes-academicas\/disciplinas\/\" target=\"_blank\" rel=\"noopener noreferrer\">ESTRUTURA CURRICULAR E DISCIPLINAS<\/a><\/p>\n<p><a href=\"http:\/\/uenf.br\/posgraduacao\/ciencias-naturais\/informacoes-academicas\/disciplinas-oferecidas\/\" target=\"_blank\" rel=\"noopener noreferrer\">DISCIPLINAS DO PROGRAMA E EMENTAS<\/a><\/p>\n<p><a href=\"http:\/\/uenf.br\/posgraduacao\/ciencias-naturais\/informacoes-academicas\/calendarios-academicos\/\" target=\"_blank\" rel=\"noopener noreferrer\">CALEND\u00c1RIOS ACAD\u00caMICOS<\/a><\/p>\n<p><a href=\"https:\/\/uenf.br\/posgraduacao\/ciencias-naturais\/informacoes-academicas\/disciplinas-2025-1\/ \u200e\">DISCIPLINAS 2025\/1<\/a><\/p>\n<p><a href=\"https:\/\/uenf.br\/posgraduacao\/ciencias-naturais\/disciplinas-2024-2\/\">DISCIPLINAS 2024\/2<\/a><\/p>\n<p><a href=\"https:\/\/uenf.br\/posgraduacao\/ciencias-naturais\/informacoes-academicas\/disciplinas-2024-1\/\" target=\"_blank\" rel=\"noopener\">DISCIPLINAS 2024\/1<\/a><\/p>\n<p><a href=\"https:\/\/uenf.br\/posgraduacao\/ciencias-naturais\/informacoes-academicas\/disciplinas-2023-2\/ \u200e\">DISCIPLINAS 2023\/2<\/a><\/p>\n<p><a href=\"https:\/\/uenf.br\/posgraduacao\/ciencias-naturais\/informacoes-academicas\/disciplinas-2023-1\/\">DISCIPLINAS 2023\/1<\/a><\/p>\n<p><a href=\"http:\/\/uenf.br\/posgraduacao\/ciencias-naturais\/wp-content\/uploads\/sites\/4\/2018\/10\/Formul\u00e1rio_Encaminhamento_Relat\u00f3rio.pdf\">FORMUL\u00c1RIO DE ENCAMINHAMENTO DE RELAT\u00d3RIO DE ATIVIDADES &#8211;\u00a0<\/a>(<a href=\"http:\/\/uenf.br\/posgraduacao\/ciencias-naturais\/wp-content\/uploads\/sites\/4\/2018\/10\/Formul\u00e1rio_Encaminhamento_Relat\u00f3rio.pdf\">NOVO FORMUL\u00c1RIO &#8211; 2018-2)<\/a><\/p>\n<p><a href=\"http:\/\/uenf.br\/posgraduacao\/ciencias-naturais\/wp-content\/uploads\/sites\/4\/2018\/10\/Normas_Relat\u00f3rio_Atividades.pdf\">NORMAS PARA ELABORA\u00c7\u00c3O DO RELAT\u00d3RIO DE ATIVIDADES ( NOVA &#8211; 2018-2)<\/a><\/p>\n<p><a href=\"http:\/\/uenf.br\/posgraduacao\/ciencias-naturais\/wp-content\/uploads\/sites\/4\/2018\/11\/modelo-de-projeto-de-mestrado-ou-doutorado-1.pdf\">MODELO DE PROJETO MESTRADO OU DOUTORADO<\/a><\/p>\n<p><a href=\"https:\/\/uenf.br\/posgraduacao\/ciencias-naturais\/informacoes-academicas\/modelo-de-exame-de-qualificacao\/\" target=\"_blank\" rel=\"noopener\">EXAME DE QUALIFICA\u00c7\u00c3O DE DOUTORADO<\/a><\/p>\n<p>MODELO DE DISSERTA\u00c7\u00c3O\/ TESE &#8211; (EM BREVE)<\/p>\n<p><a href=\"https:\/\/uenf.br\/posgraduacao\/ciencias-naturais\/wp-content\/uploads\/sites\/4\/2024\/04\/Procedimentos-Pos-Defesa-de-dissertacoes-e-Teses-1.pdf\">PROCEDIMENTOS P\u00d3S-DEFESA<\/a><\/p>\n<p><a href=\"http:\/\/uenf.br\/posgraduacao\/ciencias-naturais\/informacoes-academicas\/bolsas-e-auxilios\/\" target=\"_blank\" rel=\"noopener noreferrer\">BOLSAS E AUX\u00cdLIOS<\/a><\/p>\n<p><a href=\"https:\/\/uenf.br\/posgraduacao\/ciencias-naturais\/informacoes-academicas\/aares-pgcn-2020\/\">AAREs PPGCN 2020<\/a><\/p>\n<p>&nbsp;<\/p>\n<p>&nbsp;<\/p>\n<p>&nbsp;<\/p>\n","protected":false},"excerpt":{"rendered":"<p>ESTRUTURA CURRICULAR E DISCIPLINAS DISCIPLINAS DO PROGRAMA E EMENTAS CALEND\u00c1RIOS ACAD\u00caMICOS DISCIPLINAS 2025\/1 DISCIPLINAS 2024\/2 DISCIPLINAS 2024\/1 DISCIPLINAS 2023\/2 DISCIPLINAS&#8230;<\/p>\n","protected":false},"author":10,"featured_media":0,"parent":0,"menu_order":31,"comment_status":"closed","ping_status":"closed","template":"","meta":{"footnotes":""},"class_list":["post-1558","page","type-page","status-publish","hentry"],"_links":{"self":[{"href":"https:\/\/uenf.br\/posgraduacao\/ciencias-naturais\/wp-json\/wp\/v2\/pages\/1558","targetHints":{"allow":["GET"]}}],"collection":[{"href":"https:\/\/uenf.br\/posgraduacao\/ciencias-naturais\/wp-json\/wp\/v2\/pages"}],"about":[{"href":"https:\/\/uenf.br\/posgraduacao\/ciencias-naturais\/wp-json\/wp\/v2\/types\/page"}],"author":[{"embeddable":true,"href":"https:\/\/uenf.br\/posgraduacao\/ciencias-naturais\/wp-json\/wp\/v2\/users\/10"}],"replies":[{"embeddable":true,"href":"https:\/\/uenf.br\/posgraduacao\/ciencias-naturais\/wp-json\/wp\/v2\/comments?post=1558"}],"version-history":[{"count":0,"href":"https:\/\/uenf.br\/posgraduacao\/ciencias-naturais\/wp-json\/wp\/v2\/pages\/1558\/revisions"}],"wp:attachment":[{"href":"https:\/\/uenf.br\/posgraduacao\/ciencias-naturais\/wp-json\/wp\/v2\/media?parent=1558"}],"curies":[{"name":"wp","href":"https:\/\/api.w.org\/{rel}","templated":true}]}}