{"id":1608,"date":"2017-05-29T18:39:14","date_gmt":"2017-05-29T18:39:14","guid":{"rendered":"http:\/\/uenf.br\/posgraduacao\/ciencias-naturais\/?page_id=1608"},"modified":"2025-05-30T17:49:51","modified_gmt":"2025-05-30T17:49:51","slug":"formularios-e-requerimentos-alunos","status":"publish","type":"page","link":"https:\/\/uenf.br\/posgraduacao\/ciencias-naturais\/formularios-e-requerimentos-alunos\/","title":{"rendered":"FORMUL\u00c1RIOS"},"content":{"rendered":"<p><span style=\"color: #ff0000\"><strong>OBSERVA\u00c7\u00c3O:\u00a0 PARA QUALQUER SOLICITA\u00c7\u00c3O O REQUERENTE E DEMAIS ENVOLVIDOS (CANDIDATO, ORIENTADOR, COORIENTADOR, MEMBROS DE BANCA) DEVER\u00c3O ESTAR COM O CURR\u00cdCULO LATTES ATUALIZADO AT\u00c9 A DATA DA SOLICITA\u00c7\u00c3O.<\/strong><\/span><\/p>\n<p><span style=\"color: #000000\"><strong>FORMUL\u00c1RIOS DE INSCRI\u00c7\u00c3O EM PROCESSOS SELETIVOS<\/strong><\/span><\/p>\n<p><span style=\"color: #000000\">\u00a0\u00a0\u00a0\u00a0\u00a0\u00a0 SELE\u00c7\u00c3O PARA MESTRADO E DOUTORADO<\/span><\/p>\n<ul>\n<li><span style=\"color: #0000ff\"><a style=\"color: #0000ff\" href=\"https:\/\/uenf.br\/posgraduacao\/ciencias-naturais\/wp-content\/uploads\/sites\/4\/2023\/09\/Formulario-1-inscricao-pdf-eletronico-1.pdf\">Formulario-1-inscricao-pdf-eletronico-1<\/a><\/span><\/li>\n<li><span style=\"color: #0000ff\"><a style=\"color: #0000ff\" href=\"https:\/\/uenf.br\/posgraduacao\/ciencias-naturais\/wp-content\/uploads\/sites\/4\/2022\/04\/Formulario-Carta-de-referencia-em-pdf-eletronico.pdf\">Formul\u00e1rio Carta de refer\u00eancia &#8211; em pdf eletr\u00f4nico<\/a><\/span><\/li>\n<li><span style=\"color: #0000ff\"><a style=\"color: #0000ff\" href=\"https:\/\/uenf.br\/posgraduacao\/ciencias-naturais\/wp-content\/uploads\/sites\/4\/2022\/04\/Formulario-Carta-de-referencia-em-pdf-para-impressao.pdf\">Formul\u00e1rio Carta de refer\u00eancia &#8211; em pdf para impress\u00e3o<\/a><\/span><\/li>\n<li><a href=\"http:\/\/uenf.br\/posgraduacao\/ciencias-naturais\/wp-content\/uploads\/sites\/4\/2024\/10\/Anexo-3-Tabela-de-pontuacao-mestrado-2025-1-2.pdf\"><span style=\"color: #0000ff\">Anexo 3 &#8211; Tabela de pontua\u00e7\u00e3o &#8211; mestrado<\/span><\/a><\/li>\n<li><a href=\"http:\/\/uenf.br\/posgraduacao\/ciencias-naturais\/wp-content\/uploads\/sites\/4\/2025\/05\/Anexo-4-Tabela-de-pontuacao-doutorado-2025-1-2-corrigido.pdf\"><span style=\"color: #0000ff\">Anexo 4 &#8211; Tabela de pontua\u00e7\u00e3o &#8211; <\/span><span style=\"color: #0000ff\">doutorado<\/span><\/a><\/li>\n<li><a href=\"https:\/\/uenf.br\/posgraduacao\/ciencias-naturais\/wp-content\/uploads\/sites\/4\/2023\/09\/Formulario-geral-para-solicitacao-de-recursos-em-pdf-eletronico.pdf\"><span style=\"color: #000000\"><span style=\"color: #0000ff\">Formul\u00e1rio-geral-para-solicitacao-de-recursos-em-pdf-eletronico<\/span><\/span><\/a><\/li>\n<\/ul>\n<p><span style=\"color: #000000\"><strong>EXAME DE PROFICI\u00caNCIA<\/strong><\/span><\/p>\n<ul>\n<li><a href=\"http:\/\/uenf.br\/pos-graduacao\/ciencias-naturais\/wp-content\/uploads\/sites\/4\/2014\/07\/7-Requer.-de-exame-de-profici\u00eancia.doc\"><span style=\"color: #0000ff\">FORMUL\u00c1RIO &#8211; SETE &#8211; SECRETARIA ACAD\u00caMICA\u00a0 &#8211; Requerimento de exame de profici\u00eancia<\/span><\/a><\/li>\n<\/ul>\n<p><span style=\"color: #000000\"><strong>EXAME DE QUALIFICA\u00c7\u00c3O<\/strong><\/span><\/p>\n<ul>\n<li><span style=\"color: #0000ff\"><a style=\"color: #0000ff\" href=\"http:\/\/uenf.br\/posgraduacao\/ciencias-naturais\/wp-content\/uploads\/sites\/4\/2014\/07\/Requerimento-de-Exame-de-Qualifica\u00e7\u00e3o-1.doc\">FORMUL\u00c1RIO &#8211; Requerimento de Exame de Qualifica\u00e7\u00e3o<\/a><\/span><\/li>\n<\/ul>\n<p><span style=\"color: #000000\"><strong>MODELOS DE PROCURA\u00c7\u00d5ES E RECEBIMENTOS DE DOCUMENTOS<\/strong><\/span><\/p>\n<ul>\n<li><span style=\"color: #0000ff\"><a style=\"color: #0000ff\" href=\"http:\/\/uenf.br\/pos-graduacao\/ciencias-naturais\/wp-content\/uploads\/sites\/4\/2014\/07\/Declara\u00e7\u00e3o-de-Aluno-simples.doc\">MODELO I &#8211; Declara\u00e7\u00e3o Comprobat\u00f3ria de Matr\u00edcula no Programa<\/a><\/span><\/li>\n<li><span style=\"color: #0000ff\"><a style=\"color: #0000ff\" href=\"http:\/\/uenf.br\/pos-graduacao\/ciencias-naturais\/wp-content\/uploads\/sites\/4\/2014\/07\/Procura\u00e7\u00e3o-para-renovar-matr\u00edcula.doc\">MODELO II &#8211; Procura\u00e7\u00e3o para fazer\u00a0matr\u00edcula<\/a><\/span><\/li>\n<li><span style=\"color: #0000ff\"><a style=\"color: #0000ff\" href=\"http:\/\/uenf.br\/pos-graduacao\/ciencias-naturais\/wp-content\/uploads\/sites\/4\/2014\/07\/Procura\u00e7\u00e3o-para-retirar-diploma.doc\">MODELO III &#8211; Procura\u00e7\u00e3o para retirar diploma<\/a><\/span><\/li>\n<li><span style=\"color: #0000ff\"><a style=\"color: #0000ff\" href=\"http:\/\/uenf.br\/pos-graduacao\/ciencias-naturais\/wp-content\/uploads\/sites\/4\/2014\/07\/Recebimento-de-documentos.doc\">COMPROVANTE\u00a0 &#8211;\u00a0 Recebimento de documentos<\/a><\/span><\/li>\n<\/ul>\n<p><span style=\"color: #000000\"><strong>A<span style=\"color: #0000ff\">UXILIO FINANCEIRO<\/span><\/strong><\/span><\/p>\n<ul>\n<li><span style=\"color: #0000ff\">FORMUL\u00c1RIO &#8211; PGCN &#8211; <a style=\"color: #0000ff\" href=\"https:\/\/uenf.br\/posgraduacao\/ciencias-naturais\/wp-content\/uploads\/sites\/4\/2023\/03\/Requerimento-de-auxilio-financeiro.docx\">Requerimento de aux\u00edlio financeiro<\/a><strong><br \/>\n<\/strong><\/span><\/li>\n<\/ul>\n<ul>\n<li><a href=\"http:\/\/uenf.br\/pos-graduacao\/ciencias-naturais\/wp-content\/uploads\/sites\/4\/2014\/07\/FormDesisistencia-de-BolsaGRH.pdf\"><span style=\"color: #0000ff\">FORMUL\u00c1RIO- Desist\u00eancia de Bolsa GRH<\/span><\/a><\/li>\n<\/ul>\n<p><span style=\"color: #000000\"><strong>PRORROGA\u00c7\u00c3O DE DEFESA<\/strong><\/span><\/p>\n<ul>\n<li><span style=\"color: #0000ff\"><a style=\"color: #0000ff\" href=\"http:\/\/uenf.br\/posgraduacao\/ciencias-naturais\/wp-content\/uploads\/sites\/4\/2024\/12\/Formulario-de-solicitacao-de-Prorrogacao-de-Defesa.docx\">FORMUL\u00c1RIO &#8211; Solicita\u00e7\u00e3o de Prorroga\u00e7\u00e3o de Defesa<\/a><\/span><\/li>\n<\/ul>\n<p><span style=\"color: #000000\"><strong>PROCEDIMENTOS PARA DEFESAS (todas)<\/strong><\/span><strong><span style=\"color: #0000ff\"><span style=\"color: #000000\"> E P\u00d3S-DEFESA (Disserta\u00e7\u00e3o e Tese)<\/span><br \/>\n<\/span><\/strong><\/p>\n<ul>\n<li><span style=\"color: #0000ff\"><a style=\"color: #0000ff\" href=\"https:\/\/uenf.br\/posgraduacao\/ciencias-naturais\/wp-content\/uploads\/sites\/4\/2022\/07\/Requerimento-homologacao-de-defesa-PPGCN.doc\" target=\"_blank\" rel=\"noopener\">FORMUL\u00c1RIO &#8211; Requerimento para homologa\u00e7\u00e3o de defesa (todas)<\/a><\/span><\/li>\n<li><span style=\"color: #0000ff\"><a style=\"color: #0000ff\" href=\"https:\/\/uenf.br\/posgraduacao\/ciencias-naturais\/wp-content\/uploads\/sites\/4\/2022\/07\/Procedimentos-Pos-Defesa-de-dissertacoes-e-Teses-1.pdf\" target=\"_blank\" rel=\"noopener\">INSTRU\u00c7\u00d5ES P\u00d3S-DEFESA (Disserta\u00e7\u00f5es e Teses)<\/a><\/span><\/li>\n<li><span style=\"color: #0000ff\"><a style=\"color: #0000ff\" href=\"https:\/\/uenf.br\/posgraduacao\/ciencias-naturais\/wp-content\/uploads\/sites\/4\/2022\/07\/Termo-autorizacao-divulgacao-dissertacoes-e-teses-1.doc\" target=\"_blank\" rel=\"noopener\">FORMUL\u00c1RIO &#8211; Termo de autoriza\u00e7\u00e3o para divulga\u00e7\u00e3o e publica\u00e7\u00e3o eletr\u00f4nica (disserta\u00e7\u00f5es e tese)<\/a><\/span><\/li>\n<li><a href=\"https:\/\/uenf.br\/posgraduacao\/ciencias-naturais\/wp-content\/uploads\/sites\/4\/2022\/07\/Formulario-de-informacoes-pos-defesa-CAPES.doc\" target=\"_blank\" rel=\"noopener\"><span style=\"color: #0000ff\">FORMUL\u00c1RIO &#8211; Informa\u00e7\u00f5es P\u00f3s-defesa CAPES<\/span><\/a><\/li>\n<\/ul>\n","protected":false},"excerpt":{"rendered":"<p>OBSERVA\u00c7\u00c3O:\u00a0 PARA QUALQUER SOLICITA\u00c7\u00c3O O REQUERENTE E DEMAIS ENVOLVIDOS (CANDIDATO, ORIENTADOR, COORIENTADOR, MEMBROS DE BANCA) DEVER\u00c3O ESTAR COM O CURR\u00cdCULO&#8230;<\/p>\n","protected":false},"author":10,"featured_media":0,"parent":0,"menu_order":70,"comment_status":"closed","ping_status":"closed","template":"","meta":{"footnotes":""},"class_list":["post-1608","page","type-page","status-publish","hentry"],"_links":{"self":[{"href":"https:\/\/uenf.br\/posgraduacao\/ciencias-naturais\/wp-json\/wp\/v2\/pages\/1608","targetHints":{"allow":["GET"]}}],"collection":[{"href":"https:\/\/uenf.br\/posgraduacao\/ciencias-naturais\/wp-json\/wp\/v2\/pages"}],"about":[{"href":"https:\/\/uenf.br\/posgraduacao\/ciencias-naturais\/wp-json\/wp\/v2\/types\/page"}],"author":[{"embeddable":true,"href":"https:\/\/uenf.br\/posgraduacao\/ciencias-naturais\/wp-json\/wp\/v2\/users\/10"}],"replies":[{"embeddable":true,"href":"https:\/\/uenf.br\/posgraduacao\/ciencias-naturais\/wp-json\/wp\/v2\/comments?post=1608"}],"version-history":[{"count":0,"href":"https:\/\/uenf.br\/posgraduacao\/ciencias-naturais\/wp-json\/wp\/v2\/pages\/1608\/revisions"}],"wp:attachment":[{"href":"https:\/\/uenf.br\/posgraduacao\/ciencias-naturais\/wp-json\/wp\/v2\/media?parent=1608"}],"curies":[{"name":"wp","href":"https:\/\/api.w.org\/{rel}","templated":true}]}}