{"id":1678,"date":"2017-06-04T14:14:36","date_gmt":"2017-06-04T14:14:36","guid":{"rendered":"http:\/\/uenf.br\/posgraduacao\/ciencias-naturais\/?page_id=1678"},"modified":"2022-09-03T19:28:34","modified_gmt":"2022-09-03T19:28:34","slug":"bio-organica-y-bio-inorganica","status":"publish","type":"page","link":"https:\/\/uenf.br\/posgraduacao\/ciencias-naturais\/lineas-de-investigacion\/bio-organica-y-bio-inorganica\/","title":{"rendered":"Bio-org\u00e1nica y Bio-inorg\u00e1nica"},"content":{"rendered":"<p>Aislamiento de compuestos naturales para la aplicaci\u00f3n en productos farmac\u00e9uticos o sistemas biol\u00f3gicos; s\u00edntesis de productos org\u00e1nicos e inorg\u00e1nicos para los productos farmac\u00e9uticos y otras aplicaciones. Este campo de investigaci\u00f3n tambi\u00e9n incluye estudios con plantas y metabolismos de las bacterias para varias aplicaciones. En el \u00e1rea de bio-inorg\u00e1nica se buscan obtener compuestos que imiten las propiedades estructurales y de reactividad de metaloenzimas. A tal fin, los compuestos de coordinaci\u00f3n que contienen iones de metales del primer per\u00edodo de transici\u00f3n se sintetizan y se eval\u00faan en cuanto a la capacidad de promover la misma reacci\u00f3n qu\u00edmica (cat\u00e1lisis) realizada por la metaloenzima en cuesti\u00f3n.<\/p>\n<p><strong>ORIENTADORES DE LA LINEA DE INVESTIGACION BIO-ORG\u00c1NICA Y BIO-INOG\u00c1NICA<\/strong><\/p>\n<div>\n<p>_________________________________________________________________<\/p>\n<\/div>\n<div>\n<h3><a href=\"http:\/\/lattes.cnpq.br\/2332629104748207\" target=\"_blank\" rel=\"noopener\">Edmilson Jos\u00e9 Maria<\/a> &#8211; eddy@uenf.br<\/h3>\n<p>Professor Associado &#8211; LCQUI\/CCT\/UENF<br \/>\nCredenciamento CAPES: Permanente<br \/>\nLinhas de Pesquisa: Bio-org\u00e1nica y bio-inorg\u00e1nica<br \/>\nDoutorado em Qu\u00edmica (1995)<br \/>\nUniversidade Federal de Minas Gerais &#8211; UFMG\/MG<br \/>\n_________________________________________________________________<\/p>\n<h3><a href=\"http:\/\/lattes.cnpq.br\/9573924260693571\" target=\"_blank\" rel=\"noopener\">Ivo Jos\u00e9 Curcino Vieira<\/a> &#8211; curcino@uenf.br<\/h3>\n<p>Professor Titular &#8211; LCQUI\/CCT\/UENF<br \/>\nCredenciamento CAPES: Permanente<br \/>\nLinhas de Pesquisa: Bio-org\u00e1nica y bio-inorg\u00e1nica<br \/>\nDoutorado em Qu\u00edmica (1995)<br \/>\nUniversidade Federal de S\u00e3o Carlos &#8211; UFSCar\/SP<br \/>\n_________________________________________________________________<\/p>\n<h3><a href=\"http:\/\/lattes.cnpq.br\/5033930756866717\" target=\"_blank\" rel=\"noopener\">Jan Schripsema<\/a> &#8211; LCQUI &#8211; CCT &#8211; jan@uenf.br<\/h3>\n<p>Professor Titular &#8211; LCQUI\/CCT\/UENF<br \/>\nCredenciamento CAPES: Permanente<br \/>\nLinhas de Pesquisa: Bio-org\u00e1nica y bio-inorg\u00e1nica\/Ciencias Ambientales\/Ense\u00f1anza de las Ciencias<br \/>\nP\u00f3s-doutorado: Technical University of Denmark, DTU, Dinamarca. (1994-1996)<br \/>\nP\u00f3s-doutorado: Rijksuniversiteit Leiden, RUL, Holanda (1988-1994)<br \/>\nDoutorado em Ci\u00eancias Naturais e Matem\u00e1tica (1988)<br \/>\nRijksuniversiteit Leiden, RUL, Holanda<br \/>\n_________________________________________________________________<\/p>\n<\/div>\n<div>\n<h3><a href=\"http:\/\/lattes.cnpq.br\/4021506958174837\" target=\"_blank\" rel=\"noopener\">Leda Mathias<\/a>\u00a0 &#8211; leddam8@gmail.com<\/h3>\n<p>Professora Associada &#8211; LCQUI\/CCT\/UENF<br \/>\nCredenciamento CAPES: Permanente<br \/>\nLinhas de Pesquisa: Bio-org\u00e1nica y bio-inorg\u00e1nica<br \/>\nDoutorado em Qu\u00edmica de Produtos Naturais (1994)<br \/>\nUniversidade Federal do Rio de Janeiro &#8211; UFRJ\/RJ<br \/>\n_________________________________________________________________<\/p>\n<h3><a href=\"http:\/\/lattes.cnpq.br\/0126292394899026\" target=\"_blank\" rel=\"noopener\">Luis Guilherme Mansor Basso<\/a> &#8211; luisbasso@uenf.br<\/h3>\n<p>Professor Associado &#8211; LCFIS\/CCT\/UENF<br \/>\nCredenciamento CAPES: colaborador<br \/>\nLinhas de Pesquisa: Bio-org\u00e1nica y bio-inorg\u00e1nica\/Ciencia y Tecnolog\u00eda de Materiales<br \/>\nP\u00f3s-doutorado: University of California San Diego (2017-2019)<br \/>\nDoutorado em F\u00edsica (2014)<br \/>\nUniversidade de S\u00e3o Paulo &#8211; USP\/SP<br \/>\n(Per\u00edodo Sandu\u00edche na University of Chicago &#8211; EUA)<br \/>\nP\u00e1gina eletr\u00f4nica: <a href=\"https:\/\/sites.google.com\/uenf.br\/luisbasso\/\" target=\"_blank\" rel=\"noopener\">https:\/\/sites.google.com\/uenf.br\/luisbasso<\/a><br \/>\n_________________________________________________________________<\/p>\n<\/div>\n<div>\n<h3><a href=\"\/\/lattes.cnpq.br\/5744415641833528\" target=\"_blank\" rel=\"noopener\">Maria Raquel Garcia Vega<\/a> &#8211; py.raquel@gmail.com<\/h3>\n<p>Professora Associada &#8211; LCQUI\/CCT\/UENF<br \/>\nCredenciamento CAPES: Permanente<br \/>\nLinhas de Pesquisa: Bio-org\u00e1nica y bio-inorg\u00e1nica<br \/>\nDoutorado em Qu\u00edmica \u00a0(2007)<br \/>\nUniversidade Federal Rural do Rio de Janeiro &#8211; UFRRJ\/RJ<br \/>\n_________________________________________________________________<\/p>\n<\/div>\n<h3><a href=\"http:\/\/lattes.cnpq.br\/6747215104363265\" target=\"_blank\" rel=\"noopener\">Raimundo Braz Filho<\/a>\u00a0 &#8211; braz@uenf.br<\/h3>\n<p>Professor Em\u00e9rito &#8211; PPGCN\/CCT\/UENF<br \/>\nCredenciamento CAPES: Permanente<br \/>\nLinhas de Pesquisa: Bio-org\u00e1nica y bio-inorg\u00e1nica<br \/>\nDoutor em Qu\u00edmica (1971)<br \/>\nUniversidade Federal Rural do Rio de Janeiro &#8211; UFRRJ\/RJ<br \/>\n_________________________________________________________________<\/p>\n<h3><a href=\"http:\/\/lattes.cnpq.br\/8571593985334486\" target=\"_blank\" rel=\"noopener\">Rodrigo Rodrigues de Oliveira<\/a> &#8211; \u00a0roroliveira@uenf.br<\/h3>\n<p>Professor Associado &#8211; LCQUI\/CCT\/UENF<br \/>\nCredenciamento CAPES: Permanente<br \/>\nLinhas de Pesquisa: Bio-org\u00e1nica y bio-inorg\u00e1nica<br \/>\nDoutorado em Qu\u00edmica de Produtos Naturais (2003)<br \/>\nUniversidade Federal do Rio de Janeiro &#8211; UFRJ\/RJ<br \/>\n_________________________________________________________________<\/p>\n<div><\/div>\n","protected":false},"excerpt":{"rendered":"<p>Aislamiento de compuestos naturales para la aplicaci\u00f3n en productos farmac\u00e9uticos o sistemas biol\u00f3gicos; s\u00edntesis de productos org\u00e1nicos e inorg\u00e1nicos para&#8230;<\/p>\n","protected":false},"author":10,"featured_media":0,"parent":1668,"menu_order":11,"comment_status":"closed","ping_status":"closed","template":"","meta":{"footnotes":""},"class_list":["post-1678","page","type-page","status-publish","hentry"],"_links":{"self":[{"href":"https:\/\/uenf.br\/posgraduacao\/ciencias-naturais\/wp-json\/wp\/v2\/pages\/1678","targetHints":{"allow":["GET"]}}],"collection":[{"href":"https:\/\/uenf.br\/posgraduacao\/ciencias-naturais\/wp-json\/wp\/v2\/pages"}],"about":[{"href":"https:\/\/uenf.br\/posgraduacao\/ciencias-naturais\/wp-json\/wp\/v2\/types\/page"}],"author":[{"embeddable":true,"href":"https:\/\/uenf.br\/posgraduacao\/ciencias-naturais\/wp-json\/wp\/v2\/users\/10"}],"replies":[{"embeddable":true,"href":"https:\/\/uenf.br\/posgraduacao\/ciencias-naturais\/wp-json\/wp\/v2\/comments?post=1678"}],"version-history":[{"count":0,"href":"https:\/\/uenf.br\/posgraduacao\/ciencias-naturais\/wp-json\/wp\/v2\/pages\/1678\/revisions"}],"up":[{"embeddable":true,"href":"https:\/\/uenf.br\/posgraduacao\/ciencias-naturais\/wp-json\/wp\/v2\/pages\/1668"}],"wp:attachment":[{"href":"https:\/\/uenf.br\/posgraduacao\/ciencias-naturais\/wp-json\/wp\/v2\/media?parent=1678"}],"curies":[{"name":"wp","href":"https:\/\/api.w.org\/{rel}","templated":true}]}}