{"id":1706,"date":"2017-06-08T19:58:44","date_gmt":"2017-06-08T19:58:44","guid":{"rendered":"http:\/\/uenf.br\/posgraduacao\/ciencias-naturais\/?page_id=1706"},"modified":"2020-07-31T21:41:15","modified_gmt":"2020-07-31T21:41:15","slug":"teses-de-doutorado","status":"publish","type":"page","link":"https:\/\/uenf.br\/posgraduacao\/ciencias-naturais\/contato\/teses-de-doutorado\/","title":{"rendered":"Teses de Doutorado"},"content":{"rendered":"<p><a href=\"http:\/\/ead.uenf.br\/moodle\/course\/view.php?id=129#section-5\">Acesse teses mais antigas<\/a><\/p>\n<p style=\"text-align: center\"><strong>2017<\/strong><\/p>\n<p style=\"text-align: center\"><strong>2016<\/strong><\/p>\n<p style=\"text-align: center\"><strong>2015<\/strong><\/p>\n<p style=\"text-align: center\"><strong>2014<\/strong><\/p>\n<p style=\"text-align: center\"><strong>2013<\/strong><\/p>\n<table style=\"width: 100%\">\n<tbody>\n<tr>\n<td><strong>T\u00edtulo<\/strong><\/td>\n<td><strong>Autor<\/strong><\/td>\n<td><strong>Data de Defesa<\/strong><\/td>\n<\/tr>\n<tr>\n<td><a href=\"https:\/\/sucupira.capes.gov.br\/sucupira\/coleta_online\/manutencaoTrabalhoConclusao\/viewTrabalho.xhtml?popup=true&amp;id_trabalho_conclusao=7113532\">Ocorr\u00eancia de Compostos Org\u00e2nicos Emergentes (COE) e avalia\u00e7\u00e3o da atividade estrog\u00eanica em \u00e1guas superficiais e tratadas de Campos dos Goytacazes, RJ.<\/a><\/td>\n<td>THAYANA PARANHOS PORTAL<\/td>\n<td>23\/11\/2018<\/td>\n<\/tr>\n<tr>\n<td><a href=\"https:\/\/sucupira.capes.gov.br\/sucupira\/public\/consultas\/coleta\/trabalhoConclusao\/viewTrabalhoConclusao.jsf?popup=true&amp;id_trabalho=5018318\" target=\"_blank\" rel=\"noopener noreferrer\">A hist\u00f3ria da ci\u00eancia em sala de aula: o epis\u00f3dio da potassa como uma proposta para o ensino de qu\u00edmica<\/a><\/td>\n<td>La\u00eds Jubini Callegario<\/td>\n<td>21\/03\/2017<\/td>\n<\/tr>\n<tr>\n<td><a href=\"https:\/\/sucupira.capes.gov.br\/sucupira\/public\/consultas\/coleta\/trabalhoConclusao\/viewTrabalhoConclusao.jsf?popup=true&amp;id_trabalho=5016348\" target=\"_blank\" rel=\"noopener noreferrer\">Desenvolvimento de novos fotocatalisadores sens\u00edveis \u00e0 irradia\u00e7\u00e3o solar para gera\u00e7\u00e3o de H2<\/a><\/td>\n<td>Fabielle Castelan Marques<\/td>\n<td>27\/03\/2017<\/td>\n<\/tr>\n<tr>\n<td><a href=\"https:\/\/sucupira.capes.gov.br\/sucupira\/public\/consultas\/coleta\/trabalhoConclusao\/viewTrabalhoConclusao.jsf?popup=true&amp;id_trabalho=5018347\" target=\"_blank\" rel=\"noopener noreferrer\">S\u00edntese e Estudo da atividade biol\u00f3gica do pept\u00eddeo bioativo ER17p<\/a><\/td>\n<td>Daniela Pereira Vieira Souza<\/td>\n<td>29\/03\/2017<\/td>\n<\/tr>\n<tr>\n<td><a href=\"https:\/\/sucupira.capes.gov.br\/sucupira\/public\/consultas\/coleta\/trabalhoConclusao\/viewTrabalhoConclusao.jsf?popup=true&amp;id_trabalho=5033810\" target=\"_blank\" rel=\"noopener noreferrer\">A hist\u00f3ria da ci\u00eancia na forma\u00e7\u00e3o de professores de F\u00edsica: uma proposta no contexto do PIBID<\/a><\/td>\n<td>Vanessa Leandro de Oliveira Alves<\/td>\n<td>10\/05\/2017<\/td>\n<\/tr>\n<tr>\n<td><a href=\"https:\/\/sucupira.capes.gov.br\/sucupira\/public\/consultas\/coleta\/trabalhoConclusao\/viewTrabalhoConclusao.jsf?popup=true&amp;id_trabalho=5046700\" target=\"_blank\" rel=\"noopener noreferrer\">Estudo fitoqu\u00edmico e avalia\u00e7\u00e3o das esp\u00e9cies <em>Lonchocarpus guilleminianu(FABACEAE)<\/em> e <em>Calycophyllum spruceanum (RUBIACEAE)<\/em><\/a><\/td>\n<td>Fernanda Mendes de Azevedo<\/td>\n<td>26\/05\/2017<\/td>\n<\/tr>\n<tr>\n<td><a href=\"https:\/\/sucupira.capes.gov.br\/sucupira\/coleta_online\/manutencaoTrabalhoConclusao\/viewTrabalho.xhtml?popup=true&amp;id_trabalho_conclusao=5119943\" target=\"_blank\" rel=\"noopener noreferrer\">Produ\u00e7\u00e3o de biodiesel por m\u00e9todo n\u00e3o convencional: Catalisadores heterog\u00eaneos com propriedades magn\u00e9ticas<\/a><\/td>\n<td>Eur\u00edpedes Garcia Silveira Junior<\/td>\n<td>19\/06\/2017<\/td>\n<\/tr>\n<tr>\n<td><a href=\"https:\/\/sucupira.capes.gov.br\/sucupira\/coleta_online\/manutencaoTrabalhoConclusao\/viewTrabalho.xhtml?popup=true&amp;id_trabalho_conclusao=5132420\" target=\"_blank\" rel=\"noopener noreferrer\">Aplica\u00e7\u00e3o da espectroscopia fotoac\u00fastica no estudo das perdas de nitrog\u00eanio devido \u00e0s taxas de volatiliza\u00e7\u00e3o de NH3 e emiss\u00e3o de N2O de fertilizantes a base de ur\u00e9ia <\/a><\/td>\n<td>Samylla Cristina Especie Bueno<\/td>\n<td>05\/10\/2017<\/td>\n<\/tr>\n<tr>\n<td><a href=\"https:\/\/sucupira.capes.gov.br\/sucupira\/coleta_online\/manutencaoTrabalhoConclusao\/viewTrabalho.xhtml?popup=true&amp;id_trabalho_conclusao=5132452\" target=\"_blank\" rel=\"noopener noreferrer\">Estudo de Materiais Magn\u00e9ticos por Resson\u00e2ncia Magn\u00e9tica Eletr\u00f4nica Convencional e Fototermicamente <\/a><\/td>\n<td>Thallis Custodia Cordeiro<\/td>\n<td>06\/10\/2017<\/td>\n<\/tr>\n<tr>\n<td><a href=\"https:\/\/sucupira.capes.gov.br\/sucupira\/coleta_online\/manutencaoTrabalhoConclusao\/viewTrabalho.xhtml?popup=true&amp;id_trabalho_conclusao=5132465\" target=\"_blank\" rel=\"noopener noreferrer\">An\u00e1lise de solos tratados com Biochar atrav\u00e9s das caracteriza\u00e7\u00f5es qu\u00edmicas, f\u00edsicas e ambientais<\/a><\/td>\n<td>Ellen Concei\u00e7\u00e3o Teixeira de Matos<\/td>\n<td>06\/10\/2017<\/td>\n<\/tr>\n<tr>\n<td><a href=\"https:\/\/sucupira.capes.gov.br\/sucupira\/coleta_online\/manutencaoTrabalhoConclusao\/viewTrabalho.xhtml?popup=true&amp;id_trabalho_conclusao=5125207\" target=\"_blank\" rel=\"noopener noreferrer\">O Ensino de Bot\u00e2nica na educa\u00e7\u00e3o b\u00e1sica: um olhar voltado para a flora brasileira<\/a><\/td>\n<td>Bruna Paula da Cruz<\/td>\n<td>08\/11\/2017<\/td>\n<\/tr>\n<tr>\n<td><\/td>\n<td><\/td>\n<td><\/td>\n<\/tr>\n<tr>\n<td><strong>T\u00edtulo<\/strong><\/td>\n<td><strong>Autor<\/strong><\/td>\n<td><strong>Data de Defesa<\/strong><\/td>\n<\/tr>\n<tr>\n<td><a href=\"https:\/\/sucupira.capes.gov.br\/sucupira\/public\/consultas\/coleta\/trabalhoConclusao\/viewTrabalhoConclusao.jsf?popup=true&amp;id_trabalho=3606044\" target=\"_blank\" rel=\"noopener noreferrer\">S\u00edntese, caracteriza\u00e7\u00e3o e avalia\u00e7\u00e3o da atividade antioxidante e antitumoral de compostos de coordena\u00e7\u00e3o de cobalto e ferro<\/a><\/td>\n<td>Samila Ribeiro Marcelli<\/td>\n<td>3\/17\/2016<\/td>\n<\/tr>\n<tr>\n<td><a href=\"https:\/\/sucupira.capes.gov.br\/sucupira\/public\/consultas\/coleta\/trabalhoConclusao\/viewTrabalhoConclusao.jsf?popup=true&amp;id_trabalho=3606073\" target=\"_blank\" rel=\"noopener noreferrer\">S\u00edntese, caracteriza\u00e7\u00e3o e avalia\u00e7\u00e3o da atividade citot\u00f3xica de compostas de coordena\u00e7\u00e3o de cobre (I) e c\u00e1lcio (II)<\/a><\/td>\n<td>\u00c9rica Soares Bull de Nadai<\/td>\n<td>3\/18\/2016<\/td>\n<\/tr>\n<tr>\n<td><a href=\"https:\/\/sucupira.capes.gov.br\/sucupira\/public\/consultas\/coleta\/trabalhoConclusao\/viewTrabalhoConclusao.jsf?popup=true&amp;id_trabalho=3606042\" target=\"_blank\" rel=\"noopener noreferrer\">Potencial da bioatividade de esp\u00e9cies da fam\u00edlia Annonaceae e investiga\u00e7\u00e3o do efeito antineoll\u00e1tico das acetogeninas isoladas de <em>Annona dioica<\/em><\/a><\/td>\n<td>Marina Meirelles Paes<\/td>\n<td>3\/28\/2016<\/td>\n<\/tr>\n<tr>\n<td><a href=\"https:\/\/sucupira.capes.gov.br\/sucupira\/public\/consultas\/coleta\/trabalhoConclusao\/viewTrabalhoConclusao.jsf?popup=true&amp;id_trabalho=3711085\" target=\"_blank\" rel=\"noopener noreferrer\">O uso de estudo de caso aprender f\u00edsica no PROEJA: Uma experi\u00eancia pessoal, te\u00f3rica e metedol\u00f3gica com base em Paulo Freire e Vigotski<\/a><\/td>\n<td>Munich Ribeiro de Oliveira<\/td>\n<td>6\/16\/2016<\/td>\n<\/tr>\n<tr>\n<td><a href=\"https:\/\/sucupira.capes.gov.br\/sucupira\/public\/consultas\/coleta\/trabalhoConclusao\/viewTrabalhoConclusao.jsf?popup=true&amp;id_trabalho=3717676\" target=\"_blank\" rel=\"noopener noreferrer\">An\u00e1lise Quimiossistem\u00e1tica da fam\u00edlia Moraceae<\/a><\/td>\n<td>Adriana Lima de Sousa<\/td>\n<td>6\/24\/2016<\/td>\n<\/tr>\n<tr>\n<td><a href=\"https:\/\/sucupira.capes.gov.br\/sucupira\/public\/consultas\/coleta\/trabalhoConclusao\/viewTrabalhoConclusao.jsf?popup=true&amp;id_trabalho=3664834\">S\u00edntese de cumarinas: estudo sobre a rea\u00e7\u00e3o de substitui\u00e7\u00e3o de fen\u00f3is por modelagem molecular\/Estudo e desenvolvimento de uma rota para s\u00edntese de B-hidroxienduracididina<\/a><\/td>\n<td>Diego Rangel Cardoso Silva<\/td>\n<td>7\/1\/2016<\/td>\n<\/tr>\n<tr>\n<td><a href=\"https:\/\/sucupira.capes.gov.br\/sucupira\/public\/consultas\/coleta\/trabalhoConclusao\/viewTrabalhoConclusao.jsf?popup=true&amp;id_trabalho=3741142\" target=\"_blank\" rel=\"noopener noreferrer\">O ensino da f\u00edsica na perspectiva da educa\u00e7\u00e3o inclusiva: Uma atividade participativa<\/a><\/td>\n<td>Samara da Silva Morett Azevedo<\/td>\n<td>7\/12\/2016<\/td>\n<\/tr>\n<tr>\n<td><a href=\"https:\/\/sucupira.capes.gov.br\/sucupira\/public\/consultas\/coleta\/trabalhoConclusao\/viewTrabalhoConclusao.jsf?popup=true&amp;id_trabalho=3790605\" target=\"_blank\" rel=\"noopener noreferrer\">S\u00edntese, caracteriza\u00e7\u00e3o e prospec\u00e7\u00e3o da ativida antitumoral de compostos de coordena\u00e7\u00e3o de cobre (II) com ligantes N,O-doadores <\/a><\/td>\n<td>Wagner da Silva Terra<\/td>\n<td>8\/4\/2016<\/td>\n<\/tr>\n<tr>\n<td><a href=\"https:\/\/sucupira.capes.gov.br\/sucupira\/public\/consultas\/coleta\/trabalhoConclusao\/viewTrabalhoConclusao.jsf?popup=true&amp;id_trabalho=3847657\" target=\"_blank\" rel=\"noopener noreferrer\">S\u00edntese de novos derivados isoquinol\u00ednicos e sua avalia\u00e7\u00e3o init\u00f3ria da Quinase DYRK 1A para tratamento de defici\u00eancias cognitivas<\/a><\/td>\n<td>Marco Antonio Guimaraes Barbosa Gomes<\/td>\n<td>9\/28\/2016<\/td>\n<\/tr>\n<tr>\n<td><a href=\"https:\/\/sucupira.capes.gov.br\/sucupira\/public\/consultas\/coleta\/trabalhoConclusao\/viewTrabalhoConclusao.jsf?popup=true&amp;id_trabalho=3847672\" target=\"_blank\" rel=\"noopener noreferrer\">S\u00edntese, caracteriza\u00e7\u00e3o e avalia\u00e7\u00e3o da atividade de fosfatase de compostos de zinco contendo ligantes sim\u00e9tricos e n\u00e3o sim\u00e9tricos <\/a><\/td>\n<td>Luisa Lima Mendes<\/td>\n<td>10\/3\/2016<\/td>\n<\/tr>\n<tr>\n<td><a href=\"https:\/\/sucupira.capes.gov.br\/sucupira\/public\/consultas\/coleta\/trabalhoConclusao\/viewTrabalhoConclusao.jsf?popup=true&amp;id_trabalho=3847647\" target=\"_blank\" rel=\"noopener noreferrer\">Aplica\u00e7\u00e3o da espectrosopia fotoac\u00fastica no monitoramento de gases estufa liberados na compostagem (CH4 e N2O) e na quantifica\u00e7\u00e3o do fumigante SOF2<\/a><\/td>\n<td>Kariza Mayra Silva Minini<\/td>\n<td>10\/7\/2016<\/td>\n<\/tr>\n<tr>\n<td><a href=\"https:\/\/sucupira.capes.gov.br\/sucupira\/public\/consultas\/coleta\/trabalhoConclusao\/viewTrabalhoConclusao.jsf?popup=true&amp;id_trabalho=4873606\" target=\"_blank\" rel=\"noopener noreferrer\">Fotocat\u00e1lise heterog\u00eanea aplicada \u00e0 degrada\u00e7\u00e3o de etileno para conserva\u00e7\u00e3o de mam\u00e3o p\u00f3s-colheita.<\/a><\/td>\n<td>Ruth Evelyn Rocha de Souza Louren\u00e7o<\/td>\n<td>12\/20\/2016<\/td>\n<\/tr>\n<tr>\n<td><strong>T\u00edtulo<\/strong><\/td>\n<td><strong>Autor<\/strong><\/td>\n<td><strong>Data de Defesa<\/strong><\/td>\n<\/tr>\n<tr>\n<td><a href=\"https:\/\/sucupira.capes.gov.br\/sucupira\/public\/consultas\/coleta\/trabalhoConclusao\/viewTrabalhoConclusao.jsf?popup=true&amp;id_trabalho=2389809\" target=\"_blank\" rel=\"noopener noreferrer\">S\u00edntese, caracteriza\u00e7\u00e3o e avalia\u00e7\u00e3o da atividade citot\u00f3xica de compostos de coordena\u00e7\u00e3o de platina e zinco<\/a><\/td>\n<td>Rafaela Oliveira Moreira<\/td>\n<td>1\/23\/2015<\/td>\n<\/tr>\n<tr>\n<td><a href=\"https:\/\/sucupira.capes.gov.br\/sucupira\/public\/consultas\/coleta\/trabalhoConclusao\/viewTrabalhoConclusao.jsf?popup=true&amp;id_trabalho=2369283\" target=\"_blank\" rel=\"noopener noreferrer\">Reflex\u00f5es na forma\u00e7\u00e3o inicial de professores de F\u00edsica: avalia\u00e7\u00e3o da efic\u00e1cia do m\u00e9todo de estudos de estudos de caso para promover capacidades necess\u00e1rias \u00e0 pr\u00e1tica docente<\/a><\/td>\n<td>Cassiana Barreto Hygino Machado<\/td>\n<td>2\/3\/2015<\/td>\n<\/tr>\n<tr>\n<td><a href=\"https:\/\/sucupira.capes.gov.br\/sucupira\/public\/consultas\/coleta\/trabalhoConclusao\/viewTrabalhoConclusao.jsf?popup=true&amp;id_trabalho=2389796\" target=\"_blank\" rel=\"noopener noreferrer\">S\u00edntese de an\u00e1logos de capsaicin\u00f3ides<\/a><\/td>\n<td>Paula dos Santos Gon\u00e7alves<\/td>\n<td>3\/6\/2015<\/td>\n<\/tr>\n<tr>\n<td><a href=\"https:\/\/sucupira.capes.gov.br\/sucupira\/public\/consultas\/coleta\/trabalhoConclusao\/viewTrabalhoConclusao.jsf?popup=true&amp;id_trabalho=2371273\" target=\"_blank\" rel=\"noopener noreferrer\">Caracteriza\u00e7\u00e3o das propriedades t\u00e9rmicas de filmes finos e s\u00f3lidos homog\u00eaneos por radiometria fotot\u00e9rmica modulada no infravermelho<\/a><\/td>\n<td>Fl\u00e1vio Mota do Conto<\/td>\n<td>3\/17\/2015<\/td>\n<\/tr>\n<tr>\n<td><a href=\"https:\/\/sucupira.capes.gov.br\/sucupira\/public\/consultas\/coleta\/trabalhoConclusao\/viewTrabalhoConclusao.jsf?popup=true&amp;id_trabalho=2534665\" target=\"_blank\" rel=\"noopener noreferrer\">Fotocatalisadores de TiO2 sol gel suportados em polipropileno com filme de organossilicone depositado por plasma: fotoestabilidade e remedia\u00e7\u00e3o de formalde\u00eddo em fase gasosa<\/a><\/td>\n<td>Monique Seufitellis Curcio<\/td>\n<td>4\/30\/2015<\/td>\n<\/tr>\n<tr>\n<td><a href=\"https:\/\/sucupira.capes.gov.br\/sucupira\/public\/consultas\/coleta\/trabalhoConclusao\/viewTrabalhoConclusao.jsf?popup=true&amp;id_trabalho=2389830\">Constituintes qu\u00edmicos de <em>Trichilia hirta (MELIACEAE)<\/em><\/a><\/td>\n<td>Milena Gon\u00e7alves Curcino Vieira<\/td>\n<td>6\/23\/2015<\/td>\n<\/tr>\n<tr>\n<td><a href=\"https:\/\/sucupira.capes.gov.br\/sucupira\/public\/consultas\/coleta\/trabalhoConclusao\/viewTrabalhoConclusao.jsf?popup=true&amp;id_trabalho=2389833\" target=\"_blank\" rel=\"noopener noreferrer\">Estudo da qu\u00edmica e atividade biol\u00f3gica do l\u00edquen<em> Ramalina australiensis<\/em> (syn. Ramalina usnea L. Howe)<\/a><\/td>\n<td>Antonio S\u00e9rgio Nascimento Moreira<\/td>\n<td>7\/2\/2015<\/td>\n<\/tr>\n<tr>\n<td><a href=\"https:\/\/sucupira.capes.gov.br\/sucupira\/public\/consultas\/coleta\/trabalhoConclusao\/viewTrabalhoConclusao.jsf?popup=true&amp;id_trabalho=2389868\" target=\"_blank\" rel=\"noopener noreferrer\">Degrada\u00e7\u00e3o do paration met\u00edlico em diferentes matrizes aquosas: dados cin\u00e9ticos e rela\u00e7\u00e3o entre o aumento da toxicidade e a forma\u00e7\u00e3o do paraoxon met\u00edlico<\/a><\/td>\n<td>Thiago Moreira de Rezende Ara\u00fajo<\/td>\n<td>7\/20\/2015<\/td>\n<\/tr>\n<tr>\n<td><a href=\"https:\/\/sucupira.capes.gov.br\/sucupira\/public\/consultas\/coleta\/trabalhoConclusao\/viewTrabalhoConclusao.jsf?popup=true&amp;id_trabalho=2534580\" target=\"_blank\" rel=\"noopener noreferrer\">Estudo fitoqu\u00edmico de <em>Rauia nodosa E Spiranthera atlantica (RUTACEAE)<\/em> e avalia\u00e7\u00e3o da atividade anticancer\u00edgena dos extratos e constituintes qu\u00edmicos<\/a><\/td>\n<td>Michelle Rodrigues Rocha<\/td>\n<td>8\/5\/2015<\/td>\n<\/tr>\n<tr>\n<td><a href=\"https:\/\/sucupira.capes.gov.br\/sucupira\/public\/consultas\/coleta\/trabalhoConclusao\/viewTrabalhoConclusao.jsf?popup=true&amp;id_trabalho=2919226\" target=\"_blank\" rel=\"noopener noreferrer\">Constituintes Qu\u00edmicos das esp\u00e9cies <em>Simira sampaiona, Simira walteri, Simira pikia (RUBIACEAE)<\/em><\/a><\/td>\n<td>Vinicius Fernandes Moreira<\/td>\n<td>11\/19\/2015<\/td>\n<\/tr>\n<tr>\n<td><a href=\"https:\/\/sucupira.capes.gov.br\/sucupira\/public\/consultas\/coleta\/trabalhoConclusao\/viewTrabalhoConclusao.jsf?popup=true&amp;id_trabalho=2727423\" target=\"_blank\" rel=\"noopener noreferrer\">Determina\u00e7\u00e3o da Emiss\u00e3o de NH3 e N2O para solo alcalino com diferentes umidades e na presen\u00e7a da bact\u00e9ria Herbaspirillum Seropedicae utilizando um laser de cascata qu\u00e2ntica acoplado a uma c\u00e9lula fotoac\u00fastica<\/a><\/td>\n<td>Paulo S\u00e9rgio Gomes de Almeida J\u00fanior<\/td>\n<td>11\/27\/2015<\/td>\n<\/tr>\n<tr>\n<td><a href=\"https:\/\/sucupira.capes.gov.br\/sucupira\/public\/consultas\/coleta\/trabalhoConclusao\/viewTrabalhoConclusao.jsf?popup=true&amp;id_trabalho=2727423\" target=\"_blank\" rel=\"noopener noreferrer\">Uso de epis\u00f3dios da hist\u00f3ria da ci\u00eancia na forma\u00e7\u00e3o continuada de professores de f\u00edsica na modalidade Ensino \u00e0 Dist\u00e2ncia<\/a><\/td>\n<td>Edmundo Rodrigues J\u00fanior<\/td>\n<td>12\/2\/2015<\/td>\n<\/tr>\n<tr>\n<td><a href=\"https:\/\/sucupira.capes.gov.br\/sucupira\/public\/consultas\/coleta\/trabalhoConclusao\/viewTrabalhoConclusao.jsf?popup=true&amp;id_trabalho=2727499\" target=\"_blank\" rel=\"noopener noreferrer\">Estudo de emiss\u00f5es de gases estufa oriundos da queima em motores diesel e na queima de biomassa para a produ\u00e7\u00e3o do etanol<\/a><\/td>\n<td>Ge\u00f3rgia Amaral Moth\u00e9<\/td>\n<td>12\/10\/2015<\/td>\n<\/tr>\n<tr>\n<td><a href=\"https:\/\/sucupira.capes.gov.br\/sucupira\/public\/consultas\/coleta\/trabalhoConclusao\/viewTrabalhoConclusao.jsf?popup=true&amp;id_trabalho=2727394\" target=\"_blank\" rel=\"noopener noreferrer\">An\u00e1lise da estabilidade do biodiesel por meio de t\u00e9cnicas convencionais e n\u00e3o convencionais<\/a><\/td>\n<td>Wellington da Costa Silva<\/td>\n<td>12\/14\/2015<\/td>\n<\/tr>\n<tr>\n<td><strong>T\u00edtulo<\/strong><\/td>\n<td><strong>Autor<\/strong><\/td>\n<td><strong>Data de Defesa<\/strong><\/td>\n<\/tr>\n<tr>\n<td><a href=\"https:\/\/sucupira.capes.gov.br\/sucupira\/public\/consultas\/coleta\/trabalhoConclusao\/viewTrabalhoConclusao.jsf?popup=true&amp;id_trabalho=527484\">Estudos aplicados a Materiais L\u00edquidos e Pastosos Utilizando a Metodologia de Medidas Diel\u00e9tricas com Varia\u00e7\u00e3o de Temperatura<\/a><\/td>\n<td>Aline Batista Rangel<\/td>\n<td>3\/24\/2014<\/td>\n<\/tr>\n<tr>\n<td><a href=\"https:\/\/sucupira.capes.gov.br\/sucupira\/public\/consultas\/coleta\/trabalhoConclusao\/viewTrabalhoConclusao.jsf?popup=true&amp;id_trabalho=528383\">Aplica\u00e7\u00e3o da metodologia fotopiroel\u00e9trica e transmiss\u00e3o \u00f3ptica no estudo do comportamento t\u00e9rmico de biodiesel e \u00f3leos precursores<\/a><\/td>\n<td>Erick Barnab\u00e9 Zanelatol<\/td>\n<td>5\/12\/2014<\/td>\n<\/tr>\n<tr>\n<td><a href=\"https:\/\/sucupira.capes.gov.br\/sucupira\/public\/consultas\/coleta\/trabalhoConclusao\/viewTrabalhoConclusao.jsf?popup=true&amp;id_trabalho=161128\">Arqueometria em cer\u00e2micas ind\u00edgenas de tradi\u00e7\u00e3o una<\/a><\/td>\n<td>Giovana Maria Mangueira de Almeida<\/td>\n<td>3\/14\/2014<\/td>\n<\/tr>\n<tr>\n<td><a href=\"https:\/\/sucupira.capes.gov.br\/sucupira\/public\/consultas\/coleta\/trabalhoConclusao\/viewTrabalhoConclusao.jsf?popup=true&amp;id_trabalho=661761\">Montagem de um oscilador param\u00e9trico \u00f3ptico e detec\u00e7\u00e3o de am\u00f4nia utilizando um sensor fotac\u00fastico compact<\/a><\/td>\n<td>Guilherme Rodrigues Lima<\/td>\n<td>5\/8\/2014<\/td>\n<\/tr>\n<tr>\n<td><a href=\"https:\/\/sucupira.capes.gov.br\/sucupira\/public\/consultas\/coleta\/trabalhoConclusao\/viewTrabalhoConclusao.jsf?popup=true&amp;id_trabalho=531896\">Implanta\u00e7\u00e3o de ludotecas de qu\u00edmica para o Ensino M\u00e9dio em col\u00e9gios p\u00fablicos de Campos dos Goytacazes e regi\u00e3o<\/a><\/td>\n<td>Larissa Code\u00e7o Crespo<\/td>\n<td>3\/14\/2014<\/td>\n<\/tr>\n<tr>\n<td><a href=\"https:\/\/sucupira.capes.gov.br\/sucupira\/public\/consultas\/coleta\/trabalhoConclusao\/viewTrabalhoConclusao.jsf?popup=true&amp;id_trabalho=532836\">Desenvolvimento de um framework para trabalho colaborativo em grupos de pesquisa<\/a><\/td>\n<td>Roberta Braga Torres<\/td>\n<td>3\/19\/2014<\/td>\n<\/tr>\n<tr>\n<td><a href=\"https:\/\/sucupira.capes.gov.br\/sucupira\/public\/consultas\/coleta\/trabalhoConclusao\/viewTrabalhoConclusao.jsf?popup=true&amp;id_trabalho=1311724\">S\u00edntese e Caracteriza\u00e7\u00e3o de vidros e f\u00f3sforos do sistema b\u00e1rio-aluminato de c\u00e1lcio dopados com Eu2O3<\/a><\/td>\n<td>Silvia M\u00e1rcia Barreto Peixoto<\/td>\n<td>6\/25\/2014<\/td>\n<\/tr>\n<tr>\n<td><strong>T\u00edtulo<\/strong><\/td>\n<td><strong>Autor<\/strong><\/td>\n<td><strong>Data de Defesa<\/strong><\/td>\n<\/tr>\n<tr>\n<td><a href=\"https:\/\/sucupira.capes.gov.br\/sucupira\/public\/consultas\/coleta\/trabalhoConclusao\/viewTrabalhoConclusao.jsf?popup=true&amp;id_trabalho=160784\" target=\"_blank\" rel=\"noopener noreferrer\">Detec\u00e7\u00e3o de gases poluenntes e avalia\u00e7\u00e3o das propriedades t\u00e9rmicas e reol\u00f3gicas das misturas bin\u00e1rias (diesel e biodiesel)<\/a><\/td>\n<td>Aline Martins Rocha Crespo<\/td>\n<td>5\/22\/2013<\/td>\n<\/tr>\n<tr>\n<td><a href=\"https:\/\/sucupira.capes.gov.br\/sucupira\/public\/consultas\/coleta\/trabalhoConclusao\/viewTrabalhoConclusao.jsf?popup=true&amp;id_trabalho=160856\" target=\"_blank\" rel=\"noopener noreferrer\">S\u00edntese, carcteriza\u00e7\u00e3o e avalia\u00e7\u00e3o da atividade antineoplasm\u00e1tica de complexos de cobre e zinco frente a c\u00e9lulas leuc\u00eamicas e melan\u00f4micas<\/a><\/td>\n<td>Franz Viana Borges<\/td>\n<td>5\/8\/2013<\/td>\n<\/tr>\n<tr>\n<td><a href=\"https:\/\/sucupira.capes.gov.br\/sucupira\/public\/consultas\/coleta\/trabalhoConclusao\/viewTrabalhoConclusao.jsf?popup=true&amp;id_trabalho=160803\" target=\"_blank\" rel=\"noopener noreferrer\">Constituintes qu\u00edmicos de <em>Aspidosperma desmanthum e A. cylindrocarpon (Apocynaceae)<\/em>: Elucida\u00e7\u00e3o estrutural e atividade biol\u00f3gica<\/a><\/td>\n<td>Heloisa Alves Guimar\u00e3es<\/td>\n<td>4\/29\/2013<\/td>\n<\/tr>\n<tr>\n<td><a href=\"https:\/\/sucupira.capes.gov.br\/sucupira\/public\/consultas\/coleta\/trabalhoConclusao\/viewTrabalhoConclusao.jsf?popup=true&amp;id_trabalho=161119\" target=\"_blank\" rel=\"noopener noreferrer\">Avalia\u00e7\u00e3o dos Impactos na Utiliza\u00e7\u00e3o do Etanol: Energia, Ecologia e Economia<\/a><\/td>\n<td>Juliana Rocha Tavares<\/td>\n<td>12\/5\/2013<\/td>\n<\/tr>\n<tr>\n<td><a href=\"https:\/\/sucupira.capes.gov.br\/sucupira\/public\/consultas\/coleta\/trabalhoConclusao\/viewTrabalhoConclusao.jsf?popup=true&amp;id_trabalho=160919\" target=\"_blank\" rel=\"noopener noreferrer\">Aplica\u00e7\u00e3o de PCA e PLS na metabolomica e redu\u00e7\u00e3o autom\u00e1tica de espectros de RWN para dados<\/a><\/td>\n<td>Marcilene de F\u00e1tima Dianin Vianna<\/td>\n<td>5\/14\/2013<\/td>\n<\/tr>\n<tr>\n<td><a href=\"https:\/\/sucupira.capes.gov.br\/sucupira\/public\/consultas\/coleta\/trabalhoConclusao\/viewTrabalhoConclusao.jsf?popup=true&amp;id_trabalho=160947\" target=\"_blank\" rel=\"noopener noreferrer\">S\u00edntese de catalisadores heterog\u00eaneos de ferro ancorados e s\u00edlica aplicados \u00e0 oxida\u00e7\u00e3o de hidrocarbonetos<\/a><\/td>\n<td>Sarah da Silva Ferreira<\/td>\n<td>3\/12\/2013<\/td>\n<\/tr>\n<tr>\n<td><a href=\"https:\/\/sucupira.capes.gov.br\/sucupira\/public\/consultas\/coleta\/trabalhoConclusao\/viewTrabalhoConclusao.jsf?popup=true&amp;id_trabalho=533388\" target=\"_blank\" rel=\"noopener noreferrer\">Estudo qu\u00edmico da esp\u00e9cie <em>Trichilia quadrijuga<\/em> e abordagem qu\u00edmico-biol\u00f3gica da planta medicinal <em>Cajanus cajan<\/em><\/a><\/td>\n<td>Virginia Freitas Rodrigues<\/td>\n<td>6\/7\/2013<\/td>\n<\/tr>\n<\/tbody>\n<\/table>\n","protected":false},"excerpt":{"rendered":"<p>Acesse teses mais antigas 2017 2016 2015 2014 2013 T\u00edtulo Autor Data de Defesa Ocorr\u00eancia de Compostos Org\u00e2nicos Emergentes (COE)&#8230;<\/p>\n","protected":false},"author":10,"featured_media":0,"parent":6,"menu_order":92,"comment_status":"closed","ping_status":"closed","template":"","meta":{"footnotes":""},"class_list":["post-1706","page","type-page","status-publish","hentry"],"_links":{"self":[{"href":"https:\/\/uenf.br\/posgraduacao\/ciencias-naturais\/wp-json\/wp\/v2\/pages\/1706","targetHints":{"allow":["GET"]}}],"collection":[{"href":"https:\/\/uenf.br\/posgraduacao\/ciencias-naturais\/wp-json\/wp\/v2\/pages"}],"about":[{"href":"https:\/\/uenf.br\/posgraduacao\/ciencias-naturais\/wp-json\/wp\/v2\/types\/page"}],"author":[{"embeddable":true,"href":"https:\/\/uenf.br\/posgraduacao\/ciencias-naturais\/wp-json\/wp\/v2\/users\/10"}],"replies":[{"embeddable":true,"href":"https:\/\/uenf.br\/posgraduacao\/ciencias-naturais\/wp-json\/wp\/v2\/comments?post=1706"}],"version-history":[{"count":0,"href":"https:\/\/uenf.br\/posgraduacao\/ciencias-naturais\/wp-json\/wp\/v2\/pages\/1706\/revisions"}],"up":[{"embeddable":true,"href":"https:\/\/uenf.br\/posgraduacao\/ciencias-naturais\/wp-json\/wp\/v2\/pages\/6"}],"wp:attachment":[{"href":"https:\/\/uenf.br\/posgraduacao\/ciencias-naturais\/wp-json\/wp\/v2\/media?parent=1706"}],"curies":[{"name":"wp","href":"https:\/\/api.w.org\/{rel}","templated":true}]}}