{"id":1738,"date":"2017-06-11T19:24:58","date_gmt":"2017-06-11T19:24:58","guid":{"rendered":"http:\/\/uenf.br\/posgraduacao\/ciencias-naturais\/?page_id=1738"},"modified":"2022-09-03T19:26:50","modified_gmt":"2022-09-03T19:26:50","slug":"environmental-sciences","status":"publish","type":"page","link":"https:\/\/uenf.br\/posgraduacao\/ciencias-naturais\/research-area\/environmental-sciences\/","title":{"rendered":"Environmental Sciences"},"content":{"rendered":"<h3><a href=\"http:\/\/uenf.br\/posgraduacao\/ciencias-naturais\/wp-content\/uploads\/sites\/4\/2014\/07\/2014-07-24-11.46.12.jpg\"><img loading=\"lazy\" decoding=\"async\" class=\"aligncenter wp-image-395 \" src=\"http:\/\/uenf.br\/posgraduacao\/ciencias-naturais\/wp-content\/uploads\/sites\/4\/2014\/07\/2014-07-24-11.46.12.jpg\" alt=\"2014-07-24 11.46.12\" width=\"809\" height=\"119\" \/><\/a><\/h3>\n<p>Development of methods and new technologies aiming at the monitoring, control and remediation of environmental pollutants. Studies on processes, transformations and evolution of contaminants in the environment as well as acquisition, treatment and modelling of environmental data.<\/p>\n<p>The following surveys stand out in this line:<\/p>\n<p>1) Metabolic studies<br \/>\n2) Analysis of contaminants in natural and treated waters<br \/>\n3) Control of atmospheric pollution and emission of gases with potential greenhouse or not in outdoor and indoor environments;<br \/>\n4) Research on renewable fuels, their applications and atmospheric emissions;<br \/>\n5) Application of renewable energies for decontamination of atmospheres and waters.<br \/>\n6) Bioremediation for organic and inorganic compounds.<\/p>\n<h3><span style=\"font-weight: bold\">ADVISORS IN ENVIRONMENTAL SCIENCES RESEARCH LINE<\/span><\/h3>\n<div id=\"materiaPrincipal\">\n<p>__________________________________________________________________<\/p>\n<h3><a href=\"http:\/\/lattes.cnpq.br\/5657929114457821\" target=\"_blank\" rel=\"noopener\">Alexandre Moura Stumbo<\/a> &#8211; stumbo@uenf.br<\/h3>\n<\/div>\n<p>Associate Professor &#8211; LCQUI\/CCT\/UENF<br \/>\nAccreditation CAPES: Collaborator<br \/>\nLines of Research: Environmental Science\/Materials Science and Technology<br \/>\nDoctorate in Applied Natural Sciences (1996)<br \/>\nUniversit\u00e9 Catholique de Louvain, U.C.L., Belgium<\/p>\n<div>\n<p>_________________________________________________________________<\/p>\n<div>\n<h3><a href=\"http:\/\/lattes.cnpq.br\/5000910174037991\" target=\"_blank\" rel=\"noopener\">Aline Chaves Intorne<\/a> &#8211; aline.intorne@ifrj.edu.br<\/h3>\n<p id=\"materiaPrincipal\">Associate Professor- IFRJ\/Volta Redonda<br \/>\nAccreditation CAPES: Collaborator<br \/>\nLines of Research: Environmental Science\/Science Education<br \/>\nDoctorate in Bioscience and Biotechnology (2012)<br \/>\nUniversidade Estadual do Norte Fluminense Darcy Ribeiro &#8211; UENF\/RJ<br \/>\n_________________________________________________________________<\/p>\n<\/div>\n<\/div>\n<div>\n<div class=\"layout-cell layout-cell-12 moldal-iframe modal-body\">\n<div class=\"layout-cell-pad-main conteudo\">\n<div class=\"layout-cell layout-cell-9\">\n<div class=\"layout-cell-pad\">\n<div class=\"layout-cell layout-cell-12\">\n<div class=\"layout-cell-pad\">\n<div>\n<h3><a href=\"http:\/\/lattes.cnpq.br\/0864372376177243\" target=\"_blank\" rel=\"noopener\">Cibele Maria Stivanin de Almeida<\/a>\u00a0 &#8211; cibele.uenf@gmail.com<\/h3>\n<p>Associate Professor &#8211; LCQUI\/CCT\/UENF<br \/>\nAccreditation CAPES: Permanent<br \/>\nLines of Research: Environmental Science<br \/>\nDoctorate in Chemistry (2012)<br \/>\nPontif\u00edcia Universidade Cat\u00f3lica do Rio de Janeiro &#8211; PUC\/RJ<br \/>\n_________________________________________________________________<\/p>\n<\/div>\n<\/div>\n<\/div>\n<\/div>\n<\/div>\n<\/div>\n<\/div>\n<h3><strong><a href=\"http:\/\/lattes.cnpq.br\/1517641534499568\" target=\"_blank\" rel=\"noopener\">Eliane Barbosa Santos<\/a> &#8211; elianebs@uenf.br<\/strong><\/h3>\n<p>Associate Professor &#8211; LAMET\/CCT\/UENF<br \/>\nAccreditation CAPES: Collaborator<br \/>\nLines of Research: Environmental Science<br \/>\nDoctorate in Climate Science (2015)<br \/>\nUniversidade Federal do Rio Grande do Norte, UFRN\/RN<br \/>\n_________________________________________________________________<\/p>\n<h3><a href=\"http:\/\/lattes.cnpq.br\/5033930756866717\" target=\"_blank\" rel=\"noopener\">Jan Schripsema<\/a> &#8211; LCQUI &#8211; CCT &#8211; jan@uenf.br<\/h3>\n<p>Full Professor &#8211; LCQUI\/CCT\/UENF<br \/>\nAccreditation CAPES: Permanent<br \/>\nLines of Research: Bioorganic and Bioinorganic\/Environmental Science\/Science Education<br \/>\nPostdoctorate: Technical University of Denmark, DTU, Denmark (1994-1996)<br \/>\nPostdoctorateo: Rijksuniversiteit Leiden, RUL, Holland (1988-1994)<br \/>\nDoctorate in Mathematics and Natural Sciences (1988)<br \/>\nRijksuniversiteit Leiden, RUL, Holland<br \/>\n_________________________________________________________________<\/p>\n<h3><a href=\"http:\/\/lattes.cnpq.br\/2386398242050923\" target=\"_blank\" rel=\"noopener\">Jefferson Rodrigues de Souza<\/a> &#8211; jefferson@uenf.br<\/h3>\n<p>Associate Professor- LCQUI\/CCT\/UENF<br \/>\nAccreditation CAPES: Collaborator<br \/>\nLines of Research: Environmental Science<br \/>\nDoctorate in Chenistry (2017)<br \/>\nPontif\u00edcia Universidade Cat\u00f3lica do Rio de Janeiro, PUC\/RJ<br \/>\n_________________________________________________________________<\/p>\n<\/div>\n<div>\n<h3><a href=\"http:\/\/buscatextual.cnpq.br\/buscatextual\/visualizacv.do?id=K4131145H6\" target=\"_blank\" rel=\"noopener\">Leonardo Mota de Oliveira<\/a> &#8211; mota@uenf.br<\/h3>\n<p>Associate Professor &#8211; LCFIS\/CCT\/UENF<br \/>\nAccreditation CAPES: Collaborator<br \/>\nLines of Research: Environmental Science\/Materials Science and Technology<br \/>\nDoctorate in Natural Sciences\u00a0 (2012)<br \/>\nUniversidade Estadual do Norte Fluminense Darcy Ribeiro, UENF\/RJ<br \/>\n(Sandwich period at Fraunhofer Institut f\u00fcr Bauphysik, Stuttgart, Germany)<br \/>\nPersonal Website: <a href=\"https:\/\/mota351.wixsite.com\/my-site\" target=\"_blank\" rel=\"noopener\">https:\/\/mota351.wixsite.com\/my-site<\/a><\/p>\n<p>_________________________________________________________________<\/p>\n<\/div>\n<h3><a href=\"http:\/\/lattes.cnpq.br\/0553046070876845\" target=\"_blank\" rel=\"noopener\">Marcelo Gomes da Silva<\/a>\u00a0 &#8211;\u00a0 \u00a0mgs@uenf.br<\/h3>\n<p>Full Professor &#8211; LCFIS\/CCT\/UENF<br \/>\nAccreditation CAPES: Permanent<br \/>\nLines of Research: Environmental Science\/Materials Science and Technology<br \/>\nPostdoctorate: Universitaet Heidelberg (Ruprecht-Karls), Germany (2004)<br \/>\nDoctorate in Physiscs (1996)<br \/>\nUniversitaet Wuerzburg, Germany<br \/>\n_________________________________________________________________<\/p>\n<h3>\u00a0<a href=\"http:\/\/lattes.cnpq.br\/9501907577020110\" target=\"_blank\" rel=\"noopener\">Marcelo Silva Sthel<\/a> &#8211; sthel@uenf.br<\/h3>\n<div>\n<p>Associate Professor &#8211; LCFIS\/CCT\/UENF<br \/>\nAccreditation CAPES: Permanent<br \/>\nLines of Research: Environmental Science\/Materials Science and Technology<br \/>\nDoctorate in Science (Physics) (1991)<br \/>\nUniversidade Estadual de Campinas, UNICAMP\/SP<br \/>\n_________________________________________________________________<\/p>\n<h3><a href=\"http:\/\/lattes.cnpq.br\/0089739298242263\" target=\"_blank\" rel=\"noopener\">Maria Cristina Canela<\/a>\u00a0 &#8211; mccanela@uenf.br<\/h3>\n<p>Full Professor &#8211; LCQUI\/CCT\/UENF<br \/>\nAccreditation CAPES: Permanent<br \/>\nLines of Research: Environmental Science\/Materials Science and Technology\/Science Education<br \/>\nDoctorate in Science (Chemistry) (1999)<br \/>\nUniversidade Estadual de Campinas, UNICAMP\/SP<br \/>\n_________________________________________________________________<\/p>\n<h3><a href=\"http:\/\/lattes.cnpq.br\/2019663762572783\" target=\"_blank\" rel=\"noopener\">Maria Priscila Pessanha de Castro<\/a>\u00a0 &#8211; mariapriscila@uenf.br<\/h3>\n<p>Associate Professor &#8211; LCFIS\/CCT\/UENF<br \/>\nAccreditation CAPES: Permanent<br \/>\nLines of Research: Environmental Science\/Science Education<br \/>\nPostdoctorate: Radboud University Nijmegen, Holland (2011-2012)<br \/>\nDoctorate in Science (Physics) (2001)<br \/>\nUniversidade Estadual de Campinas, UNICAMP\/SP<br \/>\n_________________________________________________________________<\/p>\n<\/div>\n<h3><a href=\"http:\/\/lattes.cnpq.br\/1832643912229312\" target=\"_blank\" rel=\"noopener\">Murilo de Oliveira Souza<\/a> &#8211; m.quimic@gmail.com<\/h3>\n<p>Associate Professor &#8211; IFF (Campus Itaperuna)<br \/>\nAccreditation CAPES: Collaborator<br \/>\nLines of Research: Environmental Science<br \/>\nDoctorate in Natural Sciences\u00a0 (2021)<br \/>\nUniversidade Estadual do Norte Fluminense Darcy Ribeiro, UENF\/RJ<br \/>\n(Sandu\u00edche CIEMAT &#8211; Madri-ES)<br \/>\n_________________________________________________________________<\/p>\n<h3><a href=\"http:\/\/lattes.cnpq.br\/5208824640229110\" target=\"_blank\" rel=\"noopener\">Roberto Weider de Assis Franco<\/a> &#8211; franco@uenf.br<\/h3>\n<p>Associate Professor &#8211; LCFIS\/CCT\/UENF<br \/>\nAccreditation CAPES: Permanent<br \/>\nLines of Research: Environmental Science\/Materials Science and Technology\/Science Education<br \/>\nPostdoctorate: Universidade de S\u00e3o Paulo, USP &#8211; S\u00e3o Carlos<br \/>\nPostdoctorate: Embrapa Instrumenta\u00e7\u00e3o Agropecu\u00e1ria;<br \/>\nDoctorate in Sceince (Appied Physics) 1999<br \/>\nUniversidade de S\u00e3o Paulo, USP &#8211; S\u00e3o Carlos\/SP<br \/>\n_________________________________________________________________<\/p>\n<h3><a href=\"http:\/\/buscatextual.cnpq.br\/buscatextual\/visualizacv.do?metodo=apresentar&amp;id=K4784533J8\" target=\"_blank\" rel=\"noopener\">Sergio Luis Cardoso<\/a> &#8211; cardoso@uenf.br<\/h3>\n<p>Associate Professor &#8211; LCQUI\/CCT\/UENF<br \/>\nAccreditation CAPES: Permanent<br \/>\nLines of Research: Environmental Science\/Materials Science and Technology\/Science Education<br \/>\nDoctorate in Science (Chemistry) (1995)<br \/>\nUniversidade Federal do Rio de Janeiro, UFRJ\/RJ<br \/>\n(Sandwish at Arizona State University &#8211; USA)<br \/>\n_________________________________________________________________<\/p>\n<h3><a href=\"http:\/\/lattes.cnpq.br\/3297119174137803\" target=\"_blank\" rel=\"noopener\">Thiago Moreira de Rezende Ara\u00fajo<\/a> &#8211; thiago@gmail.com<\/h3>\n<p>Associate Professor- IFF (Campus Campos dos Goytacazes)<br \/>\nCredenciamento CAPES: Colaborador<br \/>\nLines of Research: Environmental Science<br \/>\nDoctorate in Natural Sciences (2015)<br \/>\nUniversidade Estadual do Norte Fluminense Darcy Ribeiro, UENF\/RJ<br \/>\n_________________________________________________________________<\/p>\n<h3><a href=\"http:\/\/lattes.cnpq.br\/7775566747895072\" target=\"_blank\" rel=\"noopener\">Victor Haber P\u00e9rez <\/a>&#8211; victorhaberperez@gmail.com<\/h3>\n<p>Associate Professor &#8211; LTA\/CCTA\/UENF<br \/>\nAccreditation CAPES: Permanent<br \/>\nLines of Research: Environmental Science<br \/>\nP\u00f3s-doutorado: Washington State University, USA (2012-2013)<br \/>\nDoctorate in Chemical Engineering (2002)<br \/>\nUniversidade Estadual de Campinas, UNICAMP\/SP<br \/>\n_________________________________________________________________<\/p>\n","protected":false},"excerpt":{"rendered":"<p>Development of methods and new technologies aiming at the monitoring, control and remediation of environmental pollutants. Studies on processes, transformations&#8230;<\/p>\n","protected":false},"author":10,"featured_media":0,"parent":1664,"menu_order":12,"comment_status":"closed","ping_status":"closed","template":"","meta":{"footnotes":""},"class_list":["post-1738","page","type-page","status-publish","hentry"],"_links":{"self":[{"href":"https:\/\/uenf.br\/posgraduacao\/ciencias-naturais\/wp-json\/wp\/v2\/pages\/1738","targetHints":{"allow":["GET"]}}],"collection":[{"href":"https:\/\/uenf.br\/posgraduacao\/ciencias-naturais\/wp-json\/wp\/v2\/pages"}],"about":[{"href":"https:\/\/uenf.br\/posgraduacao\/ciencias-naturais\/wp-json\/wp\/v2\/types\/page"}],"author":[{"embeddable":true,"href":"https:\/\/uenf.br\/posgraduacao\/ciencias-naturais\/wp-json\/wp\/v2\/users\/10"}],"replies":[{"embeddable":true,"href":"https:\/\/uenf.br\/posgraduacao\/ciencias-naturais\/wp-json\/wp\/v2\/comments?post=1738"}],"version-history":[{"count":0,"href":"https:\/\/uenf.br\/posgraduacao\/ciencias-naturais\/wp-json\/wp\/v2\/pages\/1738\/revisions"}],"up":[{"embeddable":true,"href":"https:\/\/uenf.br\/posgraduacao\/ciencias-naturais\/wp-json\/wp\/v2\/pages\/1664"}],"wp:attachment":[{"href":"https:\/\/uenf.br\/posgraduacao\/ciencias-naturais\/wp-json\/wp\/v2\/media?parent=1738"}],"curies":[{"name":"wp","href":"https:\/\/api.w.org\/{rel}","templated":true}]}}