{"id":1745,"date":"2017-06-11T19:38:31","date_gmt":"2017-06-11T19:38:31","guid":{"rendered":"http:\/\/uenf.br\/posgraduacao\/ciencias-naturais\/?page_id=1745"},"modified":"2022-09-03T19:28:57","modified_gmt":"2022-09-03T19:28:57","slug":"ciencias-ambientales","status":"publish","type":"page","link":"https:\/\/uenf.br\/posgraduacao\/ciencias-naturais\/lineas-de-investigacion\/ciencias-ambientales\/","title":{"rendered":"Ciencias Ambientales"},"content":{"rendered":"<h3><a href=\"http:\/\/uenf.br\/posgraduacao\/ciencias-naturais\/wp-content\/uploads\/sites\/4\/2014\/07\/2014-07-24-11.46.12.jpg\"><img loading=\"lazy\" decoding=\"async\" class=\"aligncenter wp-image-395 \" src=\"http:\/\/uenf.br\/posgraduacao\/ciencias-naturais\/wp-content\/uploads\/sites\/4\/2014\/07\/2014-07-24-11.46.12.jpg\" alt=\"2014-07-24 11.46.12\" width=\"809\" height=\"119\" \/><\/a><\/h3>\n<p style=\"text-align: center\">Costa Norte Fluminense-Campos-Maca\u00e9.<\/p>\n<p>La l\u00ednea de investigaci\u00f3n en Ciencias Ambientales busca desarrollar m\u00e9todos y nuevas tecnolog\u00edas dirigidas al seguimiento, control de contaminantes en el ambiente y procesos de remediaci\u00f3n y bioremediaci\u00f3n. Adem\u00e1s, estudios sobre procesos, transformaciones y evoluciones de contaminantes en el ambiente.<br \/>\nSe destacan en esta l\u00ednea, los siguientes temas:<br \/>\n1) Estudios en metabolomica<br \/>\n2) An\u00e1lisis de contaminantes en aguas naturales y tratadas<br \/>\n3) Control de contaminaci\u00f3n atmosf\u00e9rica y emisi\u00f3n de gases con potencial invernadero o no en ambientes externos e internos;<br \/>\n4) investigaciones en combustibles renovables, sus aplicaciones y emisiones atmosf\u00e9ricas;<br \/>\n5) Aplicaci\u00f3n de energ\u00edas renovables para descontaminaci\u00f3n de atm\u00f3sferas y aguas.<br \/>\n6) Biorremediaci\u00f3n de compuestos org\u00e1nicos e inorg\u00e1nicos<\/p>\n<h3><span style=\"font-weight: bold\"><strong>ORIENTADORES DE LA LINEA DE INVESTIGACION CIENCIAS AMBIENTALES<br \/>\n<\/strong><\/span><\/h3>\n<div id=\"materiaPrincipal\">\n<p>__________________________________________________________________<\/p>\n<h3><a href=\"http:\/\/lattes.cnpq.br\/5657929114457821\" target=\"_blank\" rel=\"noopener\">Alexandre Moura Stumbo<\/a> &#8211; stumbo@uenf.br<\/h3>\n<\/div>\n<p>Professor Associado &#8211; LCQUI\/CCT\/UENF<br \/>\nCredenciamento CAPES: Colaborador<br \/>\nLinhas de pesquisa: Ciencias Ambientales\/Ciencia y Tecnolog\u00eda de Materiales<br \/>\nDoutorado em Ci\u00eancias Naturais Aplicadas (1996)<br \/>\nUniversit\u00e9 Catholique de Louvain, U.C.L., B\u00e9lgica<\/p>\n<div>\n<p>_________________________________________________________________<\/p>\n<div>\n<h3><a href=\"http:\/\/lattes.cnpq.br\/5000910174037991\" target=\"_blank\" rel=\"noopener\">Aline Chaves Intorne<\/a> &#8211; aline.intorne@ifrj.edu.br<\/h3>\n<p id=\"materiaPrincipal\">Professora &#8211; IFRJ\/Volta Redonda<br \/>\nCredenciamento CAPES: Colaborador<br \/>\nLinhas de pesquisa: Ciencias Ambientales\/Ense\u00f1anza de las Ciencias<br \/>\nDoutorado em Bioc\u00eancias e Biotecnologia (2012)<br \/>\nUniversidade Estadual do Norte Fluminense Darcy Ribeiro &#8211; UENF\/RJ<br \/>\n_________________________________________________________________<\/p>\n<\/div>\n<\/div>\n<div>\n<div class=\"layout-cell layout-cell-12 moldal-iframe modal-body\">\n<div class=\"layout-cell-pad-main conteudo\">\n<div class=\"layout-cell layout-cell-9\">\n<div class=\"layout-cell-pad\">\n<div class=\"layout-cell layout-cell-12\">\n<div class=\"layout-cell-pad\">\n<div>\n<h3><a href=\"http:\/\/lattes.cnpq.br\/0864372376177243\" target=\"_blank\" rel=\"noopener\">Cibele Maria Stivanin de Almeida<\/a>\u00a0 &#8211; cibele.uenf@gmail.com<\/h3>\n<p>Professora Associada &#8211; LCQUI\/CCT\/UENF<br \/>\nCredenciamento CAPES: Permanente<br \/>\nLinhas de Pesquisa: Ciencias Ambientales<br \/>\nDoutorado em Qu\u00edmica (2012)<br \/>\nPontif\u00edcia Universidade Cat\u00f3lica do Rio de Janeiro &#8211; PUC\/RJ<br \/>\n_________________________________________________________________<\/p>\n<\/div>\n<\/div>\n<\/div>\n<\/div>\n<\/div>\n<\/div>\n<\/div>\n<h3><strong><a href=\"http:\/\/lattes.cnpq.br\/1517641534499568\" target=\"_blank\" rel=\"noopener\">Eliane Barbosa Santos<\/a> &#8211; elianebs@uenf.br<\/strong><\/h3>\n<p>Professora Associada &#8211; LAMET\/CCT\/UENF<br \/>\nCredenciamento CAPES: Colaborador<br \/>\nLinhas de Pesquisa: Ciencias Ambientales<br \/>\nDoutorado em Ci\u00eancias Clim\u00e1ticas (2015)<br \/>\nUniversidade Federal do Rio Grande do Norte &#8211; UFRN\/RN<br \/>\n_________________________________________________________________<\/p>\n<h3><a href=\"http:\/\/lattes.cnpq.br\/5033930756866717\" target=\"_blank\" rel=\"noopener\">Jan Schripsema<\/a> &#8211; LCQUI &#8211; CCT &#8211; jan@uenf.br<\/h3>\n<p>Professor Titular &#8211; LCQUI\/CCT\/UENF<br \/>\nCredenciamento CAPES: Permanente<br \/>\nLinhas de Pesquisa: Bio-org\u00e1nica y bio-inorg\u00e1nica\/Ciencias Ambientales\/Ense\u00f1anza de las Ciencias<br \/>\nP\u00f3s-doutorado: Technical University of Denmark, DTU, Dinamarca. (1994-1996)<br \/>\nP\u00f3s-doutorado: Rijksuniversiteit Leiden, RUL, Holanda (1988-1994)<br \/>\nDoutorado em Ci\u00eancias Naturais e Matem\u00e1tica (1988)<br \/>\nRijksuniversiteit Leiden, RUL, Holanda<br \/>\n_________________________________________________________________<\/p>\n<h3><a href=\"http:\/\/lattes.cnpq.br\/2386398242050923\" target=\"_blank\" rel=\"noopener\">Jefferson Rodrigues de Souza<\/a> &#8211; jefferson@uenf.br<\/h3>\n<p>Professor Associado- LCQUI\/CCT\/UENF<br \/>\nCredenciamento CAPES: Colaborador<br \/>\nLinhas de Pesquisa: Ciencias Ambientales<br \/>\nDoutorado em Qu\u00edmica (2017)<br \/>\nPontif\u00edcia Universidade Cat\u00f3lica do Rio de Janeiro &#8211; PUC\/RJ<br \/>\n_________________________________________________________________<\/p>\n<\/div>\n<div>\n<h3><a href=\"http:\/\/buscatextual.cnpq.br\/buscatextual\/visualizacv.do?id=K4131145H6\" target=\"_blank\" rel=\"noopener\">Leonardo Mota de Oliveira<\/a> &#8211; mota@uenf.br<\/h3>\n<p>Professor Associado &#8211; LCFIS\/CCT\/UENF<br \/>\nCredenciamento CAPES: Colaborador<br \/>\nLinhas de Pesquisa: Ciencias Ambientales\/Ciencia y Tecnolog\u00eda de Materiales<br \/>\nDoutorado em Ci\u00eancias Naturais\u00a0 (2012)<br \/>\nUniversidade Estadual do Norte Fluminense Darcy Ribeiro &#8211; UENF\/RJ<br \/>\n(Per\u00edodo sandu\u00edche no Fraunhofer Institut f\u00fcr Bauphysik, Stuttgart, Alemanha)<br \/>\nP\u00e1gina eletr\u00f4nica: <a href=\"https:\/\/mota351.wixsite.com\/my-site\" target=\"_blank\" rel=\"noopener\">https:\/\/mota351.wixsite.com\/my-site<\/a><\/p>\n<p>_________________________________________________________________<\/p>\n<\/div>\n<h3><a href=\"http:\/\/lattes.cnpq.br\/0553046070876845\" target=\"_blank\" rel=\"noopener\">Marcelo Gomes da Silva<\/a>\u00a0 &#8211;\u00a0 \u00a0mgs@uenf.br<\/h3>\n<p>Professor Titular &#8211; LCFIS\/CCT\/UENF<br \/>\nCredenciamento CAPES: Permanente<br \/>\nLinhas de Pesquisa: Ciencias Ambientales\/Ciencia y Tecnolog\u00eda de Materiales<br \/>\nP\u00f3s-doutorado: Universitaet Heidelberg (Ruprecht-Karls), Alemanha (2004)<br \/>\nDoutorado em F\u00edsica (1996)<br \/>\nUniversitaet Wuerzburg, Alemanha<br \/>\n_________________________________________________________________<\/p>\n<h3>\u00a0<a href=\"http:\/\/lattes.cnpq.br\/9501907577020110\" target=\"_blank\" rel=\"noopener\">Marcelo Silva Sthel<\/a> &#8211; sthel@uenf.br<\/h3>\n<div>\n<p>Professor Associado &#8211; LCFIS\/CCT\/UENF<br \/>\nCredenciamento CAPES: Permanente<br \/>\nLinhas de Pesquisa: Ciencias Ambientales\/Ciencia y Tecnolog\u00eda de Materiales<br \/>\nDoutorado em Ci\u00eancias (1991)<br \/>\nUniversidade Estadual de Campinas &#8211; UNICAMP\/SP<br \/>\n_________________________________________________________________<\/p>\n<h3><a href=\"http:\/\/lattes.cnpq.br\/0089739298242263\" target=\"_blank\" rel=\"noopener\">Maria Cristina Canela<\/a>\u00a0 &#8211; mccanela@uenf.br<\/h3>\n<p>Professora Titular &#8211; LCQUI\/CCT\/UENF<br \/>\nCredenciamento CAPES: Permanente<br \/>\nLinhas de Pesquisa: Ciencias Ambientales\/Ciencia y Tecnolog\u00eda de Materiales\/Ense\u00f1anza de las Ciencias<br \/>\nDoutorado em Ci\u00eancias (1999)<br \/>\nUniversidade Estadual de Campinas &#8211; UNICAMP\/SP<br \/>\n_________________________________________________________________<\/p>\n<h3><a href=\"http:\/\/lattes.cnpq.br\/2019663762572783\" target=\"_blank\" rel=\"noopener\">Maria Priscila Pessanha de Castro<\/a>\u00a0 &#8211; mariapriscila@uenf.br<\/h3>\n<p>Professora Associada &#8211; LCFIS\/CCT\/UENF<br \/>\nCredenciamento CAPES: Permanente<br \/>\nLinhas de Pesquisa: Ciencias Ambientales\/Ense\u00f1anza de las Ciencias<br \/>\nP\u00f3s-doutorado: Radboud University Nijmegen, Holanda (2011-2012)<br \/>\nDoutorado em Ci\u00eancias (2001)<br \/>\nUniversidade Estadual de Campinas &#8211; UNICAMP\/SP<br \/>\n_________________________________________________________________<\/p>\n<\/div>\n<h3><a href=\"http:\/\/lattes.cnpq.br\/1832643912229312\" target=\"_blank\" rel=\"noopener\">Murilo de Oliveira Souza<\/a> &#8211; m.quimic@gmail.com<\/h3>\n<p>Professor\u00a0 &#8211; IFF (Campus Itaperuna)<br \/>\nCredenciamento CAPES:Colaborador<br \/>\nLinhas de Pesquisa: Ciencias Ambientales<br \/>\nDoutorado em Ci\u00eancias Naturais\u00a0 (2021)<br \/>\nUniversidade Estadual do Norte Fluminense Darcy Ribeiro &#8211;\u00a0 UENF\/RJ<br \/>\n(Per\u00edodo Sandu\u00edche: CIEMAT &#8211; Madri-ES)<br \/>\n_________________________________________________________________<\/p>\n<h3><a href=\"http:\/\/lattes.cnpq.br\/5208824640229110\" target=\"_blank\" rel=\"noopener\">Roberto Weider de Assis Franco<\/a> &#8211; franco@uenf.br<\/h3>\n<p>Professor Associado &#8211; LCFIS\/CCT\/UENF<br \/>\nCredenciamento CAPES: Permanente<br \/>\nLinhas de Pesquisa: Ciencias Ambientales\/Ciencia y Tecnolog\u00eda de Materiales\/Ense\u00f1anza de las Ciencias<br \/>\nP\u00f3s-doutorado: Universidade de S\u00e3o Paulo, USP &#8211; S\u00e3o Carlos;<br \/>\nP\u00f3s-doutorado: Embrapa Instrumenta\u00e7\u00e3o Agropecu\u00e1ria<br \/>\nDoutorado em Ci\u00eancias (F\u00edsica Aplicada) 1999<br \/>\nUniversidade de S\u00e3o Paulo &#8211; USP &#8211; S\u00e3o Carlos\/SP<br \/>\n_________________________________________________________________<\/p>\n<h3><a href=\"http:\/\/buscatextual.cnpq.br\/buscatextual\/visualizacv.do?metodo=apresentar&amp;id=K4784533J8\" target=\"_blank\" rel=\"noopener\">Sergio Luis Cardoso<\/a> &#8211; cardoso@uenf.br<\/h3>\n<p>Professor Associado &#8211; LCQUI\/CCT\/UENF<br \/>\nCredenciamento CAPES: Permanente<br \/>\nLinhas de Pesquisa: Ciencias Ambientales\/Ciencia y Tecnolog\u00eda de Materiales\/Ense\u00f1anza de las Ciencias<br \/>\nDoutorado em Qu\u00edmica (1995)<br \/>\nUniversidade Federal do Rio de Janeiro &#8211;\u00a0 UFRJ\/RJ<br \/>\n(Sanduiche Arizona State University &#8211; EUA)<br \/>\n_________________________________________________________________<\/p>\n<h3><a href=\"http:\/\/lattes.cnpq.br\/3297119174137803\" target=\"_blank\" rel=\"noopener\">Thiago Moreira de Rezende Ara\u00fajo<\/a> &#8211; thiago@gmail.com<\/h3>\n<p>Professor &#8211; IFF (Campus Campos dos Goytacazes)<br \/>\nCredenciamento CAPES: Colaborador<br \/>\nLinhas de Pesquisa: Ciencias Ambientales<br \/>\nDoutorado em Ci\u00eancias Naturais\u00a0 (2015)<br \/>\nUniversidade Estadual do Norte Fluminense Darcy Ribeiro &#8211; UENF\/RJ<br \/>\n_________________________________________________________________<\/p>\n<h3><a href=\"http:\/\/lattes.cnpq.br\/7775566747895072\" target=\"_blank\" rel=\"noopener\">Victor Haber P\u00e9rez <\/a>&#8211; victorhaberperez@gmail.com<\/h3>\n<p>Professor Associado &#8211; LTA\/CCTA\/UENF<br \/>\nCredenciamento CAPES: Permanente<br \/>\nLinhas de Pesquisa: Ciencias Ambientales<br \/>\nP\u00f3s-doutorado:\u00a0Washington State University, EUA (2012-2013)<br \/>\nDoutorado em\u00a0Engenharia Qu\u00edmica (2002)<br \/>\nUniversidade Estadual de Campinas &#8211; UNICAMP\/SP<br \/>\n_________________________________________________________________<\/p>\n","protected":false},"excerpt":{"rendered":"<p>Costa Norte Fluminense-Campos-Maca\u00e9. La l\u00ednea de investigaci\u00f3n en Ciencias Ambientales busca desarrollar m\u00e9todos y nuevas tecnolog\u00edas dirigidas al seguimiento, control&#8230;<\/p>\n","protected":false},"author":10,"featured_media":0,"parent":1668,"menu_order":12,"comment_status":"closed","ping_status":"closed","template":"","meta":{"footnotes":""},"class_list":["post-1745","page","type-page","status-publish","hentry"],"_links":{"self":[{"href":"https:\/\/uenf.br\/posgraduacao\/ciencias-naturais\/wp-json\/wp\/v2\/pages\/1745","targetHints":{"allow":["GET"]}}],"collection":[{"href":"https:\/\/uenf.br\/posgraduacao\/ciencias-naturais\/wp-json\/wp\/v2\/pages"}],"about":[{"href":"https:\/\/uenf.br\/posgraduacao\/ciencias-naturais\/wp-json\/wp\/v2\/types\/page"}],"author":[{"embeddable":true,"href":"https:\/\/uenf.br\/posgraduacao\/ciencias-naturais\/wp-json\/wp\/v2\/users\/10"}],"replies":[{"embeddable":true,"href":"https:\/\/uenf.br\/posgraduacao\/ciencias-naturais\/wp-json\/wp\/v2\/comments?post=1745"}],"version-history":[{"count":0,"href":"https:\/\/uenf.br\/posgraduacao\/ciencias-naturais\/wp-json\/wp\/v2\/pages\/1745\/revisions"}],"up":[{"embeddable":true,"href":"https:\/\/uenf.br\/posgraduacao\/ciencias-naturais\/wp-json\/wp\/v2\/pages\/1668"}],"wp:attachment":[{"href":"https:\/\/uenf.br\/posgraduacao\/ciencias-naturais\/wp-json\/wp\/v2\/media?parent=1745"}],"curies":[{"name":"wp","href":"https:\/\/api.w.org\/{rel}","templated":true}]}}