{"id":2635,"date":"2020-02-20T12:22:45","date_gmt":"2020-02-20T12:22:45","guid":{"rendered":"http:\/\/uenf.br\/posgraduacao\/ciencias-naturais\/?page_id=2635"},"modified":"2021-10-10T17:06:13","modified_gmt":"2021-10-10T17:06:13","slug":"2020-1-2","status":"publish","type":"page","link":"https:\/\/uenf.br\/posgraduacao\/ciencias-naturais\/mestrado-e-doutorado\/2020-1-2\/","title":{"rendered":"Processo Seletivo &#8211; 2020-1 &#8211; Segundo Edital"},"content":{"rendered":"<p><span style=\"color: #000000\">A coordena\u00e7\u00e3o do Programa de P\u00f3s-gradua\u00e7\u00e3o em Ci\u00eancias Naturais &#8211; PGCN informa que ser\u00e1 realizada sele\u00e7\u00e3o para alunos de Doutorado para ingresso em 2020-1 .<\/span><\/p>\n<div>Inscri\u00e7\u00e3o: 27 e 28\/02 e 02\/03\/2020 at\u00e9 12h<\/div>\n<div>Data da Prova Escrita e Entrevista: 04\/03\/2020<\/div>\n<div>Hor\u00e1rio:\u00a0 9h<\/div>\n<div>Local: Sala 209 do Pr\u00e9dio do CCT<\/div>\n<p>Para mais informa\u00e7\u00f5es\u00a0 observar o edital abaixo:<\/p>\n<ul>\n<li><a href=\"https:\/\/uenf.br\/posgraduacao\/ciencias-naturais\/wp-content\/uploads\/sites\/4\/2020\/02\/Edital-para-Doutorado-alunos-regulares-2020-1-NOVO.pdf\">Edital para Doutorado alunos regulares 2020-1 &#8211; (NOVO)<\/a><\/li>\n<li><a href=\"https:\/\/uenf.br\/posgraduacao\/ciencias-naturais\/wp-content\/uploads\/sites\/4\/2020\/02\/COMISS\u00c3O-DE-AVALIA\u00c7\u00c3O-2.pdf\">COMISS\u00c3O DE AVALIA\u00c7\u00c3O (NOVO)<\/a><\/li>\n<li>COMPROVANTE DE INSCRI\u00c7\u00c3O<a href=\"https:\/\/uenf.br\/posgraduacao\/ciencias-naturais\/wp-content\/uploads\/sites\/4\/2020\/02\/Comprovante-de-inscri\u00e7\u00e3o-Doutorado-2020-1.doc\">\u00a0&#8211; Doutorado 2020-1<\/a><\/li>\n<li><a href=\"https:\/\/uenf.br\/posgraduacao\/ciencias-naturais\/wp-content\/uploads\/sites\/4\/2019\/10\/MODELO-CARTA-DE-INTEN\u00c7\u00c3O-DE-ORIENTA\u00c7\u00c3O-1.pdf\">MODELO CARTA DE INTEN\u00c7\u00c3O DE ORIENTA\u00c7\u00c3O<\/a><\/li>\n<li><a href=\"https:\/\/uenf.br\/posgraduacao\/ciencias-naturais\/wp-content\/uploads\/sites\/4\/2019\/10\/CartaRecomendacao.pdf\">MODELO DE CARTA DE RECOMENDA\u00c7\u00c3O<\/a><\/li>\n<li><a href=\"https:\/\/uenf.br\/posgraduacao\/ciencias-naturais\/wp-content\/uploads\/sites\/4\/2020\/02\/Pedido-de-Recurso-2020-1-1.doc\">Pedido-de-Recurso-2020-1<\/a><\/li>\n<\/ul>\n<p><strong><a href=\"https:\/\/uenf.br\/posgraduacao\/ciencias-naturais\/wp-content\/uploads\/sites\/4\/2020\/03\/Homologa\u00e7\u00e3o-das-inscri\u00e7\u00f5es-edital-PGCN-Dutorado-2020-1-divulga\u00e7\u00e3o-1.pdf\">Resultado da homologa\u00e7\u00e3o das inscri\u00e7\u00f5es<\/a><br \/>\n<\/strong><\/p>\n<p><a href=\"https:\/\/uenf.br\/posgraduacao\/ciencias-naturais\/wp-content\/uploads\/sites\/4\/2020\/03\/Resultado-edital-PGCN-Dutorado-2020-1-divulga\u00e7\u00e3o-corrigido.pdf\"><strong>Resultado <\/strong><strong>An\u00e1lise de Curriculo, Inte<\/strong><strong>rpreta\u00e7\u00e3o de Artigo e Entrevista<\/strong><\/a><\/p>\n<p><a href=\"https:\/\/uenf.br\/posgraduacao\/ciencias-naturais\/wp-content\/uploads\/sites\/4\/2020\/03\/Julgamento-dos-Recursos-Divulga\u00e7\u00e3o.pdf\">Resultado dos Recursos de An\u00e1lise de Curr\u00edculo, Interpreta\u00e7\u00e3o de Artigo e Entrevista<\/a><\/p>\n<p><a href=\"https:\/\/uenf.br\/posgraduacao\/ciencias-naturais\/wp-content\/uploads\/sites\/4\/2020\/03\/Resultado-Final-edital-PGCN-Doutorado-2020-1-divulga\u00e7\u00e3o.pdf\">Resultado Final<\/a><\/p>\n<p>&nbsp;<\/p>\n<p>&nbsp;<\/p>\n<p><strong>\u00a0<\/strong><\/p>\n<p><strong>\u00a0<\/strong><\/p>\n","protected":false},"excerpt":{"rendered":"<p>A coordena\u00e7\u00e3o do Programa de P\u00f3s-gradua\u00e7\u00e3o em Ci\u00eancias Naturais &#8211; PGCN informa que ser\u00e1 realizada sele\u00e7\u00e3o para alunos de Doutorado&#8230;<\/p>\n","protected":false},"author":10,"featured_media":0,"parent":3379,"menu_order":54,"comment_status":"closed","ping_status":"closed","template":"","meta":{"footnotes":""},"class_list":["post-2635","page","type-page","status-publish","hentry"],"_links":{"self":[{"href":"https:\/\/uenf.br\/posgraduacao\/ciencias-naturais\/wp-json\/wp\/v2\/pages\/2635","targetHints":{"allow":["GET"]}}],"collection":[{"href":"https:\/\/uenf.br\/posgraduacao\/ciencias-naturais\/wp-json\/wp\/v2\/pages"}],"about":[{"href":"https:\/\/uenf.br\/posgraduacao\/ciencias-naturais\/wp-json\/wp\/v2\/types\/page"}],"author":[{"embeddable":true,"href":"https:\/\/uenf.br\/posgraduacao\/ciencias-naturais\/wp-json\/wp\/v2\/users\/10"}],"replies":[{"embeddable":true,"href":"https:\/\/uenf.br\/posgraduacao\/ciencias-naturais\/wp-json\/wp\/v2\/comments?post=2635"}],"version-history":[{"count":0,"href":"https:\/\/uenf.br\/posgraduacao\/ciencias-naturais\/wp-json\/wp\/v2\/pages\/2635\/revisions"}],"up":[{"embeddable":true,"href":"https:\/\/uenf.br\/posgraduacao\/ciencias-naturais\/wp-json\/wp\/v2\/pages\/3379"}],"wp:attachment":[{"href":"https:\/\/uenf.br\/posgraduacao\/ciencias-naturais\/wp-json\/wp\/v2\/media?parent=2635"}],"curies":[{"name":"wp","href":"https:\/\/api.w.org\/{rel}","templated":true}]}}