{"id":2746,"date":"2020-07-31T18:01:26","date_gmt":"2020-07-31T18:01:26","guid":{"rendered":"http:\/\/uenf.br\/posgraduacao\/ciencias-naturais\/?page_id=2746"},"modified":"2025-09-02T17:44:01","modified_gmt":"2025-09-02T17:44:01","slug":"aares-pgcn-2020","status":"publish","type":"page","link":"https:\/\/uenf.br\/posgraduacao\/ciencias-naturais\/informacoes-academicas\/aares-pgcn-2020\/","title":{"rendered":"AAREs PGCN 2020"},"content":{"rendered":"<p><a href=\"http:\/\/ead.uenf.br\/moodle\/course\/view.php?id=712\" target=\"_blank\" rel=\"noopener\">ACESSE ESTE LINK\u00a0 E VEJA AS ATIVIDADES ACAD\u00caMICAS REMOTAS EMERGENCIAIS OFERECIDAS PARA ALUNOS DO PGCN NO PER\u00cdODO ESPECIAL DE 2020\u00a0<\/a><\/p>\n<p>&#8211; AS ATIVIDADES EST\u00c3O EM ORDEM DE DATA DE IN\u00cdCIO E SER\u00c3O CONTINUAMENTE ATUALIZADAS &#8211; PORTANTO ATEN\u00c7\u00c3O PARA N\u00c3O PERDER O IN\u00cdCIO E A INSCRI\u00c7\u00c3O EM UMA ATIVIDADE DE SEU INTERESSE<\/p>\n<p>&#8211; AS ATIVIDADES SER\u00c3O REGISTRADAS NO SISTEMA ACAD\u00caMICO T\u00c3O LOGO O MESMO ESTEJA DISPON\u00cdVEL MAS SER\u00c3O INICIADAS CONFORME PLANEJAMENTO DIVULGADO<\/p>\n<p>&#8211; OS INTERESSADOS DEVEM ENTRAR EM CONTATO COM O PROFESSOR PARA QUALQUER MEDIA\u00c7\u00c3O RELATIVA A ATIVIDADE<\/p>\n<p>AO FINAL DA ATIVIDADE A COORDENA\u00c7\u00c3O DO PGCN RECEBER\u00c1 O RELAT\u00d3RIO FINAL DO PROFESSOR PARA O POSS\u00cdVEL APROVEITAMENTO FUTURO DOS CR\u00c9DITOS CORRESPONDENTES \u00c0S DISCIPLINAS REGULARES\u00a0 DO PROGRAMA<\/p>\n<p>&#8211; OS ALUNOS PODER\u00c3O SE INSCREVER EM AAREs DE OUTROS PROGRAMAS CASO SEJA PERMITIDO NO SISTEMA &#8211; NESTE CASO O APROVEITAMENTO DE CR\u00c9DITOS DEPENDER\u00c1 DA ANA\u00b4LISE POR PARTE DO ORIENTADOR E DA COMISS\u00c3O COORDENADORA DO PGCN AP\u00d3S RECEBIMENTO DA SOLICITA\u00c7\u00c3O DE APROVEITAMENTO COM TODOS OS DOCUMENTOS PERTINENTES A ATIVIDADE.<\/p>\n<p>&#8211; FICA A CRIT\u00c9RIO DOS DOCENTES A ACEITA\u00c7\u00c3O DE ALUNOS DE OUTROS PROGRAMAS OU EXTERNOS NAS ATIVIDADES PROPOSTAS.\u00a0 PARA OS ALUNOS DE OUTROS PROGRAMAS PODEREMOS ENVIAR A SUA COORDENA\u00c7\u00c3O TODAS AS INFORMA\u00c7\u00d5ES SE DESEJAREM VALIDAR AS ATIVIDADES.\u00a0 PARA ALUNOS EXTERNOS A COORDENA\u00c7\u00c3O PODER\u00c1 EMITIR CERTIFICADOS DE PARTICIPA\u00c7\u00c3O PARA OS APROVADOS<\/p>\n<p>&nbsp;<\/p>\n<p>&nbsp;<\/p>\n","protected":false},"excerpt":{"rendered":"<p>ACESSE ESTE LINK\u00a0 E VEJA AS ATIVIDADES ACAD\u00caMICAS REMOTAS EMERGENCIAIS OFERECIDAS PARA ALUNOS DO PGCN NO PER\u00cdODO ESPECIAL DE 2020\u00a0&#8230;<\/p>\n","protected":false},"author":10,"featured_media":0,"parent":1558,"menu_order":38,"comment_status":"closed","ping_status":"closed","template":"","meta":{"footnotes":""},"class_list":["post-2746","page","type-page","status-publish","hentry"],"_links":{"self":[{"href":"https:\/\/uenf.br\/posgraduacao\/ciencias-naturais\/wp-json\/wp\/v2\/pages\/2746","targetHints":{"allow":["GET"]}}],"collection":[{"href":"https:\/\/uenf.br\/posgraduacao\/ciencias-naturais\/wp-json\/wp\/v2\/pages"}],"about":[{"href":"https:\/\/uenf.br\/posgraduacao\/ciencias-naturais\/wp-json\/wp\/v2\/types\/page"}],"author":[{"embeddable":true,"href":"https:\/\/uenf.br\/posgraduacao\/ciencias-naturais\/wp-json\/wp\/v2\/users\/10"}],"replies":[{"embeddable":true,"href":"https:\/\/uenf.br\/posgraduacao\/ciencias-naturais\/wp-json\/wp\/v2\/comments?post=2746"}],"version-history":[{"count":0,"href":"https:\/\/uenf.br\/posgraduacao\/ciencias-naturais\/wp-json\/wp\/v2\/pages\/2746\/revisions"}],"up":[{"embeddable":true,"href":"https:\/\/uenf.br\/posgraduacao\/ciencias-naturais\/wp-json\/wp\/v2\/pages\/1558"}],"wp:attachment":[{"href":"https:\/\/uenf.br\/posgraduacao\/ciencias-naturais\/wp-json\/wp\/v2\/media?parent=2746"}],"curies":[{"name":"wp","href":"https:\/\/api.w.org\/{rel}","templated":true}]}}