{"id":3352,"date":"2021-05-21T13:38:31","date_gmt":"2021-05-21T13:38:31","guid":{"rendered":"https:\/\/uenf.br\/posgraduacao\/ciencias-naturais\/?page_id=3352"},"modified":"2021-10-10T17:07:22","modified_gmt":"2021-10-10T17:07:22","slug":"2019-1","status":"publish","type":"page","link":"https:\/\/uenf.br\/posgraduacao\/ciencias-naturais\/mestrado-e-doutorado\/2019-1\/","title":{"rendered":"Processo Seletivo &#8211; 2019-1"},"content":{"rendered":"<h3>Processo Seletivo 2019-1<\/h3>\n<h5><a href=\"https:\/\/uenf.br\/posgraduacao\/ciencias-naturais\/wp-content\/uploads\/sites\/4\/2018\/12\/Resultado-Final-Classifica\u00e7\u00e3o-Geral-Doutorado.pdf\">Resultado Final &#8211; Classifica\u00e7\u00e3o Geral Doutorado<\/a><\/h5>\n<h5><a href=\"https:\/\/uenf.br\/posgraduacao\/ciencias-naturais\/wp-content\/uploads\/sites\/4\/2018\/12\/Resultado-Final-Classifica\u00e7\u00e3o-por-Linha-de-Pesquisa-Doutorado.pdf\">Resultado Final &#8211; Classifica\u00e7\u00e3o por Linha de Pesquisa &#8211; Doutorado<\/a><\/h5>\n<h5><a href=\"https:\/\/uenf.br\/posgraduacao\/ciencias-naturais\/wp-content\/uploads\/sites\/4\/2018\/12\/Resultado-Final-Classifica\u00e7\u00e3o-Geral-20-dez.pdf\">Resultado Final Classifica\u00e7\u00e3o Geral -Mestrado<\/a><\/h5>\n<h5><a href=\"https:\/\/uenf.br\/posgraduacao\/ciencias-naturais\/wp-content\/uploads\/sites\/4\/2018\/12\/Resultado-Final-por-Linha-de-Pesquisa-20-dez.pdf\">Resultado Final Classifica\u00e7\u00e3o por Linha de Pesquisa &#8211; Mestrado<\/a><\/h5>\n<h3>Resultados An\u00e1lise de Curr\u00edculo<\/h3>\n<h5><a href=\"https:\/\/uenf.br\/posgraduacao\/ciencias-naturais\/wp-content\/uploads\/sites\/4\/2018\/12\/Resultado-Recurso-do-Curr\u00edculo.pdf\">Resultado Recurso do Curr\u00edculo- Mestrado<\/a><\/h5>\n<h5><a href=\"https:\/\/uenf.br\/posgraduacao\/ciencias-naturais\/wp-content\/uploads\/sites\/4\/2018\/12\/Resultado-da-An\u00e1lise-de-Curr\u00edculo-Doutorado.pdf\">Resultado da An\u00e1lise de Curr\u00edculo &#8211; Doutorado<\/a><\/h5>\n<h5><a href=\"https:\/\/uenf.br\/posgraduacao\/ciencias-naturais\/wp-content\/uploads\/sites\/4\/2018\/12\/Resultado-Curr\u00edculo-Mestrado-antes-recurso.pdf\">Resultado da An\u00e1lise de Curr\u00edculo &#8211; Mestrado<\/a><\/h5>\n<h3>Resultado Entrevista<\/h3>\n<h5><a href=\"https:\/\/uenf.br\/posgraduacao\/ciencias-naturais\/wp-content\/uploads\/sites\/4\/2018\/12\/Resultado-do-recurso-da-entrevista-Doutorado.pdf\">Resultado do Recurso da Entrevista &#8211; Doutorado<\/a><\/h5>\n<h5><a href=\"https:\/\/uenf.br\/posgraduacao\/ciencias-naturais\/wp-content\/uploads\/sites\/4\/2018\/12\/Resultado-Recurso-Entrevista_Mestrado.pdf\">Resultado Recurso Entrevista- Mestrado<\/a><\/h5>\n<h5><a href=\"https:\/\/uenf.br\/posgraduacao\/ciencias-naturais\/wp-content\/uploads\/sites\/4\/2018\/12\/Resultado-entrevista-Doutorado-1.pdf\">Resultado entrevista Doutorado<\/a><\/h5>\n<h5><a href=\"https:\/\/uenf.br\/posgraduacao\/ciencias-naturais\/wp-content\/uploads\/sites\/4\/2018\/12\/Resultado-Entrevista-Mestrado.pdf\">Resultado Entrevista Mestrado<\/a><\/h5>\n<h5><a href=\"https:\/\/uenf.br\/posgraduacao\/ciencias-naturais\/wp-content\/uploads\/sites\/4\/2018\/12\/DOUTORADO-Ordem-das-entrevistas.pdf\">Ordem das entrevistas-<\/a><a href=\"https:\/\/uenf.br\/posgraduacao\/ciencias-naturais\/wp-content\/uploads\/sites\/4\/2018\/12\/DOUTORADO-Ordem-das-entrevistas.pdf\">DOUTORADO<\/a><\/h5>\n<h5><strong><a href=\"https:\/\/uenf.br\/posgraduacao\/ciencias-naturais\/wp-content\/uploads\/sites\/4\/2018\/12\/MESTRADO-Ordem-das-entrevistas.pdf\">Ordem das entrevistas &#8211;\u00a0<\/a><\/strong><strong><a href=\"https:\/\/uenf.br\/posgraduacao\/ciencias-naturais\/wp-content\/uploads\/sites\/4\/2018\/12\/MESTRADO-Ordem-das-entrevistas.pdf\">MESTRADO<\/a><\/strong><\/h5>\n<h5><em>DOUTORADO &#8211; As entrevistas ser\u00e3o realizadas na sala 209 pr\u00e9dio CCT- UENF\u00a0<\/em><\/h5>\n<h5><em>MESTRADO &#8211; As entrevistas ser\u00e3o realizadas na sala 212 pr\u00e9dio CCT- UENF\u00a0<\/em><\/h5>\n<h5><strong>ATEN\u00c7\u00c3O:<\/strong>\u00a0A COMISS\u00c3O JULGADORA ESTABELECEU UM PRAZO DE TOLER\u00c2NCIA DE NO M\u00c1XIMO 05 MINUTOS DE ATRASO PARA ENTREVISTA, CASO O CANDIDATO SE ATRASE POR UM TEMPO MAIOR DO QUE O DE TOLER\u00c2NCIA, ESTE SER\u00c1 ELIMINADO.<\/h5>\n<h3>Resultado da Prova de Conhecimento &#8211; MESTRADO E DOUTORADO:<\/h3>\n<h5><strong><a href=\"https:\/\/uenf.br\/posgraduacao\/ciencias-naturais\/wp-content\/uploads\/sites\/4\/2018\/12\/Resultado-da-Prova-de-Interpreta\u00e7\u00e3o-do-Artigo-Cient\u00edfico-DOUTORADO-APOS-RECURSO.pdf\">Resultado da Prova de Interpreta\u00e7\u00e3o do Artigo Cient\u00edfico-DOUTORADO AP\u00d3S RECURSO<\/a><\/strong><\/h5>\n<h5><strong><a href=\"https:\/\/uenf.br\/posgraduacao\/ciencias-naturais\/wp-content\/uploads\/sites\/4\/2018\/12\/Mestrado-Resultado-Prova-de-Interpreta\u00e7\u00e3o-de-Artigo-pagina-pgcn-apos-recurso-1.pdf\">Resultado Prova de Interpreta\u00e7\u00e3o de Artigo &#8211; MESTRADO AP\u00d3S RECURSO<\/a><\/strong><\/h5>\n<h5><strong><a href=\"https:\/\/uenf.br\/posgraduacao\/ciencias-naturais\/wp-content\/uploads\/sites\/4\/2018\/12\/Resultado-da-Prova-de-Interpreta\u00e7\u00e3o-do-Artigo-Cient\u00edfico-DOUTORADO-1.pdf\">Resultado da Prova de Interpreta\u00e7\u00e3o do Artigo Cient\u00edfico-DOUTORADO<\/a><\/strong><\/h5>\n<h5><strong><a href=\"https:\/\/uenf.br\/posgraduacao\/ciencias-naturais\/wp-content\/uploads\/sites\/4\/2018\/12\/Mestrado-Resultado-Prova-de-Interpreta\u00e7\u00e3o-de-Artigo-pagina-pgcn.pdf\">Resultado Prova de Interpreta\u00e7\u00e3o de Artigo Cient\u00edfico &#8211; MESTRADO <\/a><\/strong><\/h5>\n<h5><a href=\"https:\/\/uenf.br\/posgraduacao\/ciencias-naturais\/wp-content\/uploads\/sites\/4\/2018\/12\/Pedido-de-Recurso-2019-1.doc\">FORMUL\u00c1RIO DE PEDIDO DE RECURSO &#8211; EDITAL 2019-1<\/a><\/h5>\n<h5>ARTIGO CIENT\u00cdFICO &#8211; MESTRADO\u00a0&#8211;\u00a0<a href=\"https:\/\/uenf.br\/posgraduacao\/ciencias-naturais\/wp-content\/uploads\/sites\/4\/2018\/12\/SCIAM_Transdisciplinaridade-1.pdf\">Transdisciplinaridade<\/a><\/h5>\n<h5>GABARITO &#8211;\u00a0<a href=\"https:\/\/uenf.br\/posgraduacao\/ciencias-naturais\/wp-content\/uploads\/sites\/4\/2018\/12\/Prova-Artigo-Cient\u00edfico_Mestrado_Gabarito_FINAL.pdf\">Prova Artigo Cient\u00edfico-Mestrado<\/a><\/h5>\n<h5><a href=\"https:\/\/uenf.br\/posgraduacao\/ciencias-naturais\/wp-content\/uploads\/sites\/4\/2018\/12\/artigo-doutorado-1.pdf\">ARTIGO CIENT\u00cdFICO &#8211; DOUTORADO<\/a><\/h5>\n<h5>GABARITO &#8211;\u00a0<a href=\"https:\/\/uenf.br\/posgraduacao\/ciencias-naturais\/wp-content\/uploads\/sites\/4\/2018\/12\/Gabarito_-Prova-Artigo-Cient\u00edfico-Doutorado-EN-PT-revisado.pdf\">Prova Artigo Cient\u00edfico <\/a><a href=\"https:\/\/uenf.br\/posgraduacao\/ciencias-naturais\/wp-content\/uploads\/sites\/4\/2018\/12\/Gabarito_-Prova-Artigo-Cient\u00edfico-Doutorado-EN-PT-revisado.pdf\">&#8211; Doutorado <\/a><\/h5>\n<h5><a href=\"https:\/\/uenf.br\/posgraduacao\/ciencias-naturais\/wp-content\/uploads\/sites\/4\/2018\/12\/Informa\u00e7\u00f5es-sobre-a-Prova-de-Interpreta\u00e7\u00e3o-de-Artigo-Cient\u00edfico.pdf\">INFORMA\u00c7\u00d5ES SOBRE A PROVA DE INTERPRETA\u00c7\u00c3O DE ARTIGO CIENT\u00cdFICO<\/a><\/h5>\n<h5><a href=\"https:\/\/uenf.br\/posgraduacao\/ciencias-naturais\/wp-content\/uploads\/sites\/4\/2018\/11\/inscri\u00e7\u00f5es-Mestrado.pdf\">MESTRADO &#8211; LISTA DE INSCRI\u00c7\u00d5ES HOMOLOGADAS E N\u00c3O HOMOLOGADAS\u00a0<\/a><\/h5>\n<h5><a href=\"https:\/\/uenf.br\/posgraduacao\/ciencias-naturais\/wp-content\/uploads\/sites\/4\/2018\/11\/Inscri\u00e7\u00f5es-Doutorado.pdf\">DOUTORADO- LISTA DE INSCRI\u00c7\u00d5ES HOMOLOGADAS<\/a><\/h5>\n<h5><a href=\"https:\/\/uenf.br\/posgraduacao\/ciencias-naturais\/wp-content\/uploads\/sites\/4\/2018\/11\/Pedido-de-Recurso-Homologa\u00e7\u00e3o-de-Inscri\u00e7\u00e3o-2019-1.pdf\">FORMUL\u00c1RIO DE RECURSO DE HOMOLOGA\u00c7\u00c3O DE INSCRI\u00c7\u00c3O-2019-1 &#8211; DATA LIMITE- 22\/11\/2018<\/a><\/h5>\n<h5><a href=\"https:\/\/uenf.br\/posgraduacao\/ciencias-naturais\/wp-content\/uploads\/sites\/4\/2018\/11\/inscri\u00e7\u00f5es-Correio-Mestrado.pdf\">INSCRI\u00c7\u00d5ES MESTRADO RECEBIDAS PELO CORREIO ENCAMINHADAS DENTRO DO PRAZO &#8211;\u00a0 HOMOLOGADAS E N\u00c3O HOMOLOGADAS<\/a><\/h5>\n<h5><a href=\"https:\/\/uenf.br\/posgraduacao\/ciencias-naturais\/wp-content\/uploads\/sites\/4\/2018\/11\/inscri\u00e7\u00f5es-Correio-Doutorado-1.pdf\">INSCRI\u00c7\u00d5ES DOUTORADO RECEBIDAS PELO CORREIO ENCAMINHADAS DENTRO DO PRAZO &#8211;\u00a0HOMOLOGADAS<\/a><\/h5>\n<h5><a href=\"https:\/\/uenf.br\/posgraduacao\/ciencias-naturais\/wp-content\/uploads\/sites\/4\/2018\/11\/Resultado-dos-recursos.pdf\">RESULTADO DOS RECURSOS DAS INSCRI\u00c7\u00d5ES<\/a><\/h5>\n<h5><a href=\"https:\/\/uenf.br\/posgraduacao\/ciencias-naturais\/wp-content\/uploads\/sites\/4\/2018\/11\/Resultado-Final-Inscri\u00e7\u00f5es-Homologadas-e-N\u00e3o-Homologadas-Mestrado.pdf\">RESULTADO FINAL &#8211; INSCRI\u00c7\u00d5ES HOMOLOGADAS E N\u00c3O HOMOLOGADAS &#8211; MESTRADO<\/a><\/h5>\n<h5><a href=\"https:\/\/uenf.br\/posgraduacao\/ciencias-naturais\/wp-content\/uploads\/sites\/4\/2018\/11\/Resultado-Final-Inscri\u00e7\u00f5es-Homologadas-Doutorado-3.pdf\">RESULTADO FINAL &#8211; INSCRI\u00c7\u00d5ES HOMOLOGADAS E N\u00c3O HOMOLOGADAS- DOUTORADO<\/a><\/h5>\n<h5><a href=\"https:\/\/uenf.br\/posgraduacao\/ciencias-naturais\/wp-content\/uploads\/sites\/4\/2018\/10\/Edital-selec\u0327a\u0303o-PPGCN-2019-1.pdf\">EDITAL SELE\u00c7\u00c3O PPGCN 2019-1<\/a><\/h5>\n<h5><a href=\"https:\/\/uenf.br\/posgraduacao\/ciencias-naturais\/wp-content\/uploads\/sites\/4\/2018\/10\/COMISS\u00d5ES-DE-AVALIA\u00c7\u00c3O-1.pdf\">COMISS\u00d5ES DE AVALIA\u00c7\u00c3O<\/a><\/h5>\n","protected":false},"excerpt":{"rendered":"<p>Processo Seletivo 2019-1 Resultado Final &#8211; Classifica\u00e7\u00e3o Geral Doutorado Resultado Final &#8211; Classifica\u00e7\u00e3o por Linha de Pesquisa &#8211; Doutorado Resultado&#8230;<\/p>\n","protected":false},"author":10,"featured_media":0,"parent":3379,"menu_order":52,"comment_status":"closed","ping_status":"closed","template":"","meta":{"footnotes":""},"class_list":["post-3352","page","type-page","status-publish","hentry"],"_links":{"self":[{"href":"https:\/\/uenf.br\/posgraduacao\/ciencias-naturais\/wp-json\/wp\/v2\/pages\/3352","targetHints":{"allow":["GET"]}}],"collection":[{"href":"https:\/\/uenf.br\/posgraduacao\/ciencias-naturais\/wp-json\/wp\/v2\/pages"}],"about":[{"href":"https:\/\/uenf.br\/posgraduacao\/ciencias-naturais\/wp-json\/wp\/v2\/types\/page"}],"author":[{"embeddable":true,"href":"https:\/\/uenf.br\/posgraduacao\/ciencias-naturais\/wp-json\/wp\/v2\/users\/10"}],"replies":[{"embeddable":true,"href":"https:\/\/uenf.br\/posgraduacao\/ciencias-naturais\/wp-json\/wp\/v2\/comments?post=3352"}],"version-history":[{"count":0,"href":"https:\/\/uenf.br\/posgraduacao\/ciencias-naturais\/wp-json\/wp\/v2\/pages\/3352\/revisions"}],"up":[{"embeddable":true,"href":"https:\/\/uenf.br\/posgraduacao\/ciencias-naturais\/wp-json\/wp\/v2\/pages\/3379"}],"wp:attachment":[{"href":"https:\/\/uenf.br\/posgraduacao\/ciencias-naturais\/wp-json\/wp\/v2\/media?parent=3352"}],"curies":[{"name":"wp","href":"https:\/\/api.w.org\/{rel}","templated":true}]}}