{"id":5481,"date":"2023-02-01T15:35:28","date_gmt":"2023-02-01T15:35:28","guid":{"rendered":"https:\/\/uenf.br\/posgraduacao\/ciencias-naturais\/?page_id=5481"},"modified":"2025-01-16T12:21:19","modified_gmt":"2025-01-16T12:21:19","slug":"edital-pdse-2018-1","status":"publish","type":"page","link":"https:\/\/uenf.br\/posgraduacao\/ciencias-naturais\/editais-e-processos-seletivos\/edital-pdse\/edital-pdse-2018-1\/","title":{"rendered":"EDITAL PDSE \u2013 2019"},"content":{"rendered":"<p><strong><a href=\"http:\/\/uenf.br\/posgraduacao\/ciencias-naturais\/wp-content\/uploads\/sites\/4\/2019\/01\/Edital-interno-PGCN-PDSE_2018-2019.pdf\">Edital interno PGCN-PDSE_2019<\/a><\/strong><\/p>\n<p>Documenta\u00e7\u00e3o Complementar:<\/p>\n<p>a)<a href=\"http:\/\/uenf.br\/posgraduacao\/ciencias-naturais\/wp-content\/uploads\/sites\/4\/2019\/01\/Edital_41_Doutorado_Sandu\u00edche_CAPES.pdf\">Edital_41_Doutorado_Sandu\u00edche_CAPES<\/a><\/p>\n<p>b)\u00a0<a href=\"http:\/\/uenf.br\/posgraduacao\/ciencias-naturais\/wp-content\/uploads\/sites\/4\/2019\/01\/Doutorado-Sandu\u00edche-UENF-2019.pdf\">Doutorado Sandu\u00edche UENF 2019<\/a><\/p>\n","protected":false},"excerpt":{"rendered":"<p>Edital interno PGCN-PDSE_2019 Documenta\u00e7\u00e3o Complementar: a)Edital_41_Doutorado_Sandu\u00edche_CAPES b)\u00a0Doutorado Sandu\u00edche UENF 2019<\/p>\n","protected":false},"author":10,"featured_media":0,"parent":3390,"menu_order":5,"comment_status":"closed","ping_status":"closed","template":"","meta":{"footnotes":""},"class_list":["post-5481","page","type-page","status-publish","hentry"],"_links":{"self":[{"href":"https:\/\/uenf.br\/posgraduacao\/ciencias-naturais\/wp-json\/wp\/v2\/pages\/5481","targetHints":{"allow":["GET"]}}],"collection":[{"href":"https:\/\/uenf.br\/posgraduacao\/ciencias-naturais\/wp-json\/wp\/v2\/pages"}],"about":[{"href":"https:\/\/uenf.br\/posgraduacao\/ciencias-naturais\/wp-json\/wp\/v2\/types\/page"}],"author":[{"embeddable":true,"href":"https:\/\/uenf.br\/posgraduacao\/ciencias-naturais\/wp-json\/wp\/v2\/users\/10"}],"replies":[{"embeddable":true,"href":"https:\/\/uenf.br\/posgraduacao\/ciencias-naturais\/wp-json\/wp\/v2\/comments?post=5481"}],"version-history":[{"count":0,"href":"https:\/\/uenf.br\/posgraduacao\/ciencias-naturais\/wp-json\/wp\/v2\/pages\/5481\/revisions"}],"up":[{"embeddable":true,"href":"https:\/\/uenf.br\/posgraduacao\/ciencias-naturais\/wp-json\/wp\/v2\/pages\/3390"}],"wp:attachment":[{"href":"https:\/\/uenf.br\/posgraduacao\/ciencias-naturais\/wp-json\/wp\/v2\/media?parent=5481"}],"curies":[{"name":"wp","href":"https:\/\/api.w.org\/{rel}","templated":true}]}}