{"id":5928,"date":"2023-07-07T12:16:51","date_gmt":"2023-07-07T12:16:51","guid":{"rendered":"https:\/\/uenf.br\/posgraduacao\/ciencias-naturais\/?page_id=5928"},"modified":"2023-08-27T22:38:23","modified_gmt":"2023-08-27T22:38:23","slug":"atividades-de-extensao-do-ppgcn","status":"publish","type":"page","link":"https:\/\/uenf.br\/posgraduacao\/ciencias-naturais\/atividades-de-extensao-do-ppgcn\/","title":{"rendered":"ATIVIDADES DE EXTENS\u00c3O DO PPGCN"},"content":{"rendered":"<p><span style=\"color: #000000\">As Atividades de Extens\u00e3o do Programa de P\u00f3s-Gradua\u00e7\u00e3o em Ci\u00eancias Naturais da UENF\u00a0 (PPGCN) tem como objetivo promover e intensificar a inser\u00e7\u00e3o, integra\u00e7\u00e3o e parceria entre a Universidade e a\u00a0 Sociedade n\u00e3o s\u00f3 no que tange a transfer\u00eancia de conhecimentos\u00a0 associados a \u00e1rea e linhas de pesquisa do Programa mas tamb\u00e9m visando o recebimento reverso de conhecimento, o entendimento e a conscientiza\u00e7\u00e3o por parte do Corpo Docente e Discente do PPGCN dos diversos aspectos que envolvem a rela\u00e7\u00e3o bidirecional entre a Universidade e a Sociedade.<br \/>\n<\/span><\/p>\n<p><span style=\"color: #000000\">As atividades de extens\u00e3o do PPGCN s\u00e3o desenvolvidas por meio de a\u00e7\u00f5es e projetos coordenados por docentes e executadas com a participa\u00e7\u00e3o do corpo discente do PPGCN.\u00a0 Desde 2022 o PPGCN inseriu em sua matriz curricular a credita\u00e7\u00e3o de atividades de extens\u00e3o como forma de incentivar e reconhecer a participa\u00e7\u00e3o dos docentes e discentes do programa e intensificar a aproxima\u00e7\u00e3o com a Sociedade.\u00a0 A\u00e7\u00f5es e projetos de extens\u00e3o propostos por docentes do programa\u00a0 e aprovados pela Comiss\u00e3o Coordenadora do PPGCN s\u00e3o ofertados para escolha e participa\u00e7\u00e3o direta dos discentes que passam a atuar como agentes diretos da execu\u00e7\u00e3o das atividades.\u00a0 A credita\u00e7\u00e3o das atividades ocorre por meio da inscri\u00e7\u00e3o do discente em Atividades de Extens\u00e3o I (34 horas &#8211; 2 cr\u00e9ditos) obrigat\u00f3ria para discentes de mestrado e doutorado e Atividades de Extens\u00e3o II (34 horas &#8211; 2 cr\u00e9ditos) obrigat\u00f3ria para discentes de doutorado.<\/span><\/p>\n<p><a href=\"https:\/\/uenf.br\/posgraduacao\/ciencias-naturais\/wp-content\/uploads\/sites\/4\/2022\/09\/PCN1748.pdf\" target=\"_blank\" rel=\"noopener\"><span style=\"color: #0000ff\">PCN1748 &#8211; Atividades de Extens\u00e3o I<\/span><\/a><\/p>\n<p><a href=\"https:\/\/uenf.br\/posgraduacao\/ciencias-naturais\/wp-content\/uploads\/sites\/4\/2022\/09\/PCN1749.pdf\" target=\"_blank\" rel=\"noopener\"><span style=\"color: #0000ff\">PCN1749 &#8211; Atividades de Extens\u00e3o II<\/span><\/a><\/p>\n<p><a href=\"https:\/\/uenf.br\/posgraduacao\/ciencias-naturais\/wp-content\/uploads\/sites\/4\/2023\/07\/Plano-Nacional-de-Extensao-Universitaria-3.pdf\" target=\"_blank\" rel=\"noopener\"><span style=\"color: #0000ff\">Plano-Nacional-de-Extensao-Universitaria-3<\/span><\/a><\/p>\n<p><span style=\"color: #0000ff\"><a style=\"color: #0000ff\" href=\"https:\/\/uenf.br\/extensao\/renex\/\" target=\"_blank\" rel=\"noopener\">Rede Nacional de Extens\u00e3o &#8211; RENEX<\/a><\/span><\/p>\n<p><span style=\"color: #000000\">Propostas de a\u00e7\u00f5es e projetos de extens\u00e3o podem ser submetidas para avalia\u00e7\u00e3o da Comiss\u00e3o Coordenadora por meio do encaminhamento do formul\u00e1rio abaixo para o e-mail pgcn@uenf.br. Para classifica\u00e7\u00e3o da \u00e1rea tem\u00e1tica e linha de extens\u00e3o consulte o documento <span style=\"color: #0000ff\"><a style=\"color: #0000ff\" href=\"https:\/\/uenf.br\/extensao\/wp-content\/uploads\/2023\/02\/Areas-Tematicas-e-Linhas-de-Extensao.pdf\" target=\"_blank\" rel=\"noopener\"><strong>\u00c1reas Tem\u00e1ticas e Linhas de Extens\u00e3o<\/strong><\/a><strong>.<\/strong><\/span><br \/>\n<\/span><\/p>\n<p><span style=\"color: #0000ff\"><a style=\"color: #0000ff\" href=\"https:\/\/uenf.br\/posgraduacao\/ciencias-naturais\/wp-content\/uploads\/sites\/4\/2023\/07\/PPGCN-Formulario-para-cadastramento-extensao-1.pdf\" target=\"_blank\" rel=\"noopener\"><strong>FORMUL\u00c1RIO PARA CADASTRAMENTO DE ATIVIDADES DE EXTENS\u00c3O NO PPGCN<\/strong><\/a><\/span><\/p>\n<p><span style=\"color: #000000\">Os discentes de mestrado e doutorado do PPGCN\u00a0 podem\u00a0 consultar as a\u00e7\u00f5es e atividades de extens\u00e3o oferecidas pelos docentes do programa e devem <\/span><span style=\"color: #000000\">procurar o docente respons\u00e1vel <\/span><span style=\"color: #000000\">para viabilizar a sua participa\u00e7\u00e3o na equipe para oferecimento de atividades e\/ou a\u00e7\u00f5es relacionadas aos projetos cadastrados.\u00a0 Ap\u00f3s a participa\u00e7\u00e3o os discentes solicitam por meio do envio do &#8220;formul\u00e1rio para relat\u00f3rio de participa\u00e7\u00e3o em atividades de extens\u00e3o do PPGCN&#8221;\u00a0 a valida\u00e7\u00e3o de sua participa\u00e7\u00e3o e credita\u00e7\u00e3o\u00a0 em Atividades de Extens\u00e3o I\u00a0 e\/ou\u00a0 Atividades de Extens\u00e3o II. A participa\u00e7\u00e3o dos discentes e defini\u00e7\u00e3o das a\u00e7\u00f5es e atividades no projeto cadastrado deve ser\u00a0 feita em comum acordo com o coordenador do projeto.<br \/>\n<\/span><\/p>\n<p><span style=\"color: #000000\">O discente e o coordenador da a\u00e7\u00e3o ou projeto de extens\u00e3o dever\u00e3o preencher o formul\u00e1rio de relat\u00f3rio de participa\u00e7\u00e3o e envi\u00e1-lo para o e-mail pgcn@uenf.br at\u00e9 o prazo limite de envio das atas acad\u00eamicas.\u00a0 A coordena\u00e7\u00e3o do PPGCN ir\u00e1 proceder a valida\u00e7\u00e3o da participa\u00e7\u00e3o e lan\u00e7amento\u00a0 na Atividade de Extens\u00e3o correspondente.<\/span><\/p>\n<p><a href=\"https:\/\/uenf.br\/posgraduacao\/ciencias-naturais\/wp-content\/uploads\/sites\/4\/2023\/08\/PPGCN-Formulario-para-relatorio-de-participacao-em-extensao.pdf\"><strong><span style=\"color: #0000ff\">FORMUL\u00c1RIO PARA RELAT\u00d3RIO DE PARTICIPA\u00c7\u00c3O EM ATIVIDADES DE EXTENS\u00c3O NO PPGCN<\/span><\/strong><\/a><\/p>\n<h2 style=\"text-align: center\"><span style=\"color: #0000ff\"><span style=\"color: #008000\"><a style=\"color: #008000\" href=\"https:\/\/uenf.br\/posgraduacao\/ciencias-naturais\/?page_id=6229&amp;preview=true\" target=\"_blank\" rel=\"noopener\"><strong>CONSULTE AQUI OS PROJETOS E A\u00c7\u00d5ES DE EXTENS\u00c3O DO PPGCN!<\/strong><\/a><\/span><\/span><\/h2>\n","protected":false},"excerpt":{"rendered":"<p>As Atividades de Extens\u00e3o do Programa de P\u00f3s-Gradua\u00e7\u00e3o em Ci\u00eancias Naturais da UENF\u00a0 (PPGCN) tem como objetivo promover e intensificar&#8230;<\/p>\n","protected":false},"author":10,"featured_media":0,"parent":0,"menu_order":40,"comment_status":"closed","ping_status":"closed","template":"","meta":{"footnotes":""},"class_list":["post-5928","page","type-page","status-publish","hentry"],"_links":{"self":[{"href":"https:\/\/uenf.br\/posgraduacao\/ciencias-naturais\/wp-json\/wp\/v2\/pages\/5928","targetHints":{"allow":["GET"]}}],"collection":[{"href":"https:\/\/uenf.br\/posgraduacao\/ciencias-naturais\/wp-json\/wp\/v2\/pages"}],"about":[{"href":"https:\/\/uenf.br\/posgraduacao\/ciencias-naturais\/wp-json\/wp\/v2\/types\/page"}],"author":[{"embeddable":true,"href":"https:\/\/uenf.br\/posgraduacao\/ciencias-naturais\/wp-json\/wp\/v2\/users\/10"}],"replies":[{"embeddable":true,"href":"https:\/\/uenf.br\/posgraduacao\/ciencias-naturais\/wp-json\/wp\/v2\/comments?post=5928"}],"version-history":[{"count":0,"href":"https:\/\/uenf.br\/posgraduacao\/ciencias-naturais\/wp-json\/wp\/v2\/pages\/5928\/revisions"}],"wp:attachment":[{"href":"https:\/\/uenf.br\/posgraduacao\/ciencias-naturais\/wp-json\/wp\/v2\/media?parent=5928"}],"curies":[{"name":"wp","href":"https:\/\/api.w.org\/{rel}","templated":true}]}}