{"id":6354,"date":"2023-10-01T14:03:23","date_gmt":"2023-10-01T14:03:23","guid":{"rendered":"https:\/\/uenf.br\/posgraduacao\/ciencias-naturais\/?page_id=6354"},"modified":"2023-10-18T20:25:50","modified_gmt":"2023-10-18T20:25:50","slug":"transparencia-no-ppgcn","status":"publish","type":"page","link":"https:\/\/uenf.br\/posgraduacao\/ciencias-naturais\/transparencia-no-ppgcn\/","title":{"rendered":"TRANSPAR\u00caNCIA NO PPGCN"},"content":{"rendered":"<h1><a href=\"https:\/\/uenf.br\/posgraduacao\/ciencias-naturais\/transparencia-no-ppgcn\/fluxo-discente-e-concessao-de-bolsas-de-formacao\/\" target=\"_blank\" rel=\"noopener\"><span style=\"color: #000000\">Informa\u00e7\u00f5es sobre fluxo discente e concess\u00e3o de bolsas de forma\u00e7\u00e3o<\/span><\/a><\/h1>\n<h1><a href=\"https:\/\/uenf.br\/posgraduacao\/ciencias-naturais\/transparencia-no-ppgcn\/projetos-e-recursos-financeiros-do-ppgcn\/\" target=\"_blank\" rel=\"noopener\"><span style=\"color: #000000\">Projetos e recursos financeiros do PPGCN<\/span><\/a><\/h1>\n<p>&nbsp;<\/p>\n","protected":false},"excerpt":{"rendered":"<p>Informa\u00e7\u00f5es sobre fluxo discente e concess\u00e3o de bolsas de forma\u00e7\u00e3o Projetos e recursos financeiros do PPGCN &nbsp;<\/p>\n","protected":false},"author":10,"featured_media":0,"parent":0,"menu_order":98,"comment_status":"closed","ping_status":"closed","template":"","meta":{"footnotes":""},"class_list":["post-6354","page","type-page","status-publish","hentry"],"_links":{"self":[{"href":"https:\/\/uenf.br\/posgraduacao\/ciencias-naturais\/wp-json\/wp\/v2\/pages\/6354","targetHints":{"allow":["GET"]}}],"collection":[{"href":"https:\/\/uenf.br\/posgraduacao\/ciencias-naturais\/wp-json\/wp\/v2\/pages"}],"about":[{"href":"https:\/\/uenf.br\/posgraduacao\/ciencias-naturais\/wp-json\/wp\/v2\/types\/page"}],"author":[{"embeddable":true,"href":"https:\/\/uenf.br\/posgraduacao\/ciencias-naturais\/wp-json\/wp\/v2\/users\/10"}],"replies":[{"embeddable":true,"href":"https:\/\/uenf.br\/posgraduacao\/ciencias-naturais\/wp-json\/wp\/v2\/comments?post=6354"}],"version-history":[{"count":0,"href":"https:\/\/uenf.br\/posgraduacao\/ciencias-naturais\/wp-json\/wp\/v2\/pages\/6354\/revisions"}],"wp:attachment":[{"href":"https:\/\/uenf.br\/posgraduacao\/ciencias-naturais\/wp-json\/wp\/v2\/media?parent=6354"}],"curies":[{"name":"wp","href":"https:\/\/api.w.org\/{rel}","templated":true}]}}