{"id":6783,"date":"2024-03-26T18:26:42","date_gmt":"2024-03-26T18:26:42","guid":{"rendered":"https:\/\/uenf.br\/posgraduacao\/ciencias-naturais\/?page_id=6783"},"modified":"2025-01-16T12:18:56","modified_gmt":"2025-01-16T12:18:56","slug":"edital-pdse-2024-2","status":"publish","type":"page","link":"https:\/\/uenf.br\/posgraduacao\/ciencias-naturais\/editais-e-processos-seletivos\/edital-pdse\/edital-pdse-2024-2\/","title":{"rendered":"EDITAL PDSE &#8211; 2024-2"},"content":{"rendered":"<p><a href=\"https:\/\/uenf.br\/posgraduacao\/ciencias-naturais\/wp-content\/uploads\/sites\/4\/2024\/03\/Edital_PPGCN.PDSE_.2024-2.pdf\"><span style=\"color: #0000ff\">Edital interno PGCN-PDSE-2024-2 &#8211; Doutorado Sandu\u00edche no Exterior<\/span><\/a><\/p>\n<p><span style=\"color: #0000ff\"><a style=\"color: #0000ff\" href=\"https:\/\/uenf.br\/posgraduacao\/ciencias-naturais\/wp-content\/uploads\/sites\/4\/2024\/04\/Edital-PPGCN-PDSE-2024.2-Retificacao-do-Cronograma.pdf\">Edital PPGCN PDSE 2024.2 &#8211; Retifica\u00e7\u00e3o do Cronograma<\/a><\/span><\/p>\n<p>&nbsp;<\/p>\n<p><span style=\"color: #000000\">Veja tamb\u00e9m: \u00a0\u00a0 <a href=\"https:\/\/uenf.br\/posgraduacao\/ciencias-naturais\/wp-content\/uploads\/sites\/4\/2024\/03\/Edital-PROPPG-UENF-PDSE-01-2024.pdf\" target=\"_blank\" rel=\"noopener\"><span style=\"color: #0000ff\">Edital PROPPG-01-24 PDSE<\/span><\/a><\/span><\/p>\n<p><span style=\"color: #000000\">\u00a0\u00a0\u00a0\u00a0\u00a0\u00a0\u00a0\u00a0\u00a0\u00a0\u00a0\u00a0\u00a0\u00a0\u00a0\u00a0\u00a0\u00a0\u00a0\u00a0\u00a0\u00a0\u00a0\u00a0\u00a0\u00a0\u00a0\u00a0 <a href=\"https:\/\/uenf.br\/posgraduacao\/ciencias-naturais\/wp-content\/uploads\/sites\/4\/2024\/03\/Edital-Capes-PDSE-06-2024.pdf\"><span style=\"color: #0000ff\">Edital PDSE-CAPES 06-2024<\/span><\/a><\/span><\/p>\n<p>&nbsp;<\/p>\n<p><span style=\"color: #0000ff\"><strong>Comiss\u00e3o de sele\u00e7\u00e3o de candidaturas:<\/strong><\/span><\/p>\n<p>Professor Marcelo Gomes da Silva &#8211; presidente<\/p>\n<p>Professor Rodrigo Rodrigues de Oliveira<\/p>\n<p>Professor Roberto Weider de Assis Franco<\/p>\n<p>Professor Luis Guilherme Mansor Basso<\/p>\n<p>Professor Sergio Luis Cardoso\u00a0 &#8211; Suplente<\/p>\n<p>&nbsp;<\/p>\n<p><span style=\"color: #0000ff\"><strong>Candidatos inscritos: <\/strong><span style=\"color: #000000\">Hellen Gon\u00e7alves Vieira<\/span><\/span><\/p>\n<p><span style=\"color: #000000\"><strong><span style=\"color: #0000ff\">Resultado do Processo de Sele\u00e7\u00e3o:<\/span> <\/strong>Candidatos aprovado para indica\u00e7\u00e3o do PPGCN:<\/span><\/p>\n<p><span style=\"color: #000000\">Hellen Goncalves Vieira<\/span><\/p>\n<p><strong><span style=\"color: #0000ff\"><a style=\"color: #0000ff\" href=\"http:\/\/uenf.br\/posgraduacao\/ciencias-naturais\/wp-content\/uploads\/sites\/4\/2025\/01\/PDSE-2024-2-Ata-de-selec\u0327a\u0303o.pdf\">Ata de Sele\u00e7\u00e3o Edital PDSE &#8211; PPGCN &#8211; 2024-2<\/a><\/span><\/strong><\/p>\n","protected":false},"excerpt":{"rendered":"<p>Edital interno PGCN-PDSE-2024-2 &#8211; Doutorado Sandu\u00edche no Exterior Edital PPGCN PDSE 2024.2 &#8211; Retifica\u00e7\u00e3o do Cronograma &nbsp; Veja tamb\u00e9m: \u00a0\u00a0&#8230;<\/p>\n","protected":false},"author":10,"featured_media":0,"parent":3390,"menu_order":1,"comment_status":"closed","ping_status":"closed","template":"","meta":{"footnotes":""},"class_list":["post-6783","page","type-page","status-publish","hentry"],"_links":{"self":[{"href":"https:\/\/uenf.br\/posgraduacao\/ciencias-naturais\/wp-json\/wp\/v2\/pages\/6783","targetHints":{"allow":["GET"]}}],"collection":[{"href":"https:\/\/uenf.br\/posgraduacao\/ciencias-naturais\/wp-json\/wp\/v2\/pages"}],"about":[{"href":"https:\/\/uenf.br\/posgraduacao\/ciencias-naturais\/wp-json\/wp\/v2\/types\/page"}],"author":[{"embeddable":true,"href":"https:\/\/uenf.br\/posgraduacao\/ciencias-naturais\/wp-json\/wp\/v2\/users\/10"}],"replies":[{"embeddable":true,"href":"https:\/\/uenf.br\/posgraduacao\/ciencias-naturais\/wp-json\/wp\/v2\/comments?post=6783"}],"version-history":[{"count":0,"href":"https:\/\/uenf.br\/posgraduacao\/ciencias-naturais\/wp-json\/wp\/v2\/pages\/6783\/revisions"}],"up":[{"embeddable":true,"href":"https:\/\/uenf.br\/posgraduacao\/ciencias-naturais\/wp-json\/wp\/v2\/pages\/3390"}],"wp:attachment":[{"href":"https:\/\/uenf.br\/posgraduacao\/ciencias-naturais\/wp-json\/wp\/v2\/media?parent=6783"}],"curies":[{"name":"wp","href":"https:\/\/api.w.org\/{rel}","templated":true}]}}