{"id":7005,"date":"2024-05-09T17:55:52","date_gmt":"2024-05-09T17:55:52","guid":{"rendered":"https:\/\/uenf.br\/posgraduacao\/ciencias-naturais\/?page_id=7005"},"modified":"2024-05-09T17:55:52","modified_gmt":"2024-05-09T17:55:52","slug":"proceso-de-seleccion-2024-2","status":"publish","type":"page","link":"https:\/\/uenf.br\/posgraduacao\/ciencias-naturais\/avisos-y-procesos-de-seleccion\/maestro-y-doctorado\/proceso-de-seleccion-2024-2\/","title":{"rendered":"Proceso de Selecci\u00f3n &#8211; 2024-2"},"content":{"rendered":"<p><span style=\"color: #000000\"><a style=\"color: #000000\" href=\"https:\/\/uenf.br\/posgraduacao\/ciencias-naturais\/editais-e-processos-seletivos\/mestrado-e-doutorado\/processo-seletivo-2024-2\/\">\u00a1Acceda al aviso en portugu\u00e9s aqu\u00ed!<\/a><\/span><\/p>\n<p><span style=\"color: #000000\">Si necesita una versi\u00f3n en ingl\u00e9s del aviso, comun\u00edquese con el coordinador del programa por correo electr\u00f3nico: pgcn@uenf.br<\/span><\/p>\n","protected":false},"excerpt":{"rendered":"<p>\u00a1Acceda al aviso en portugu\u00e9s aqu\u00ed! Si necesita una versi\u00f3n en ingl\u00e9s del aviso, comun\u00edquese con el coordinador del programa&#8230;<\/p>\n","protected":false},"author":10,"featured_media":0,"parent":3688,"menu_order":74,"comment_status":"closed","ping_status":"closed","template":"","meta":{"footnotes":""},"class_list":["post-7005","page","type-page","status-publish","hentry"],"_links":{"self":[{"href":"https:\/\/uenf.br\/posgraduacao\/ciencias-naturais\/wp-json\/wp\/v2\/pages\/7005","targetHints":{"allow":["GET"]}}],"collection":[{"href":"https:\/\/uenf.br\/posgraduacao\/ciencias-naturais\/wp-json\/wp\/v2\/pages"}],"about":[{"href":"https:\/\/uenf.br\/posgraduacao\/ciencias-naturais\/wp-json\/wp\/v2\/types\/page"}],"author":[{"embeddable":true,"href":"https:\/\/uenf.br\/posgraduacao\/ciencias-naturais\/wp-json\/wp\/v2\/users\/10"}],"replies":[{"embeddable":true,"href":"https:\/\/uenf.br\/posgraduacao\/ciencias-naturais\/wp-json\/wp\/v2\/comments?post=7005"}],"version-history":[{"count":0,"href":"https:\/\/uenf.br\/posgraduacao\/ciencias-naturais\/wp-json\/wp\/v2\/pages\/7005\/revisions"}],"up":[{"embeddable":true,"href":"https:\/\/uenf.br\/posgraduacao\/ciencias-naturais\/wp-json\/wp\/v2\/pages\/3688"}],"wp:attachment":[{"href":"https:\/\/uenf.br\/posgraduacao\/ciencias-naturais\/wp-json\/wp\/v2\/media?parent=7005"}],"curies":[{"name":"wp","href":"https:\/\/api.w.org\/{rel}","templated":true}]}}