{"id":7299,"date":"2024-10-15T16:00:52","date_gmt":"2024-10-15T16:00:52","guid":{"rendered":"https:\/\/uenf.br\/posgraduacao\/ciencias-naturais\/?page_id=7299"},"modified":"2024-11-07T22:08:02","modified_gmt":"2024-11-07T22:08:02","slug":"proceso-de-seleccion-2025-1","status":"publish","type":"page","link":"https:\/\/uenf.br\/posgraduacao\/ciencias-naturais\/avisos-y-procesos-de-seleccion\/maestro-y-doctorado\/proceso-de-seleccion-2025-1\/","title":{"rendered":"Proceso de Selecci\u00f3n 2025-1"},"content":{"rendered":"<h2 align=\"center\"><span style=\"color: #000000\"><strong>PERIODO DE INSCRIPCIONES:<\/strong><\/span><\/h2>\n<h2 align=\"center\"><strong><span style=\"color: #000000\">\u00a0 del 21 de octubre de 2024\u00a0 al 19 de noviembre de 2024<\/span><br \/>\n<\/strong><\/h2>\n<h3 style=\"text-align: center\"><span style=\"color: #ff0000\"><strong>(improrrogable)<\/strong><\/span><\/h3>\n<p style=\"text-align: center\"><a href=\"https:\/\/uenf.br\/posgraduacao\/ciencias-naturais\/avisos-y-procesos-de-seleccion\/maestro-y-doctorado\/proceso-de-seleccion-2025-1\/passos-del-proceso-de-seleccion\/\" target=\"_blank\" rel=\"noopener\"><img loading=\"lazy\" decoding=\"async\" class=\"wp-image-7314 size-full aligncenter\" src=\"http:\/\/uenf.br\/posgraduacao\/ciencias-naturais\/wp-content\/uploads\/sites\/4\/2024\/10\/Icone-seguir-proceso-seleccion-espanhol-2025-1.jpg\" alt=\"\" width=\"496\" height=\"160\" srcset=\"https:\/\/uenf.br\/posgraduacao\/ciencias-naturais\/wp-content\/uploads\/sites\/4\/2024\/10\/Icone-seguir-proceso-seleccion-espanhol-2025-1.jpg 496w, https:\/\/uenf.br\/posgraduacao\/ciencias-naturais\/wp-content\/uploads\/sites\/4\/2024\/10\/Icone-seguir-proceso-seleccion-espanhol-2025-1-300x97.jpg 300w\" sizes=\"auto, (max-width: 496px) 100vw, 496px\" \/><\/a><\/p>\n<h3 align=\"center\"><span style=\"color: #0000ff\"><span style=\"color: #0000ff\"><a href=\"http:\/\/uenf.br\/posgraduacao\/ciencias-naturais\/wp-content\/uploads\/sites\/4\/2024\/10\/Aviso-de-Seleccion-PPGCN-2025-1.pdf\"><span style=\"color: #0000ff\">Aviso de Selecci\u00f3n PPGCN-2025-1<\/span><\/a><\/span><\/span><\/h3>\n<h3 align=\"center\"><a href=\"http:\/\/uenf.br\/posgraduacao\/ciencias-naturais\/wp-content\/uploads\/sites\/4\/2024\/11\/Adjuntos-1-a-6-Aviso-de-seleccion-PPGCN-2025-retificado1.pdf\"><span style=\"color: #0000ff\">Archivos adjuntos 1 a 6 Aviso de Selecci\u00f3n PPGCN-2025-1-rectificado<\/span><\/a><\/h3>\n<p><span style=\"color: #000000\"><strong>INSCRIPCI\u00d3N EXCLUSIVAMENTE POR MEDIOS ELECTR\u00d3NICOS:<\/strong> Los candidatos deber\u00e1n utilizar un correo electr\u00f3nico GMAIL para el env\u00edo de documentos v\u00eda formulario electr\u00f3nico. Los candidatos que no tengan un correo electr\u00f3nico de gmail deber\u00e1n crear una cuenta.<br \/>\n<\/span><\/p>\n<ul>\n<li><a href=\"https:\/\/forms.gle\/L9UAnwmo1MmP3PPy9\" target=\"_blank\" rel=\"noopener\"><span style=\"color: #0000ff\"><strong>ACCEDA AL FORMULARIO ELECTR\u00d3NICO PARA PRESENTAR LA INSCRIPCI\u00d3N AQU\u00cd<\/strong><\/span><\/a><\/li>\n<\/ul>\n<p><span style=\"color: #000000\"><strong>FORMULARIOS Y PLANTILLAS:<\/strong> NO SE ACEPTAR\u00c1N FORMULARIOS DISTINTOS A LOS DISPONIBLES PARA COMPLETAR ELECTR\u00d3NICAMENTE (ENV\u00cdO DE FORMULARIOS CON CONVERSIONES DE TEXTO A PDF Y VICEVERSA, FORMULARIOS ESCANEANADOS Y RELLENADOS A MANO, FORMULARIOS GUARDADOS COMO IMAGEN O CUALQUIER OTRA FORMA DE CAMBIAR EL FORMULARIO PARA LA CUMPLIMENTACI\u00d3N ELECTR\u00d3NICA EN PDF TENDR\u00c1 LA CONSECUENCIA DE NO APROBACI\u00d3N DE LA INSCRIPCI\u00d3N.<\/span><\/p>\n<p><span style=\"color: #000000\"><strong>ATEN\u00c7\u00c3O:\u00a0 para utiliza\u00e7\u00e3o dos formul\u00e1rios pdf eletr\u00f4nicos recomenda-se a instala\u00e7\u00e3o da vers\u00e3o mais recente do <a style=\"color: #000000\" href=\"https:\/\/get.adobe.com\/br\/reader\/\" target=\"_blank\" rel=\"noopener\">ADOBE ACROBAT READER DC<\/a>\u00a0 para o seu sistema operacional (dispon\u00edvel gratuitamente) .\u00a0 Se voc\u00ea est\u00e1 tendo problemas com a utiliza\u00e7\u00e3o da op\u00e7\u00e3o\u00a0 de formul\u00e1rio eletr\u00f4nico procure resolver antes no prazo final de inscri\u00e7\u00e3o.<br \/>\n<\/strong><\/span><\/p>\n<p><span style=\"color: #000000\"><strong><span style=\"color: #ff0000\">ATENCI\u00d3N:<\/span><\/strong> para utilizar formularios electr\u00f3nicos PDF, se recomienda instalar la \u00faltima versi\u00f3n de <a href=\"https:\/\/get.adobe.com\/es\/reader\/\" target=\"_blank\" rel=\"noopener\"><strong><span style=\"color: #0000ff\">ADOBE ACROBAT READER DC<\/span><\/strong><\/a> para su sistema operativo (disponible de forma gratuita). Si tienes problemas al utilizar la opci\u00f3n del formulario electr\u00f3nico, intenta solucionarlos antes de la fecha l\u00edmite de inscripci\u00f3n.<\/span><\/p>\n<p><span style=\"color: #000000\"><strong><span style=\"color: #ff0000\">ATENCI\u00d3N:<\/span> <\/strong>NO UTILICE FORMULARIOS ABIERTOS EN SUS NAVEGADORES \u2013 DESCARGUE EL ARCHIVO PDF PARA COMPLETARLO ELECTR\u00d3NICAMENTE, ABRA CON LA APLICACI\u00d3N ADOBE READER, RELLENE Y GUARDE EN PDF UTILIZANDO EL NOMBRE DEL ARCHIVO COMO SE INDICA EN ESTA P\u00c1GINA Y EN EL AVISO (NO UTILICE LA CONVERSI\u00d3N APLICACIONES). DESPU\u00c9S DE ESTAS ACCIONES, ADJUNTE LOS ARCHIVOS AL REGISTRARSE.<\/span><\/p>\n<p><span style=\"color: #000000\"><strong>Si est\u00e1s utilizando tu tel\u00e9fono celular para completar el formulario PDF y tienes dificultades:<\/strong><\/span><\/p>\n<p><span style=\"color: #000000\"><strong>Opci\u00f3n 1: <\/strong>si est\u00e1 utilizando IPHONE o ANDROID, guarde el archivo en Google Drive y consulte las instrucciones en este enlace <a href=\"https:\/\/support.google.com\/drive\/answer\/9463834?hl=es&amp;co=GENIE.Platform%3DiOS&amp;sjid=824985893883062512-SA\" target=\"_blank\" rel=\"noopener\"><span style=\"color: #0000ff\"><strong>LEER AQU\u00cd<\/strong><\/span><\/a><\/span><\/p>\n<p><span style=\"color: #000000\"><strong>Opci\u00f3n 2 \u2013<\/strong> si est\u00e1s usando un IPHONE, guarda el documento en archivos y consulte las instrucciones en este enlace <a href=\"https:\/\/support.apple.com\/es-es\/guide\/iphone\/iph1d3607e5c\/ios\" target=\"_blank\" rel=\"noopener\"><span style=\"color: #0000ff\"><strong>LEER AQU\u00cd<\/strong><\/span><\/a><\/span><\/p>\n<p><a href=\"http:\/\/uenf.br\/posgraduacao\/ciencias-naturais\/wp-content\/uploads\/sites\/4\/2024\/10\/Formulario-1-inscripcion-pdf-eletronico-2025-1.pdf\"><strong><span style=\"color: #0000ff\">FORMULARIO 1 \u2013 INSCRIPCI\u00d3N<\/span><\/strong><\/a><br \/>\n<span style=\"color: #000000\">Ll\u00e9nelo electr\u00f3nicamente, firme (este formulario acepta la inserci\u00f3n de un archivo de imagen para firma &#8211; archivo png o jpg con firma) y gu\u00e1rdelo en PDF, nombrando el archivo seg\u00fan las instrucciones del aviso de selecci\u00f3n (formulario-1-PPGCN-2025- 1-nombre completo). Utilice \u00fanicamente el formulario electr\u00f3nico proporcionado para el registro. No utilice un formulario alterado, escaneado o guardado con una imagen; \u00a1consulte las instrucciones anteriores!<\/span><\/p>\n<p><span style=\"color: #000000\"><strong>FORMULARIO \u2013 CARTA DE REFERENCIA \u2013 Elija una de las siguientes opciones<\/strong><\/span><br \/>\n<span style=\"color: #000000\">Los candidatos deber\u00e1n aportar tres cartas de referencia firmadas por personas vinculadas a la formaci\u00f3n universitaria o a las actividades profesionales del candidato. Elija una de las opciones de formulario a continuaci\u00f3n, complete la informaci\u00f3n preliminar sobre su solicitud, guarde el archivo en PDF nombrando el archivo como: <strong>Carta de Recomendaci\u00f3n \u2013 PPGCN-2025-1 \u2013 Nombre completo<\/strong>. Remitir al declarante solicitando cumplimentaci\u00f3n y env\u00edo al correo electr\u00f3nico: <strong>pgcn@uenf.br<\/strong>. No se considerar\u00e1n las cartas recibidas por correo electr\u00f3nico de PPGCN despu\u00e9s de la fecha l\u00edmite de inscripci\u00f3n.<\/span><br \/>\n<span style=\"color: #000000\"><strong><span style=\"color: #0000ff\"><a style=\"color: #0000ff\" href=\"http:\/\/uenf.br\/posgraduacao\/ciencias-naturais\/wp-content\/uploads\/sites\/4\/2024\/10\/Formulario-Carta-de-referencia-pdf-eletronico-2025-1.pdf\">\u2013 Opci\u00f3n 1 &#8211; PDF Eletr\u00f3nico:<\/a> <\/span><\/strong>Complete electr\u00f3nicamente y gu\u00e1rdelo como PDF, nombra el archivo y proceda como se indic\u00f3 anteriormente. (este formulario acepta la inserci\u00f3n de un archivo de imagen \u2013png o jpg\u2013 con firma).<\/span><br \/>\n<span style=\"color: #000000\"><strong><span style=\"color: #0000ff\"><a style=\"color: #0000ff\" href=\"http:\/\/uenf.br\/posgraduacao\/ciencias-naturais\/wp-content\/uploads\/sites\/4\/2024\/10\/Formulario-Carta-de-referencia-pdf-imprimir-2025-1.pdf\">\u2013 Opci\u00f3n 2 &#8211; PDF Imprimir:<\/a> <\/span><\/strong>\u00a0Imprimir, completar la informaci\u00f3n preliminar con letra legible, escanear y guardar como PDF, nombrando el archivo, siguiendo las instrucciones anteriores.<\/span><\/p>\n<p><strong><span style=\"color: #000000\">ADJUNTO 3 (CANDIDATOS A MAESTRIA) Y ADJUNTO 4 (CANDIDATOS A DOCTORADO)<\/span><\/strong><br \/>\n<span style=\"color: #000000\">La evaluaci\u00f3n observar\u00e1 la realizaci\u00f3n de la autoevaluaci\u00f3n del candidato y el correcto ordenamiento de los documentos de acuerdo con los \u00edtems 8.1.2.1 y 8.1.2.2 (maestr\u00eda) y 8.2.2.1 y 8.2.2.2 (doctorado). S\u00f3lo se considerar\u00e1n aquellos elementos que hayan sido acreditados y registrados en el Curriculum Lattes o CV equivalente para candidatos extranjeros.<\/span><\/p>\n<p><a href=\"http:\/\/uenf.br\/posgraduacao\/ciencias-naturais\/wp-content\/uploads\/sites\/4\/2024\/10\/Adjunto-3-Tabla-de-puntuacion-maestria-2025-1.pdf\"><strong><span style=\"color: #0000ff\">ADJUNTO 3 (MAESTRIA)<\/span><\/strong><\/a><br \/>\n<span style=\"color: #000000\">Completar electr\u00f3nicamente y guardar en PDF, nombrando el expediente como <strong>Adjunto 3-PPGCN-2025-1-nombre completo.<\/strong> Proceder de acuerdo con las instrucciones de los puntos 2.2.2.1.3 (documentaci\u00f3n 2) y 6.3.1 del aviso.<\/span><\/p>\n<p><a href=\"http:\/\/uenf.br\/posgraduacao\/ciencias-naturais\/wp-content\/uploads\/sites\/4\/2024\/10\/Adjunto-4-Tabla-de-puntuacion-doctorado-2025-1.pdf\"><strong><span style=\"color: #0000ff\">ADJUNTO 4 (DOCTORADO)<\/span><\/strong><\/a><br \/>\n<span style=\"color: #000000\">llenar electr\u00f3nicamente y guardar en PDF nombrando el expediente como <strong>Adjunto 4-PPGCN-2025-1-nombre completo<\/strong>. Proceder de acuerdo con las instrucciones de los puntos 2.2.2.1.3 (documentaci\u00f3n 2) y 6.3.1 del aviso.<\/span><\/p>\n<p><a href=\"https:\/\/uenf.br\/posgraduacao\/ciencias-naturais\/avisos-y-procesos-de-seleccion\/maestro-y-doctorado\/proceso-de-seleccion-2025-1\/materiales-y-articulos-para-la-prueba-de-conocimientos-generales\/\" target=\"_blank\" rel=\"noopener\"><span style=\"color: #0000ff\"><strong>MATERIALES Y ART\u00cdCULOS PARA LA PRUEBA DE CONOCIMIENTOS GENERALES<\/strong><\/span><\/a><\/p>\n","protected":false},"excerpt":{"rendered":"<p>PERIODO DE INSCRIPCIONES: \u00a0 del 21 de octubre de 2024\u00a0 al 19 de noviembre de 2024 (improrrogable) Aviso de Selecci\u00f3n&#8230;<\/p>\n","protected":false},"author":10,"featured_media":0,"parent":3688,"menu_order":75,"comment_status":"closed","ping_status":"closed","template":"","meta":{"footnotes":""},"class_list":["post-7299","page","type-page","status-publish","hentry"],"_links":{"self":[{"href":"https:\/\/uenf.br\/posgraduacao\/ciencias-naturais\/wp-json\/wp\/v2\/pages\/7299","targetHints":{"allow":["GET"]}}],"collection":[{"href":"https:\/\/uenf.br\/posgraduacao\/ciencias-naturais\/wp-json\/wp\/v2\/pages"}],"about":[{"href":"https:\/\/uenf.br\/posgraduacao\/ciencias-naturais\/wp-json\/wp\/v2\/types\/page"}],"author":[{"embeddable":true,"href":"https:\/\/uenf.br\/posgraduacao\/ciencias-naturais\/wp-json\/wp\/v2\/users\/10"}],"replies":[{"embeddable":true,"href":"https:\/\/uenf.br\/posgraduacao\/ciencias-naturais\/wp-json\/wp\/v2\/comments?post=7299"}],"version-history":[{"count":0,"href":"https:\/\/uenf.br\/posgraduacao\/ciencias-naturais\/wp-json\/wp\/v2\/pages\/7299\/revisions"}],"up":[{"embeddable":true,"href":"https:\/\/uenf.br\/posgraduacao\/ciencias-naturais\/wp-json\/wp\/v2\/pages\/3688"}],"wp:attachment":[{"href":"https:\/\/uenf.br\/posgraduacao\/ciencias-naturais\/wp-json\/wp\/v2\/media?parent=7299"}],"curies":[{"name":"wp","href":"https:\/\/api.w.org\/{rel}","templated":true}]}}