{"id":7729,"date":"2024-12-17T21:21:18","date_gmt":"2024-12-17T21:21:18","guid":{"rendered":"https:\/\/uenf.br\/posgraduacao\/ciencias-naturais\/?page_id=7729"},"modified":"2025-02-16T13:51:23","modified_gmt":"2025-02-16T13:51:23","slug":"etapas-processo-seletivo-edital-ppgcn-pipd-01-2024","status":"publish","type":"page","link":"https:\/\/uenf.br\/posgraduacao\/ciencias-naturais\/editais-e-processos-seletivos\/pos-doutorado\/edital-pos-doutorado-ppgcn-pipd-01-2024\/etapas-processo-seletivo-edital-ppgcn-pipd-01-2024\/","title":{"rendered":"Etapas processo seletivo Edital PPGCN-PIPD-01\/2024"},"content":{"rendered":"<table>\n<tbody>\n<tr>\n<td><span style=\"color: #000000\"><b>Atividades\u00a0<\/b><\/span><\/td>\n<td><span style=\"color: #000000\"><b>Prazos<\/b><\/span><\/td>\n<\/tr>\n<tr>\n<td><span style=\"font-weight: 400;color: #000000\">Inscri\u00e7\u00f5es\u00a0<\/span><\/td>\n<td><span style=\"font-weight: 400;color: #000000\">18\/12\/2024 a 19\/01\/2025<\/span><\/td>\n<\/tr>\n<tr>\n<td><span style=\"font-weight: 400;color: #000000\">Primeira etapa: homologa\u00e7\u00e3o das inscri\u00e7\u00f5es\u00a0<\/span><\/td>\n<td><span style=\"font-weight: 400;color: #000000\">at\u00e9 21\/01\/2025<\/span><\/td>\n<\/tr>\n<tr>\n<td><span style=\"font-weight: 400;color: #000000\">Recurso da primeira etapa\u00a0<\/span><\/td>\n<td><span style=\"font-weight: 400;color: #000000\">at\u00e9 48 horas ap\u00f3s a divulga\u00e7\u00e3o do resultado\u00a0 de homologa\u00e7\u00e3o das inscri\u00e7\u00f5es<\/span><\/td>\n<\/tr>\n<tr>\n<td><span style=\"font-weight: 400;color: #000000\">Resultado definitivo da primeira etapa\u00a0<\/span><\/td>\n<td><span style=\"font-weight: 400;color: #000000\">at\u00e9 24\/02\/2025<\/span><\/td>\n<\/tr>\n<tr>\n<td><span style=\"font-weight: 400;color: #000000\">Segunda Etapa: Avalia\u00e7\u00e3o CV e documentos\u00a0<\/span><\/td>\n<td><span style=\"font-weight: 400;color: #000000\">at\u00e9 03\/02\/2025 &#8211; <span style=\"color: #ff0000\">adiado para 04\/02\/2025 at\u00e9 as 18 H<\/span><\/span><\/td>\n<\/tr>\n<tr>\n<td><span style=\"font-weight: 400;color: #000000\">Interposi\u00e7\u00e3o de recurso da Segunda etapa\u00a0<\/span><\/td>\n<td><span style=\"font-weight: 400;color: #000000\">at\u00e9 48 horas ap\u00f3s a divulga\u00e7\u00e3o do resultado da segunda etapa<\/span><\/td>\n<\/tr>\n<tr>\n<td><span style=\"font-weight: 400;color: #000000\">Resultado final da segunda etapa\u00a0<\/span><\/td>\n<td><span style=\"font-weight: 400;color: #000000\">at\u00e9 06\/02\/2025 &#8211; <span style=\"color: #ff0000\">adiado para 10\/02\/2025<\/span><\/span><\/td>\n<\/tr>\n<tr>\n<td><span style=\"font-weight: 400;color: #000000\">Terceira etapa (entrevista remota)\u00a0<\/span><\/td>\n<td><span style=\"font-weight: 400;color: #000000\">Entre 10\/02\/2025 e 14\/02\/2025<\/span><\/td>\n<\/tr>\n<tr>\n<td><span style=\"font-weight: 400;color: #000000\">Resultado da terceira etapa\u00a0<\/span><\/td>\n<td><span style=\"font-weight: 400;color: #000000\">at\u00e9 17\/02\/2025<\/span><\/td>\n<\/tr>\n<tr>\n<td><span style=\"font-weight: 400;color: #000000\">Interposi\u00e7\u00e3o de recurso da Terceira etapa\u00a0<\/span><\/td>\n<td><span style=\"font-weight: 400;color: #000000\">at\u00e9 48 horas ap\u00f3s a divulga\u00e7\u00e3o do resultado da terceira etapa<\/span><\/td>\n<\/tr>\n<tr>\n<td><span style=\"font-weight: 400;color: #000000\">Resultado final\u00a0<\/span><\/td>\n<td><span style=\"font-weight: 400;color: #000000\">At\u00e9 21\/02\/2025<\/span><\/td>\n<\/tr>\n<tr>\n<td><span style=\"font-weight: 400;color: #000000\">Aceite da vaga\u00a0<\/span><\/td>\n<td><span style=\"font-weight: 400;color: #000000\">At\u00e9 26\/02\/2025<\/span><\/td>\n<\/tr>\n<tr>\n<td><span style=\"font-weight: 400;color: #000000\">Implementa\u00e7\u00e3o da bolsa\u00a0<\/span><\/td>\n<td><span style=\"font-weight: 400;color: #000000\">01\/03\/2025<\/span><\/td>\n<\/tr>\n<\/tbody>\n<\/table>\n<p><strong><span style=\"color: #0000ff\">COMISS\u00c3O DE AVALIA\u00c7\u00c3O:<\/span><\/strong><\/p>\n<p><span style=\"color: #000000\">Prof. Sergio Luis Cardoso &#8211; presidente<\/span><br \/>\n<span style=\"color: #000000\">Prof. Victor Gomes Lima Ferraz<\/span><br \/>\n<span style=\"color: #000000\">Prof. Rodrigo Rodrigues de Oliveira<\/span><\/p>\n<p><strong><span style=\"color: #0000ff\">RESULTADOS<\/span><\/strong><\/p>\n<p><strong><span style=\"color: #008000\"><a style=\"color: #008000\" href=\"http:\/\/uenf.br\/posgraduacao\/ciencias-naturais\/wp-content\/uploads\/sites\/4\/2025\/01\/EDITAL-PIPD-2024-PGGCN-Homologac\u0327a\u0303o-das-Inscric\u0327o\u0303es-Resultado-Preliminar-20-01-2025.pdf\">PRIMEIRA ETAPA &#8211; HOMOLOGA\u00c7\u00c3O DAS INSCRI\u00c7\u00d5ES<\/a><\/span><\/strong><\/p>\n<p><strong><span style=\"color: #008000\"><a style=\"color: #008000\" href=\"http:\/\/uenf.br\/posgraduacao\/ciencias-naturais\/wp-content\/uploads\/sites\/4\/2025\/02\/EDITAL-PIPD-2024-PGGCN-Segunda-Etapa-Resultado-Preliminar-04-02-2025.pdf\">SEGUNDA ETAPA &#8211; AVALIA\u00c7\u00c3O CV E DOCUMENTOS &#8211; resultado preliminar<\/a><\/span><\/strong><\/p>\n<p><span style=\"color: #008000\"><strong><a style=\"color: #008000\" href=\"http:\/\/uenf.br\/posgraduacao\/ciencias-naturais\/wp-content\/uploads\/sites\/4\/2025\/02\/EDITAL-PIPD-2024-PGGCN-Segunda-Etapa-Resultado-Final-10-02-2025-1.pdf\">SEGUNDA ETAPA &#8211; AVALIA\u00c7\u00c3O CV E DOCUMENTOS &#8211; resultado final<\/a><\/strong><\/span><\/p>\n<p><strong><span style=\"color: #008000\"><a style=\"color: #008000\" href=\"http:\/\/uenf.br\/posgraduacao\/ciencias-naturais\/wp-content\/uploads\/sites\/4\/2025\/02\/EDITAL-PIPD-2024-PGGCN-Terceira-etapa-entrevistas-data-e-hora\u0301rio.pdf\">TERCEIRA\u00a0 ETAPA &#8211; ENTREVISTAS:\u00a0 DATAS E HOR\u00c1RIOS<\/a><\/span><\/strong><\/p>\n<p>A terceira etapa ser\u00e1 realizada de forma remota. Para viabilizar a<br \/>\nparticipa\u00e7\u00e3o na terceira etapa os candidatos dever\u00e3o possuir ou providenciar acesso a<br \/>\ninternet de acordo com as datas e hor\u00e1rios informados &#8211; O link da respectiva sala ser\u00e1\u00a0 enviado no dia 04\/02\/20256\u00e0s 14:30 H para o e-mail informado pelo candidato no ato de inscri\u00e7\u00e3o &#8211; caso n\u00e3o receba o link informe a coordena\u00e7\u00e3o PPGCN at\u00e9 as 12:00 H o dia 05\/02\/2025<\/p>\n<p><span style=\"color: #008000\"><strong><a style=\"color: #008000\" href=\"http:\/\/uenf.br\/posgraduacao\/ciencias-naturais\/wp-content\/uploads\/sites\/4\/2025\/02\/EDITAL-PIPD-2024-PGGCN-Terceira-Etapa-Resultado-Preliminar-12-02-2025-1.pdf\">TERCEIRA\u00a0 ETAPA &#8211; ENTREVISTAS &#8211; resultado preliminar<\/a><\/strong><\/span><\/p>\n<p><span style=\"color: #008000\"><strong>TERCEIRA\u00a0 ETAPA &#8211; ENTREVISTAS &#8211; resultado final<\/strong><\/span><\/p>\n<p><strong><span style=\"color: #008000\"><a style=\"color: #008000\" href=\"http:\/\/uenf.br\/posgraduacao\/ciencias-naturais\/wp-content\/uploads\/sites\/4\/2025\/02\/EDITAL-PPGCN-PIPD-N\u00b0-01_2024-RESULTADO-FINAL.pdf\">EDITAL PPGCN-PIPD N\u00b0 01_2024 &#8211; RESULTADO FINAL<\/a><\/span><\/strong><\/p>\n<p><span style=\"color: #000000\">A candidata aprovada <strong>Adriana Ferreira de Souza Cardinot<\/strong> dever\u00e1 preencher, assinar digitalmente (gov.br) e enviar para pgcn@uenf.br o termo de compromisso (aceite) de acordo com o anexo I do edital at\u00e9 o dia 26\/02\/2025.<\/span><\/p>\n","protected":false},"excerpt":{"rendered":"<p>Atividades\u00a0 Prazos Inscri\u00e7\u00f5es\u00a0 18\/12\/2024 a 19\/01\/2025 Primeira etapa: homologa\u00e7\u00e3o das inscri\u00e7\u00f5es\u00a0 at\u00e9 21\/01\/2025 Recurso da primeira etapa\u00a0 at\u00e9 48 horas&#8230;<\/p>\n","protected":false},"author":10,"featured_media":0,"parent":7722,"menu_order":0,"comment_status":"closed","ping_status":"closed","template":"","meta":{"footnotes":""},"class_list":["post-7729","page","type-page","status-publish","hentry"],"_links":{"self":[{"href":"https:\/\/uenf.br\/posgraduacao\/ciencias-naturais\/wp-json\/wp\/v2\/pages\/7729","targetHints":{"allow":["GET"]}}],"collection":[{"href":"https:\/\/uenf.br\/posgraduacao\/ciencias-naturais\/wp-json\/wp\/v2\/pages"}],"about":[{"href":"https:\/\/uenf.br\/posgraduacao\/ciencias-naturais\/wp-json\/wp\/v2\/types\/page"}],"author":[{"embeddable":true,"href":"https:\/\/uenf.br\/posgraduacao\/ciencias-naturais\/wp-json\/wp\/v2\/users\/10"}],"replies":[{"embeddable":true,"href":"https:\/\/uenf.br\/posgraduacao\/ciencias-naturais\/wp-json\/wp\/v2\/comments?post=7729"}],"version-history":[{"count":0,"href":"https:\/\/uenf.br\/posgraduacao\/ciencias-naturais\/wp-json\/wp\/v2\/pages\/7729\/revisions"}],"up":[{"embeddable":true,"href":"https:\/\/uenf.br\/posgraduacao\/ciencias-naturais\/wp-json\/wp\/v2\/pages\/7722"}],"wp:attachment":[{"href":"https:\/\/uenf.br\/posgraduacao\/ciencias-naturais\/wp-json\/wp\/v2\/media?parent=7729"}],"curies":[{"name":"wp","href":"https:\/\/api.w.org\/{rel}","templated":true}]}}