{"id":1080,"date":"2015-09-16T13:50:24","date_gmt":"2015-09-16T13:50:24","guid":{"rendered":"http:\/\/uenf.br\/posgraduacao\/engenharia-civil\/?page_id=1080"},"modified":"2015-09-16T13:50:51","modified_gmt":"2015-09-16T13:50:51","slug":"dissertacoes-de-mestrado-2012-felipe-fraga-de-almeida","status":"publish","type":"page","link":"https:\/\/uenf.br\/posgraduacao\/engenharia-civil\/dissertacoes-de-mestrado-2012-felipe-fraga-de-almeida\/","title":{"rendered":"Disserta\u00e7\u00f5es de Mestrado 2012 &#8211; FELIPE FRAGA DE ALMEIDA"},"content":{"rendered":"<p><strong>Resumo<\/strong><\/p>\n<p style=\"text-align: justify\">As ind\u00fastrias de cer\u00e2micas vermelhas do Munic\u00edpio de Campos dos Goytacazes, no Estado do Rio de Janeiro, representam, na atividade econ\u00f4mica, um dos polos mais importantes, possuindo mais de 130 empresas produtoras, as quais geram mais de 100 milh\u00f5es de pe\u00e7as\/m\u00eas, entre telhas, tijolos e lajotas. Este polo utiliza-se do solo encontrado na regi\u00e3o. Sendo o material mais importante para a produ\u00e7\u00e3o de artefatos cer\u00e2micos, principalmente para a confec\u00e7\u00e3o de materiais utilizados pelas ind\u00fastrias da constru\u00e7\u00e3o civil e que \u00e9 adotado, no Brasil, pelo termo de cer\u00e2mica vermelha, torna-se importante conhecer suas caracter\u00edsticas. A utiliza\u00e7\u00e3o de ensaios convencionais vem sendo a \u00fanica proposta para determina\u00e7\u00e3o das propriedades do material cer\u00e2mico. Essas propriedades ficam restritas \u00e0s propriedades f\u00edsicas do material cer\u00e2mico e a propriedade mec\u00e2nica determinada pelo o ensaio de tens\u00e3o de ruptura \u00e0 flex\u00e3o. Com isso, prop\u00f5e a utiliza\u00e7\u00e3o de ensaios, denominados de, n\u00e3o-convencionais, para a determina\u00e7\u00e3o das propriedades mec\u00e2nicas mais abrangente e tamb\u00e9m de durabilidade do material cer\u00e2mico. Para os n\u00e3o-convencionais s\u00e3o utilizados os ensaios de resist\u00eancia \u00e0 tra\u00e7\u00e3o pelo, ensaio compress\u00e3o diametral, ensaio brasileiro, m\u00e9todo de cunha e tamb\u00e9m pelo ensaio mini-pressiom\u00e9trico. Os ensaios de durabilidade proposto s\u00e3o os ensaios slake durability e o micro-Deval. Os ensaios n\u00e3o-conv\u00eancionais, principalmente os ensaios de tra\u00e7\u00e3o \u00e0 compress\u00e3o diamentral, ensaios brasileiro e o mini-pressiom\u00e9trico, demonstram uma boa rela\u00e7\u00e3o entre si, tornando esses ensaios coerentes. As amostras testadas pelo m\u00e9todo da cunha apresentaram menores valores, isto deve estar relacionado com falhas ocorridas durante o processo de confec\u00e7\u00e3o e execu\u00e7\u00e3o do ensaio. O material cer\u00e2mico apresenta uma durabilidade muito elevada, como foi determinado pelos ensaios de durabilidade.<\/p>\n<p style=\"text-align: right\"><a href=\"http:\/\/uenf.br\/posgraduacao\/engenharia-civil\/wp-content\/uploads\/sites\/3\/2015\/09\/Felipe-Fraga-de-Almeida.pdf\">Download aqui.<\/a><\/p>\n","protected":false},"excerpt":{"rendered":"<p>Resumo As ind\u00fastrias de cer\u00e2micas vermelhas do Munic\u00edpio de Campos dos Goytacazes, no Estado do Rio de Janeiro, representam, na&#8230;<\/p>\n","protected":false},"author":8,"featured_media":0,"parent":0,"menu_order":0,"comment_status":"closed","ping_status":"closed","template":"","meta":{"footnotes":""},"class_list":["post-1080","page","type-page","status-publish","hentry"],"_links":{"self":[{"href":"https:\/\/uenf.br\/posgraduacao\/engenharia-civil\/wp-json\/wp\/v2\/pages\/1080","targetHints":{"allow":["GET"]}}],"collection":[{"href":"https:\/\/uenf.br\/posgraduacao\/engenharia-civil\/wp-json\/wp\/v2\/pages"}],"about":[{"href":"https:\/\/uenf.br\/posgraduacao\/engenharia-civil\/wp-json\/wp\/v2\/types\/page"}],"author":[{"embeddable":true,"href":"https:\/\/uenf.br\/posgraduacao\/engenharia-civil\/wp-json\/wp\/v2\/users\/8"}],"replies":[{"embeddable":true,"href":"https:\/\/uenf.br\/posgraduacao\/engenharia-civil\/wp-json\/wp\/v2\/comments?post=1080"}],"version-history":[{"count":0,"href":"https:\/\/uenf.br\/posgraduacao\/engenharia-civil\/wp-json\/wp\/v2\/pages\/1080\/revisions"}],"wp:attachment":[{"href":"https:\/\/uenf.br\/posgraduacao\/engenharia-civil\/wp-json\/wp\/v2\/media?parent=1080"}],"curies":[{"name":"wp","href":"https:\/\/api.w.org\/{rel}","templated":true}]}}