{"id":1236,"date":"2015-09-16T18:31:04","date_gmt":"2015-09-16T18:31:04","guid":{"rendered":"http:\/\/uenf.br\/posgraduacao\/engenharia-civil\/?page_id=1236"},"modified":"2015-09-16T18:42:52","modified_gmt":"2015-09-16T18:42:52","slug":"dissertacoes-de-mestrado-2004-guilherme-soldati-ferreira","status":"publish","type":"page","link":"https:\/\/uenf.br\/posgraduacao\/engenharia-civil\/dissertacoes-de-mestrado-2004-guilherme-soldati-ferreira\/","title":{"rendered":"Disserta\u00e7\u00f5es de Mestrado 2004 &#8211; GUILHERME SOLDATI FERREIRA"},"content":{"rendered":"<p><strong>Resumo<\/strong><\/p>\n<p style=\"text-align: justify\">O Munic\u00edpio de Santo Ant\u00f4nio de P\u00e1dua do Estado do Rio de Janeiro possui um n\u00famero expressivo de ind\u00fatrias de extra\u00e7\u00e3o, desdobramento e beneficiamento de rochas ornamentais em seu territ\u00f3rio. Entretanto, essas empresas dificilmente empregam t\u00e9cnicas de explora\u00e7\u00e3o em conformidade com a sua necessidade, como a utiliza\u00e7\u00e3o de tecnologias que pregam um melhor aproveitamento e maior racionaliza\u00e7\u00e3o das jazidas e do ambiente em torno das mesmas. Para a escolha da t\u00e9cnica mais adequada a ser utilizada no maci\u00e7o, \u00e9 de suma import\u00e2ncia que se conhe\u00e7a o estado de tens\u00f5es en situ presente no maci\u00e7o. Este trabalho teve objetivo principal de determinar o estado de tens\u00f5es in situ de 02 (duas) jazidas de extra\u00e7\u00e3o de rocha ornamental na regi\u00e3o de Santo Ant\u00f4nio de P\u00e1dua, sendo uma jazida extra\u00e7\u00e3o de um gnaisse milonitizado cujo nome comercial \u00e9 &#8216;granito&#8217; olho de pombo e outra extra\u00e7\u00e3o de um gnaisse-feldsp\u00e1tico-milonitizado denominado &#8216;pedra madeira&#8217;. Para isso foram executadas medi\u00e7\u00f5es superficiais em v\u00e1rias dire\u00e7\u00f5es, de deslocamentos de v\u00e1rios pontos fixados nos maci\u00e7os, que se movimentavam \u00e0 medida que o maci\u00e7o era explorado e sofria cortes executados com FlameJet (ma\u00e7arico) e denotava, consequentemente, um relaxamento natural do mesmo. Tudo isso aliado a ensaios de compress\u00e3o em laborat\u00f3rio, com corpos de prova munidos de Strain-Gages (extens\u00f4metro de resist\u00eancia el\u00e9trica), fornecer\u00e1 am trabalho condi\u00e7\u00f5es de se determinar a magnitude e a dire\u00e7\u00e3o das tens\u00f5es in situ contidas em cada maci\u00e7o. Realizou-se tamb\u00e9m a classifica\u00e7\u00e3os geomec\u00e2nica dos maci\u00e7os baseada no sistema RMR (rock mass rating) de Bieniawisk, para se determinar a estabilidade dos mesmos e as condi\u00e7\u00f5es de suas descontinuidades, que desempenham um importante papel no comportamento de maci\u00e7os rochosos. Por fim, juntamente com os resultados, s\u00e3o apresentadas uma s\u00e9rie de sugest\u00f5es para se racionalizar a lavra de materiais rochosos na \u00e1rea, minimizando as perdas na produ\u00e7\u00e3o e o impacto ambiental em toda regi\u00e3o.<\/p>\n<p style=\"text-align: right\"><a href=\"http:\/\/uenf.br\/posgraduacao\/engenharia-civil\/wp-content\/uploads\/sites\/3\/2015\/09\/GUILHERME-SOLDATI-FERREIRA.pdf\">Download aqui.<\/a><\/p>\n","protected":false},"excerpt":{"rendered":"<p>Resumo O Munic\u00edpio de Santo Ant\u00f4nio de P\u00e1dua do Estado do Rio de Janeiro possui um n\u00famero expressivo de ind\u00fatrias&#8230;<\/p>\n","protected":false},"author":8,"featured_media":0,"parent":0,"menu_order":0,"comment_status":"closed","ping_status":"closed","template":"","meta":{"footnotes":""},"class_list":["post-1236","page","type-page","status-publish","hentry"],"_links":{"self":[{"href":"https:\/\/uenf.br\/posgraduacao\/engenharia-civil\/wp-json\/wp\/v2\/pages\/1236","targetHints":{"allow":["GET"]}}],"collection":[{"href":"https:\/\/uenf.br\/posgraduacao\/engenharia-civil\/wp-json\/wp\/v2\/pages"}],"about":[{"href":"https:\/\/uenf.br\/posgraduacao\/engenharia-civil\/wp-json\/wp\/v2\/types\/page"}],"author":[{"embeddable":true,"href":"https:\/\/uenf.br\/posgraduacao\/engenharia-civil\/wp-json\/wp\/v2\/users\/8"}],"replies":[{"embeddable":true,"href":"https:\/\/uenf.br\/posgraduacao\/engenharia-civil\/wp-json\/wp\/v2\/comments?post=1236"}],"version-history":[{"count":0,"href":"https:\/\/uenf.br\/posgraduacao\/engenharia-civil\/wp-json\/wp\/v2\/pages\/1236\/revisions"}],"wp:attachment":[{"href":"https:\/\/uenf.br\/posgraduacao\/engenharia-civil\/wp-json\/wp\/v2\/media?parent=1236"}],"curies":[{"name":"wp","href":"https:\/\/api.w.org\/{rel}","templated":true}]}}