{"id":132,"date":"2015-09-04T13:06:28","date_gmt":"2015-09-04T13:06:28","guid":{"rendered":"http:\/\/uenf.br\/posgraduacao\/engenharia-civil\/?page_id=132"},"modified":"2025-07-11T03:01:37","modified_gmt":"2025-07-11T03:01:37","slug":"prof-guilherme-chagas-cordeiro","status":"publish","type":"page","link":"https:\/\/uenf.br\/posgraduacao\/engenharia-civil\/corpo-docente-2\/prof-guilherme-chagas-cordeiro\/","title":{"rendered":"Prof. Guilherme Chagas Cordeiro"},"content":{"rendered":"<p><a href=\"https:\/\/uenf.br\/posgraduacao\/engenharia-civil\/wp-content\/uploads\/sites\/3\/2025\/06\/GCC5.jpg\"><img loading=\"lazy\" decoding=\"async\" class=\"alignnone wp-image-3780\" src=\"https:\/\/uenf.br\/posgraduacao\/engenharia-civil\/wp-content\/uploads\/sites\/3\/2025\/06\/GCC5-300x300.jpg\" alt=\"\" width=\"218\" height=\"218\" srcset=\"https:\/\/uenf.br\/posgraduacao\/engenharia-civil\/wp-content\/uploads\/sites\/3\/2025\/06\/GCC5-300x300.jpg 300w, https:\/\/uenf.br\/posgraduacao\/engenharia-civil\/wp-content\/uploads\/sites\/3\/2025\/06\/GCC5-150x150.jpg 150w, https:\/\/uenf.br\/posgraduacao\/engenharia-civil\/wp-content\/uploads\/sites\/3\/2025\/06\/GCC5-600x600.jpg 600w, https:\/\/uenf.br\/posgraduacao\/engenharia-civil\/wp-content\/uploads\/sites\/3\/2025\/06\/GCC5.jpg 694w\" sizes=\"auto, (max-width: 218px) 100vw, 218px\" \/><\/a><a href=\"https:\/\/uenf.br\/posgraduacao\/engenharia-civil\/wp-content\/uploads\/sites\/3\/2020\/03\/ORCID_gcc_QRCode.png\"><img loading=\"lazy\" decoding=\"async\" class=\"alignnone wp-image-2747\" src=\"https:\/\/uenf.br\/posgraduacao\/engenharia-civil\/wp-content\/uploads\/sites\/3\/2020\/03\/ORCID_gcc_QRCode-300x300.png\" alt=\"\" width=\"183\" height=\"183\" srcset=\"https:\/\/uenf.br\/posgraduacao\/engenharia-civil\/wp-content\/uploads\/sites\/3\/2020\/03\/ORCID_gcc_QRCode-300x300.png 300w, https:\/\/uenf.br\/posgraduacao\/engenharia-civil\/wp-content\/uploads\/sites\/3\/2020\/03\/ORCID_gcc_QRCode-150x150.png 150w, https:\/\/uenf.br\/posgraduacao\/engenharia-civil\/wp-content\/uploads\/sites\/3\/2020\/03\/ORCID_gcc_QRCode-400x400.png 400w, https:\/\/uenf.br\/posgraduacao\/engenharia-civil\/wp-content\/uploads\/sites\/3\/2020\/03\/ORCID_gcc_QRCode-144x144.png 144w, https:\/\/uenf.br\/posgraduacao\/engenharia-civil\/wp-content\/uploads\/sites\/3\/2020\/03\/ORCID_gcc_QRCode.png 500w\" sizes=\"auto, (max-width: 183px) 100vw, 183px\" \/><\/a><strong>E-mail: <\/strong><a href=\"mailto:gcc@uenf.br\">gcc@uenf.br<\/a><\/p>\n<p align=\"justify\"><strong>Ramal:<\/strong> 273<strong>97373<\/strong><\/p>\n<p align=\"justify\"><strong>ReseacherID<\/strong>: <a href=\"http:\/\/www.researcherid.com\/rid\/G-2633-2012\"><span style=\"color: #000080\">G-2633-2012<\/span><\/a><\/p>\n<p align=\"justify\"><strong>Fator H = 28 Scopus<\/strong> (3178 cita\u00e7\u00f5es, 01\/05\/2025)<\/p>\n<p align=\"justify\"><strong>\u00c1rea de Atua\u00e7\u00e3o:<br \/>\n<\/strong>&#8211; Materiais pozol\u00e2nicos;<br \/>\n&#8211; Materiais de constru\u00e7\u00e3o;<br \/>\n&#8211; Concreto para desenvolvimento sustent\u00e1vel;<br \/>\n&#8211; Produ\u00e7\u00e3o e caracteriza\u00e7\u00e3o de materiais ciment\u00edcios.<\/p>\n<p align=\"justify\"><span style=\"color: #ffffff\">.<\/span><span style=\"color: #ffffff\">.<\/span><\/p>\n<p align=\"justify\"><span style=\"color: #000080\"><strong>Cinco publica\u00e7\u00f5es mais relevantes:<\/strong><\/span><\/p>\n<ul>\n<li>ALMEIDA, R. P. A.; <strong>CORDEIRO, G. C.<\/strong> Sustainable approach to simultaneously improve the pozzolanic activity of sugarcane bagasse ash and the vinasse fertilization potential. <strong><em>Cleaner Engineering and Technology<\/em><\/strong> 13 (<strong>2023<\/strong>) 100617. <span style=\"color: #ff0000\"><a style=\"color: #ff0000\" href=\"https:\/\/uenf.br\/posgraduacao\/engenharia-civil\/wp-content\/uploads\/sites\/3\/2023\/04\/1-s2.0-S2666790823000228-main.pdf\">doi&gt;<\/a><\/span><\/li>\n<li>DE SIQUEIRA, A. A.; <strong>CORDEIRO, G. C.<\/strong> Properties of binary and ternary mixes of cement, sugarcane bagasse ash and limestone. <em><strong>Construction and Building Materials<\/strong><\/em> 317 (<strong>2022<\/strong>) 126150. <a href=\"https:\/\/doi.org\/10.1016\/j.conbuildmat.2021.126150\"><span style=\"color: #ff0000\">doi&gt;<\/span><\/a><\/li>\n<li><strong>CORDEIRO, G. C.<\/strong>; KURTIS, K. E. Effect of mechanical processing on sugar cane bagasse ash pozzolanicity. <strong><em>Cement and Concrete Research<\/em><\/strong> 97 (<strong>2017<\/strong>) 41-49. <a href=\"https:\/\/www.sciencedirect.com\/science\/article\/pii\/S0008884616310122?via%3Dihub\"><span style=\"color: #ff0000\">doi&gt;<\/span><\/a><\/li>\n<li><strong>CORDEIRO, G. C.<\/strong>; TAVARES, L. M.; TOLEDO FILHO, R. D. Improved pozzolanic activity of sugar cane bagasse ash by selective grinding and classification. <strong><em>Cement and Concrete Research<\/em><\/strong> 89 (<strong>2016<\/strong>) 269-275. <a href=\"https:\/\/www.sciencedirect.com\/science\/article\/pii\/S0008884616302587?via%3Dihub\"><span style=\"color: #ff0000\">doi&gt;<\/span><\/a><\/li>\n<li><strong>CORDEIRO, G. C.<\/strong>; TOLEDO FILHO, R. D.; TAVARES, L. M.; FAIRBAIRN, E. M. R. Pozzolanic activity and filler effect of sugar cane bagasse ash in Portland cement and lime mortars. <strong><em>Cement &amp; Concrete Composites<\/em><\/strong> 30 (<strong>2008<\/strong>) 410-418.<strong>\u00a0<\/strong><a href=\"https:\/\/www.sciencedirect.com\/science\/article\/pii\/S0958946508000036?via%3Dihub\"><span style=\"color: #ff0000\">doi&gt;<\/span><\/a><\/li>\n<\/ul>\n<p align=\"justify\"><strong><span style=\"color: #000080\"><a style=\"color: #000080\" href=\"http:\/\/lattes.cnpq.br\/1232417356351146\" target=\"_blank\" rel=\"noopener noreferrer\">Curr\u00edculo Lattes<\/a><\/span><\/strong><\/p>\n<p><\/p>","protected":false},"excerpt":{"rendered":"<p>E-mail: gcc@uenf.br Ramal: 27397373 ReseacherID: G-2633-2012 Fator H = 28 Scopus (3178 cita\u00e7\u00f5es, 01\/05\/2025) \u00c1rea de Atua\u00e7\u00e3o: &#8211; Materiais pozol\u00e2nicos;&#8230;<\/p>\n","protected":false},"author":8,"featured_media":0,"parent":103,"menu_order":1,"comment_status":"closed","ping_status":"closed","template":"","meta":{"footnotes":""},"class_list":["post-132","page","type-page","status-publish","hentry"],"_links":{"self":[{"href":"https:\/\/uenf.br\/posgraduacao\/engenharia-civil\/wp-json\/wp\/v2\/pages\/132","targetHints":{"allow":["GET"]}}],"collection":[{"href":"https:\/\/uenf.br\/posgraduacao\/engenharia-civil\/wp-json\/wp\/v2\/pages"}],"about":[{"href":"https:\/\/uenf.br\/posgraduacao\/engenharia-civil\/wp-json\/wp\/v2\/types\/page"}],"author":[{"embeddable":true,"href":"https:\/\/uenf.br\/posgraduacao\/engenharia-civil\/wp-json\/wp\/v2\/users\/8"}],"replies":[{"embeddable":true,"href":"https:\/\/uenf.br\/posgraduacao\/engenharia-civil\/wp-json\/wp\/v2\/comments?post=132"}],"version-history":[{"count":0,"href":"https:\/\/uenf.br\/posgraduacao\/engenharia-civil\/wp-json\/wp\/v2\/pages\/132\/revisions"}],"up":[{"embeddable":true,"href":"https:\/\/uenf.br\/posgraduacao\/engenharia-civil\/wp-json\/wp\/v2\/pages\/103"}],"wp:attachment":[{"href":"https:\/\/uenf.br\/posgraduacao\/engenharia-civil\/wp-json\/wp\/v2\/media?parent=132"}],"curies":[{"name":"wp","href":"https:\/\/api.w.org\/{rel}","templated":true}]}}