{"id":1482,"date":"2016-12-23T08:52:11","date_gmt":"2016-12-23T08:52:11","guid":{"rendered":"http:\/\/uenf.br\/posgraduacao\/engenharia-civil\/?page_id=1482"},"modified":"2021-02-26T20:14:24","modified_gmt":"2021-02-26T20:14:24","slug":"propriedades-fisico-quimicas-do-concreto-fresco","status":"publish","type":"page","link":"https:\/\/uenf.br\/posgraduacao\/engenharia-civil\/propriedades-fisico-quimicas-do-concreto-fresco\/","title":{"rendered":"Propriedades F\u00edsicas e Qu\u00edmicas de Materiais Ciment\u00edcios"},"content":{"rendered":"<p>Ao concluir o curso, o aluno de p\u00f3s-gradua\u00e7\u00e3o deve ser capaz de entender os diversos fen\u00f4menos f\u00edsicos e qu\u00edmicos envolvidos no preparo e uso de materiais \u00e0 base de cimento Portland.<\/p>\n<p>&nbsp;<\/p>\n<p>Download aqui:\u00a0<a href=\"https:\/\/uenf.br\/posgraduacao\/engenharia-civil\/wp-content\/uploads\/sites\/3\/2021\/02\/Ementa_nova.pdf\">Propriedades F\u00edsicas e Qu\u00edmicas de Materiais Ciment\u00edcios<\/a><\/p>","protected":false},"excerpt":{"rendered":"<p>Ao concluir o curso, o aluno de p\u00f3s-gradua\u00e7\u00e3o deve ser capaz de entender os diversos fen\u00f4menos f\u00edsicos e qu\u00edmicos envolvidos&#8230;<\/p>\n","protected":false},"author":7,"featured_media":0,"parent":0,"menu_order":0,"comment_status":"closed","ping_status":"closed","template":"","meta":{"footnotes":""},"class_list":["post-1482","page","type-page","status-publish","hentry"],"_links":{"self":[{"href":"https:\/\/uenf.br\/posgraduacao\/engenharia-civil\/wp-json\/wp\/v2\/pages\/1482","targetHints":{"allow":["GET"]}}],"collection":[{"href":"https:\/\/uenf.br\/posgraduacao\/engenharia-civil\/wp-json\/wp\/v2\/pages"}],"about":[{"href":"https:\/\/uenf.br\/posgraduacao\/engenharia-civil\/wp-json\/wp\/v2\/types\/page"}],"author":[{"embeddable":true,"href":"https:\/\/uenf.br\/posgraduacao\/engenharia-civil\/wp-json\/wp\/v2\/users\/7"}],"replies":[{"embeddable":true,"href":"https:\/\/uenf.br\/posgraduacao\/engenharia-civil\/wp-json\/wp\/v2\/comments?post=1482"}],"version-history":[{"count":0,"href":"https:\/\/uenf.br\/posgraduacao\/engenharia-civil\/wp-json\/wp\/v2\/pages\/1482\/revisions"}],"wp:attachment":[{"href":"https:\/\/uenf.br\/posgraduacao\/engenharia-civil\/wp-json\/wp\/v2\/media?parent=1482"}],"curies":[{"name":"wp","href":"https:\/\/api.w.org\/{rel}","templated":true}]}}